-- Table structure for table `wpqh_wc_admin_notes`
--

CREATE TABLE `wpqh_wc_admin_notes` (
  `note_id` bigint(20) unsigned NOT NULL AUTO_INCREMENT,
  `name` varchar(255) NOT NULL,
  `type` varchar(20) NOT NULL,
  `locale` varchar(20) NOT NULL,
  `title` longtext NOT NULL,
  `content` longtext NOT NULL,
  `content_data` longtext DEFAULT NULL,
  `status` varchar(200) NOT NULL,
  `source` varchar(200) NOT NULL,
  `date_created` datetime NOT NULL DEFAULT '0000-00-00 00:00:00',
  `date_reminder` datetime DEFAULT NULL,
  `is_snoozable` tinyint(1) NOT NULL DEFAULT 0,
  `layout` varchar(20) NOT NULL DEFAULT '',
  `image` varchar(200) DEFAULT NULL,
  `is_deleted` tinyint(1) NOT NULL DEFAULT 0,
  `is_read` tinyint(1) NOT NULL DEFAULT 0,
  `icon` varchar(200) NOT NULL DEFAULT 'info',
  PRIMARY KEY (`note_id`)
) ENGINE=MyISAM  DEFAULT CHARSET=utf8mb4 COLLATE=utf8mb4_unicode_520_ci;

--
-- Dumping data for table `wpqh_wc_admin_notes`
--

INSERT INTO `wpqh_wc_admin_notes` VALUES
(1, 'wc-refund-returns-page', 'info', 'en_US', 'Setup a Refund and Returns Policy page to boost your store''s credibility.', 'We have created a sample draft Refund and Returns Policy page for you. Please have a look and update it to fit your store.', '{}', 'unactioned', 'woocommerce-core', '2024-03-13 20:43:28', NULL, 0, 'plain', '', 0, 0, 'info'),
(2, 'wayflyer_bnpl_q4_2021', 'marketing', 'en_US', 'Grow your business with funding through Wayflyer', 'Fast, flexible financing to boost cash flow and help your business grow – one fee, no interest rates, penalties, equity, or personal guarantees. Based on your store’s performance, Wayflyer provides funding and analytical insights to invest in your business.', '{}', 'pending', 'woocommerce.com', '2024-03-13 20:43:29', NULL, 0, 'plain', '', 0, 0, 'info'),
(3, 'wc_shipping_mobile_app_usps_q4_2021', 'marketing', 'en_US', 'Print and manage your shipping labels with WooCommerce Shipping and the WooCommerce Mobile App', 'Save time by printing, purchasing, refunding, and tracking shipping labels generated by <a href="https://woo.com/woocommerce-shipping/">WooCommerce Shipping</a> – all directly from your mobile device!', '{}', 'pending', 'woocommerce.com', '2024-03-13 20:43:29', NULL, 0, 'plain', '', 0, 0, 'info'),
(4, 'woocommerce-services', 'info', 'en_US', 'WooCommerce Shipping & Tax', 'WooCommerce Shipping &amp; Tax helps get your store "ready to sell" as quickly as possible. You create your products. We take care of tax calculation, payment processing, and shipping label printing! Learn more about the extension that you just installed.', '{}', 'pending', 'woocommerce.com', '2024-03-13 20:43:29', NULL, 0, 'plain', '', 0, 0, 'info'),
(5, 'your-first-product', 'info', 'en_US', 'Your first product', 'That’s huge! You’re well on your way to building a successful online store — now it’s time to think about how you’ll fulfill your orders.<br /><br />Read our shipping guide to learn best practices and options for putting together your shipping strategy. And for WooCommerce stores in the United States, you can print discounted shipping labels via USPS with <a href="https://href.li/?https://woo.com/shipping" target="_blank">WooCommerce Shipping</a>.', '{}', 'pending', 'woocommerce.com', '2024-03-13 20:43:29', NULL, 0, 'plain', '', 0, 0, 'info'),
(6, 'wc-admin-optimizing-the-checkout-flow', 'info', 'en_US', 'Optimizing the checkout flow', 'It’s crucial to get your store’s checkout as smooth as possible to avoid losing sales. Let’s take a look at how you can optimize the checkout experience for your shoppers.', '{}', 'pending', 'woocommerce.com', '2024-03-13 20:43:29', NULL, 0, 'plain', '', 0, 0, 'info'),
(7, 'wc-payments-qualitative-feedback', 'info', 'en_US', 'WooCommerce Payments setup - let us know what you think', 'Congrats on enabling WooCommerce Payments for your store. Please share your feedback in this 2 minute survey to help us improve the setup process.', '{}', 'pending', 'woocommerce.com', '2024-03-13 20:43:29', NULL, 0, 'plain', '', 0, 0, 'info'),
(8, 'share-your-feedback-on-paypal', 'info', 'en_US', 'Share your feedback on PayPal', 'Share your feedback in this 2 minute survey about how we can make the process of accepting payments more useful for your store.', '{}', 'pending', 'woocommerce.com', '2024-03-13 20:43:29', NULL, 0, 'plain', '', 0, 0, 'info'),
(9, 'google_listings_and_ads_install', 'marketing', 'en_US', 'Drive traffic and sales with Google', 'Reach online shoppers to drive traffic and sales for your store by showcasing products across Google, for free or with ads.', '{}', 'pending', 'woocommerce.com', '2024-03-13 20:43:29', NULL, 0, 'plain', '', 0, 0, 'info'),
(10, 'wc-subscriptions-security-update-3-0-15', 'info', 'en_US', 'WooCommerce Subscriptions security update!', 'We recently released an important security update to WooCommerce Subscriptions. To ensure your site’s data is protected, please upgrade <strong>WooCommerce Subscriptions to version 3.0.15</strong> or later.<br /><br />Click the button below to view and update to the latest Subscriptions version, or log in to <a href="https://woo.com/my-dashboard">WooCommerce.com Dashboard</a> and navigate to your <strong>Downloads</strong> page.<br /><br />We recommend always using the latest version of WooCommerce Subscriptions, and other software running on your site, to ensure maximum security.<br /><br />If you have any questions we are here to help — just <a href="https://woo.com/my-account/create-a-ticket/">open a ticket</a>.', '{}', 'pending', 'woocommerce.com', '2024-03-13 20:43:29', NULL, 0, 'plain', '', 0, 0, 'info'),
(11, 'woocommerce-core-update-5-4-0', 'info', 'en_US', 'Update to WooCommerce 5.4.1 now', 'WooCommerce 5.4.1 addresses a checkout issue discovered in WooCommerce 5.4. We recommend upgrading to WooCommerce 5.4.1 as soon as possible.', '{}', 'pending', 'woocommerce.com', '2024-03-13 20:43:29', NULL, 0, 'plain', '', 0, 0, 'info'),
(12, 'wcpay-promo-2020-11', 'marketing', 'en_US', 'wcpay-promo-2020-11', 'wcpay-promo-2020-11', '{}', 'pending', 'woocommerce.com', '2024-03-13 20:43:29', NULL, 0, 'plain', '', 0, 0, 'info'),
(13, 'wcpay-promo-2020-12', 'marketing', 'en_US', 'wcpay-promo-2020-12', 'wcpay-promo-2020-12', '{}', 'pending', 'woocommerce.com', '2024-03-13 20:43:29', NULL, 0, 'plain', '', 0, 0, 'info'),
(14, 'ppxo-pps-upgrade-paypal-payments-1', 'info', 'en_US', 'Get the latest PayPal extension for WooCommerce', 'Heads up! There’s a new PayPal on the block!<br /><br />Now is a great time to upgrade to our latest <a href="https://woo.com/products/woocommerce-paypal-payments/" target="_blank">PayPal extension</a> to continue to receive support and updates with PayPal.<br /><br />Get access to a full suite of PayPal payment methods, extensive currency and country coverage, and pay later options with the all-new PayPal extension for WooCommerce.', '{}', 'pending', 'woocommerce.com', '2024-03-13 20:43:29', NULL, 0, 'plain', '', 0, 0, 'info'),
(15, 'ppxo-pps-upgrade-paypal-payments-2', 'info', 'en_US', 'Upgrade your PayPal experience!', 'Get access to a full suite of PayPal payment methods, extensive currency and country coverage, offer subscription and recurring payments, and the new PayPal pay later options.<br /><br />Start using our <a href="https://woo.com/products/woocommerce-paypal-payments/" target="_blank">latest PayPal today</a> to continue to receive support and updates.', '{}', 'pending', 'woocommerce.com', '2024-03-13 20:43:29', NULL, 0, 'plain', '', 0, 0, 'info'),
(16, 'woocommerce-core-sqli-july-2021-need-to-update', 'update', 'en_US', 'Action required: Critical vulnerabilities in WooCommerce', 'In response to a critical vulnerability identified on July 13, 2021, we are working with the WordPress Plugins Team to deploy software updates to stores running WooCommerce (versions 3.3 to 5.5) and the WooCommerce Blocks feature plugin (versions 2.5 to 5.5).<br /><br />Our investigation into this vulnerability is ongoing, but <strong>we wanted to let you know now about the importance of updating immediately</strong>.<br /><br />For more information on which actions you should take, as well as answers to FAQs, please urgently review our blog post detailing this issue.', '{}', 'pending', 'woocommerce.com', '2024-03-13 20:43:29', NULL, 0, 'plain', '', 0, 0, 'info'),
(17, 'woocommerce-blocks-sqli-july-2021-need-to-update', 'update', 'en_US', 'Action required: Critical vulnerabilities in WooCommerce Blocks', 'In response to a critical vulnerability identified on July 13, 2021, we are working with the WordPress Plugins Team to deploy software updates to stores running WooCommerce (versions 3.3 to 5.5) and the WooCommerce Blocks feature plugin (versions 2.5 to 5.5).<br /><br />Our investigation into this vulnerability is ongoing, but <strong>we wanted to let you know now about the importance of updating immediately</strong>.<br /><br />For more information on which actions you should take, as well as answers to FAQs, please urgently review our blog post detailing this issue.', '{}', 'pending', 'woocommerce.com', '2024-03-13 20:43:29', NULL, 0, 'plain', '', 0, 0, 'info'),
(18, 'woocommerce-core-sqli-july-2021-store-patched', 'update', 'en_US', 'Solved: Critical vulnerabilities patched in WooCommerce', 'In response to a critical vulnerability identified on July 13, 2021, we worked with the WordPress Plugins Team to deploy software updates to stores running WooCommerce (versions 3.3 to 5.5) and the WooCommerce Blocks feature plugin (versions 2.5 to 5.5).<br /><br /><strong>Your store has been updated to the latest secure version(s)</strong>. For more information and answers to FAQs, please review our blog post detailing this issue.', '{}', 'pending', 'woocommerce.com', '2024-03-13 20:43:29', NULL, 0, 'plain', '', 0, 0, 'info'),
(19, 'woocommerce-blocks-sqli-july-2021-store-patched', 'update', 'en_US', 'Solved: Critical vulnerabilities patched in WooCommerce Blocks', 'In response to a critical vulnerability identified on July 13, 2021, we worked with the WordPress Plugins Team to deploy software updates to stores running WooCommerce (versions 3.3 to 5.5) and the WooCommerce Blocks feature plugin (versions 2.5 to 5.5).<br /><br /><strong>Your store has been updated to the latest secure version(s)</strong>. For more information and answers to FAQs, please review our blog post detailing this issue.', '{}', 'pending', 'woocommerce.com', '2024-03-13 20:43:29', NULL, 0, 'plain', '', 0, 0, 'info'),
(20, 'habit-moment-survey', 'marketing', 'en_US', 'We’re all ears! Share your experience so far with WooCommerce', 'We’d love your input to shape the future of WooCommerce together. Feel free to share any feedback, ideas or suggestions that you have.', '{}', 'pending', 'woocommerce.com', '2024-03-13 20:43:29', NULL, 0, 'plain', '', 0, 0, 'info'),
(21, 'woocommerce-core-paypal-march-2022-updated', 'update', 'en_US', 'Security auto-update of WooCommerce', '<strong>Your store has been updated to the latest secure version of WooCommerce</strong>. We worked with WordPress to deploy PayPal Standard security updates for stores running WooCommerce (version 3.5 to 6.3). It’s recommended to disable PayPal Standard, and use <a href="https://woo.com/products/woocommerce-paypal-payments/" target="_blank">PayPal Payments</a> to accept PayPal.', '{}', 'pending', 'woocommerce.com', '2024-03-13 20:43:29', NULL, 0, 'plain', '', 0, 0, 'info'),
(22, 'woocommerce-core-paypal-march-2022-updated-nopp', 'update', 'en_US', 'Security auto-update of WooCommerce', '<strong>Your store has been updated to the latest secure version of WooCommerce</strong>. We worked with WordPress to deploy security updates related to PayPal Standard payment gateway for stores running WooCommerce (version 3.5 to 6.3).', '{}', 'pending', 'woocommerce.com', '2024-03-13 20:43:29', NULL, 0, 'plain', '', 0, 0, 'info'),
(23, 'pinterest_03_2022_update', 'marketing', 'en_US', 'Your Pinterest for WooCommerce plugin is out of date!', 'Update to the latest version of Pinterest for WooCommerce to continue using this plugin and keep your store connected with Pinterest. To update, visit <strong>Plugins &gt; Installed Plugins</strong>, and click on “update now” under Pinterest for WooCommerce.', '{}', 'pending', 'woocommerce.com', '2024-03-13 20:43:29', NULL, 0, 'plain', '', 0, 0, 'info'),
(24, 'store_setup_survey_survey_q2_2022', 'survey', 'en_US', 'How is your store setup going?', 'Our goal is to make sure you have all the right tools to start setting up your store in the smoothest way possible.\r\nWe’d love to know if we hit our mark and how we can improve. To collect your thoughts, we made a 2-minute survey.', '{}', 'pending', 'woocommerce.com', '2024-03-13 20:43:29', NULL, 0, 'plain', '', 0, 0, 'info'),
(25, 'needs-update-eway-payment-gateway-rin-2022-12-20', 'update', 'en_US', 'Security vulnerability patched in WooCommerce Eway Gateway', 'In response to a potential vulnerability identified in WooCommerce Eway Gateway versions 3.1.0 to 3.5.0, we’ve worked to deploy security fixes and have released an updated version.\r\nNo external exploits have been detected, but we recommend you update to your latest supported version 3.1.26, 3.2.3, 3.3.1, 3.4.6, or 3.5.1', '{}', 'pending', 'woocommerce.com', '2024-03-13 20:43:29', NULL, 0, 'plain', '', 0, 0, 'info'),
(26, 'updated-eway-payment-gateway-rin-2022-12-20', 'update', 'en_US', 'WooCommerce Eway Gateway has been automatically updated', 'Your store is now running the latest secure version of WooCommerce Eway Gateway. We worked with the WordPress Plugins team to deploy a software update to stores running WooCommerce Eway Gateway (versions 3.1.0 to 3.5.0) in response to a security vulnerability that was discovered.', '{}', 'pending', 'woocommerce.com', '2024-03-13 20:43:29', NULL, 0, 'plain', '', 0, 0, 'info'),
(27, 'ecomm-wc-navigation-survey-2023', 'info', 'en_US', 'Navigating WooCommerce on WordPress.com', 'We are improving the WooCommerce navigation on WordPress.com and would love your help to make it better! Please share your experience with us in this 2-minute survey.', '{}', 'pending', 'woocommerce.com', '2024-03-13 20:43:29', NULL, 0, 'plain', '', 0, 0, 'info'),
(28, 'woopay-beta-merchantrecruitment-04MAY23', 'info', 'en_US', 'Increase conversions with WooPay — our fastest checkout yet', 'WooPay, a new express checkout feature built into WooCommerce Payments, is now available —and we’re inviting you to be one of the first to try it. \r\n<br><br>\r\nBoost conversions by offering your customers a simple, secure way to pay with a single click.\r\n<br><br>\r\nGet started in seconds.', '{}', 'pending', 'woocommerce.com', '2024-03-13 20:43:29', NULL, 0, 'plain', '', 0, 0, 'info'),
(29, 'woocommerce-wcpay-march-2023-update-needed', 'update', 'en_US', 'Action required: Security update for WooCommerce Payments', '<strong>Your store requires a security update for WooCommerce Payments</strong>. Please update to the latest version of WooCommerce Payments immediately to address a potential vulnerability discovered on March 22. For more information on how to update, visit this WooCommerce Developer Blog Post.', '{}', 'pending', 'woocommerce.com', '2024-03-13 20:43:29', NULL, 0, 'plain', '', 0, 0, 'info'),
(30, 'tap_to_pay_iphone_q2_2023_no_wcpay', 'marketing', 'en_US', 'Accept in-person contactless payments on your iPhone', 'Tap to Pay on iPhone and WooCommerce Payments is quick, secure, and simple to set up — no extra terminals or card readers are needed. Accept contactless debit and credit cards, Apple Pay, and other NFC digital wallets in person.', '{}', 'pending', 'woocommerce.com', '2024-03-13 20:43:29', NULL, 0, 'plain', '', 0, 0, 'info'),
(31, 'woocommerce-WCPreOrders-april-2023-update-needed', 'update', 'en_US', 'Action required: Security update of WooCommerce Pre-Orders extension', '<strong>Your store requires a security update for the WooCommerce Pre-Orders extension</strong>. Please update the WooCommerce Pre-Orders extension immediately to address a potential vulnerability discovered on April 11.', '{}', 'pending', 'woocommerce.com', '2024-03-13 20:43:29', NULL, 0, 'plain', '', 0, 0, 'info'),
(32, 'woopay-beta-merchantrecruitment-update-04MAY23', 'info', 'en_US', 'Increase conversions with WooPay — our fastest checkout yet', 'WooPay, a new express checkout feature built into WooCommerce Payments, is now available — and you’re invited to try it. \r\n<br /><br />\r\nBoost conversions by offering your customers a simple, secure way to pay with a single click.\r\n<br /><br />\r\nUpdate WooCommerce Payments to get started.', '{}', 'pending', 'woocommerce.com', '2024-03-13 20:43:29', NULL, 0, 'plain', '', 0, 0, 'info'),
(33, 'woopay-beta-existingmerchants-noaction-27APR23', 'info', 'en_US', 'WooPay is back!', 'Thanks for previously trying WooPay, the express checkout feature built into WooCommerce Payments. We’re excited to announce that WooPay availability has resumed. No action is required on your part.\r\n<br /><br />\r\nYou can now continue boosting conversions by offering your customers a simple, secure way to pay with a single click.', '{}', 'pending', 'woocommerce.com', '2024-03-13 20:43:29', NULL, 0, 'plain', '', 0, 0, 'info'),
(34, 'woopay-beta-existingmerchants-update-27APR23', 'info', 'en_US', 'WooPay is back!', 'Thanks for previously trying WooPay, the express checkout feature built into WooCommerce Payments. We’re excited to announce that WooPay availability has resumed.\r\n<br /><br />\r\n\r\nUpdate to the latest WooCommerce Payments version to continue boosting conversions by offering your customers a simple, secure way to pay with a single click.', '{}', 'pending', 'woocommerce.com', '2024-03-13 20:43:29', NULL, 0, 'plain', '', 0, 0, 'info'),
(35, 'woopay-beta-merchantrecruitment-short-04MAY23', 'info', 'en_US', 'Increase conversions with WooPay — our fastest checkout yet', 'Be one of the first to try WooPay, a new express checkout feature for WooCommerce Payments. \r\n<br><br>\r\nBoost conversions by letting customers pay with a single click.', '{}', 'pending', 'woocommerce.com', '2024-03-13 20:43:29', NULL, 0, 'plain', '', 0, 0, 'info'),
(36, 'woopay-beta-merchantrecruitment-short-update-04MAY23', 'info', 'en_US', 'Increase conversions with WooPay — our fastest checkout yet', 'Be one of the first to try WooPay, our new express checkout feature. <br>Boost conversions by letting customers pay with a single click. <br><br>Update to the latest version of WooCommerce Payments to get started.', '{}', 'pending', 'woocommerce.com', '2024-03-13 20:43:29', NULL, 0, 'plain', '', 0, 0, 'info'),
(37, 'woopay-beta-merchantrecruitment-short-06MAY23-TESTA', 'info', 'en_US', 'Increase conversions with WooPay — our fastest checkout yet', 'Be one of the first to try WooPay, a new express checkout feature for WooCommerce Payments. \r\n<br><br>\r\nBoost conversions by letting customers pay with a single click.', '{}', 'pending', 'woocommerce.com', '2024-03-13 20:43:29', NULL, 0, 'plain', '', 0, 0, 'info'),
(38, 'woopay-beta-merchantrecruitment-short-06MAY23-TESTB', 'info', 'en_US', 'Increase conversions with WooPay — our fastest checkout yet', 'Be one of the first to try WooPay, a new express checkout feature for WooCommerce Payments. \r\n<br><br>\r\nBoost conversions by letting customers pay with a single click.', '{}', 'pending', 'woocommerce.com', '2024-03-13 20:43:29', NULL, 0, 'plain', '', 0, 0, 'info'),
(39, 'woopay-beta-merchantrecruitment-short-06MAY23-TESTC', 'info', 'en_US', 'Increase conversions with WooPay — our fastest checkout yet', 'Be one of the first to try WooPay, a new express checkout feature for WooCommerce Payments. \r\n<br><br>\r\nBoost conversions by letting customers pay with a single click.', '{}', 'pending', 'woocommerce.com', '2024-03-13 20:43:29', NULL, 0, 'plain', '', 0, 0, 'info'),
(40, 'woopay-beta-merchantrecruitment-short-06MAY23-TESTD', 'info', 'en_US', 'Increase conversions with WooPay — our fastest checkout yet', 'Be one of the first to try WooPay, a new express checkout feature for WooCommerce Payments. \r\n<br><br>\r\nBoost conversions by letting customers pay with a single click.', '{}', 'pending', 'woocommerce.com', '2024-03-13 20:43:29', NULL, 0, 'plain', '', 0, 0, 'info'),
(41, 'woopay-beta-merchantrecruitment-short-09MAY23', 'info', 'en_US', 'Increase conversions with WooPay — our fastest checkout yet', 'Be one of the first to try WooPay, a new express checkout feature for WooCommerce Payments. \r\n<br><br>\r\nBoost conversions by letting customers pay with a single click.', '{}', 'pending', 'woocommerce.com', '2024-03-13 20:43:29', NULL, 0, 'plain', '', 0, 0, 'info'),
(42, 'woopay-beta-merchantrecruitment-short-update-09MAY23', 'info', 'en_US', 'Increase conversions with WooPay — our fastest checkout yet', 'Be one of the first to try WooPay, our new express checkout feature. <br>Boost conversions by letting customers pay with a single click. <br><br>Update to the latest version of WooCommerce Payments to get started.', '{}', 'pending', 'woocommerce.com', '2024-03-13 20:43:29', NULL, 0, 'plain', '', 0, 0, 'info'),
(43, 'woocommerce-WCstripe-May-2023-updated-needed', 'update', 'en_US', 'Action required: Security update of WooCommerce Stripe plugin', '<strong>Your store requires a security update for the WooCommerce Stripe plugin</strong>. Please update the WooCommerce Stripe plugin immediately to address a potential vulnerability.', '{}', 'pending', 'woocommerce.com', '2024-03-13 20:43:29', NULL, 0, 'plain', '', 0, 0, 'info'),
(44, 'woocommerce-WCPayments-June-2023-updated-needed', 'update', 'en_US', 'Action required: Security update of WooCommerce Payments', '<strong>Your store requires a security update for the WooCommerce Payments plugin</strong>. Please update the WooCommerce Payments plugin immediately to address a potential vulnerability.', '{}', 'pending', 'woocommerce.com', '2024-03-13 20:43:29', NULL, 0, 'plain', '', 0, 0, 'info'),
(45, 'woocommerce-WCSubscriptions-June-2023-updated-needed', 'marketing', 'en_US', 'Action required: Security update of WooCommerce Subscriptions', '<strong>Your store requires a security update for the WooCommerce Subscriptions plugin</strong>. Please update the WooCommerce Subscriptions plugin immediately to address a potential vulnerability.', '{}', 'pending', 'woocommerce.com', '2024-03-13 20:43:29', NULL, 0, 'plain', '', 0, 0, 'info'),
(46, 'woocommerce-WCReturnsWarranty-June-2023-updated-needed', 'update', 'en_US', 'Action required: Security update of WooCommerce Returns and Warranty Requests extension', '<strong>Your store requires a security update for the Returns and Warranty Requests extension</strong>.  Please update to the latest version of the WooCommerce Returns and Warranty Requests extension immediately to address a potential vulnerability discovered on May 31.', '{}', 'pending', 'woocommerce.com', '2024-03-13 20:43:29', NULL, 0, 'plain', '', 0, 0, 'info'),
(47, 'woocommerce-WCOPC-June-2023-updated-needed', 'update', 'en_US', 'Action required: Security update of WooCommerce One Page Checkout', '<strong>Your shop requires a security update to address a vulnerability in the WooCommerce One Page Checkout extension</strong>. The fix for this vulnerability was released for this extension on June 13th. Please update immediately.', '{}', 'pending', 'woocommerce.com', '2024-03-13 20:43:29', NULL, 0, 'plain', '', 0, 0, 'info'),
(48, 'woocommerce-WCGC-July-2023-update-needed', 'update', 'en_US', 'Action required: Security update of WooCommerce GoCardless Extension', '<strong>Your shop requires a security update to address a vulnerability in the WooCommerce GoCardless extension</strong>. The fix for this vulnerability was released on July 4th. Please update immediately.', '{}', 'pending', 'woocommerce.com', '2024-03-13 20:43:29', NULL, 0, 'plain', '', 0, 0, 'info'),
(49, 'woocommerce-shipping-fedex-api-outage-2023-07-16', 'warning', 'en_US', 'Scheduled FedEx API outage — July 2023', 'On July 16 there will be a full outage of the FedEx API from 04:00 to 08:00 AM UTC. Due to planned maintenance by FedEx, you''ll be unable to provide FedEx shipping rates during this time. Follow the link below for more information and recommendations on how to minimize impact.', '{}', 'pending', 'woocommerce.com', '2024-03-13 20:43:29', NULL, 0, 'plain', '', 0, 0, 'info'),
(50, 'wcship-2023-07-hazmat-update-needed', 'update', 'en_US', 'Action required: USPS HAZMAT compliance update for WooCommerce Shipping & Tax extension', '<strong>Your store requires an update for the WooCommerce Shipping extension</strong>. Please update to the latest version of the WooCommerce Shipping &amp; Tax extension immediately to ensure compliance with new USPS HAZMAT rules currently in effect.', '{}', 'pending', 'woocommerce.com', '2024-03-13 20:43:29', NULL, 0, 'plain', '', 0, 0, 'info'),
(51, 'woocommerce-WCStripe-Aug-2023-update-needed', 'update', 'en_US', 'Action required: Security update for WooCommerce Stripe plugin', '<strong>Your shop requires an important security update for the  WooCommerce Stripe plugin</strong>. The fix for this vulnerability was released on July 31. Please update immediately.', '{}', 'pending', 'woocommerce.com', '2024-03-13 20:43:29', NULL, 0, 'plain', '', 0, 0, 'info'),
(52, 'woocommerce-WCStripe-Aug-2023-security-updated', 'update', 'en_US', 'Security update of WooCommerce Stripe plugin', '<strong>Your store has been updated to the latest secure version of the WooCommerce Stripe plugin</strong>. This update was released on July 31.', '{}', 'pending', 'woocommerce.com', '2024-03-13 20:43:29', NULL, 0, 'plain', '', 0, 0, 'info'),
(53, 'woocommerce-WooPayments-Aug-2023-update-needed', 'update', 'en_US', 'Action required: Security update for WooPayments (WooCommerce Payments) plugin', '<strong>Your shop requires an important security update for the WooPayments (WooCommerce Payments) extension</strong>. The fix for this vulnerability was released on July 31. Please update immediately.', '{}', 'pending', 'woocommerce.com', '2024-03-13 20:43:29', NULL, 0, 'plain', '', 0, 0, 'info'),
(54, 'woocommerce-WooPayments-Aug-2023-security-updated', 'update', 'en_US', 'Security update of WooPayments (WooCommerce Payments) plugin', '<strong>Your store has been updated to the more secure version of WooPayments (WooCommerce Payments)</strong>. This update was released on July 31.', '{}', 'pending', 'woocommerce.com', '2024-03-13 20:43:29', NULL, 0, 'plain', '', 0, 0, 'info'),
(55, 'avalara_q3-2023_noAvaTax', 'marketing', 'en_US', 'Automatically calculate VAT in real time', 'Take the effort out of determining tax rates and sell confidently across borders with automated tax management from Avalara AvaTax— including built-in VAT calculation when you sell into or across the EU and UK. Save time and stay compliant when you let Avalara do the heavy lifting.', '{}', 'pending', 'woocommerce.com', '2024-03-13 20:43:29', NULL, 0, 'plain', '', 0, 0, 'info'),
(56, 'woo-activation-survey-blockers-22AUG23', 'info', 'en_US', 'How can we help you get that first sale?', 'Your feedback is vital. Please take a minute to share your experience of setting up your new store and whether anything is preventing you from making those first few sales. Together, we can make Woo even better!', '{}', 'pending', 'woocommerce.com', '2024-03-13 20:43:29', NULL, 0, 'plain', '', 0, 0, 'info'),
(57, 'woocommerce-usermeta-Sept2023-productvendors', 'update', 'en_US', 'Your store requires a security update', '<strong>Your shop needs an update to address a vulnerability in WooCommerce.</strong> The fix was released on Sept 15. Please update WooCommerce to the latest version immediately. <a href="https://developer.woocommerce.com/2023/09/16/woocommerce-vulnerability-reintroduced-from-7-0-1/" />Read our developer update</a> for more information.', '{}', 'pending', 'woocommerce.com', '2024-03-13 20:43:29', NULL, 0, 'plain', '', 0, 0, 'info'),
(58, 'woocommerce-STRIPE-Oct-2023-update-needed', 'update', 'en_US', 'Action required: Security update for WooCommerce Stripe Gateway', '<strong>Your shop requires a security update to address a vulnerability in the WooCommerce Stripe Gateway</strong>. The fix for this vulnerability was released on October 17. Please update immediately.', '{}', 'pending', 'woocommerce.com', '2024-03-13 20:43:29', NULL, 0, 'plain', '', 0, 0, 'info'),
(59, 'amazon-mcf-reviews-2023-12-07', 'marketing', 'en_US', 'Enjoying Amazon MCF for WooCommerce?', 'We''re Never Settle, the developers behind Amazon MCF for WooCommerce, and would be deeply honored to have your review. Reviews help immensely as other users can learn how MCF can solve their needs too! Not happy or need help? Please reach out for support and we’d love to make things right!', '{}', 'pending', 'woocommerce.com', '2024-03-13 20:43:29', NULL, 0, 'plain', '', 0, 0, 'info'),
(60, 'amazon_pay_reactivate_q1-24', 'marketing', 'en_US', 'Special offer: Activate 0% promo rate for Amazon Pay', 'For a limited time, Woo merchants who register with Amazon Pay can enjoy a promotional rate of 0% on all transaction fees for 30 days. Valid for businesses based in the United Kingdom. Terms and conditions apply.', '{}', 'pending', 'woocommerce.com', '2024-03-13 20:43:29', NULL, 0, 'plain', '', 0, 0, 'info'),
(61, 'remove_estimated_deposits_2024', 'marketing', 'en_US', 'Estimated deposits are going away', 'To provide more accurate deposit information and support the expansion of instant deposits, estimated deposit details will no longer be available in WooPayments. We recommend upgrading to the latest version of WooPayments for more detailed balance status information.', '{}', 'pending', 'woocommerce.com', '2024-03-13 20:43:29', NULL, 0, 'plain', '', 0, 0, 'info'),
(62, 'wc_admin_UKpricingchange_WCPay_Q1_2024', 'marketing', 'en_US', 'Fee Changes for WooPayments in the EEA and UK', 'WooPayments fees for transactions between the EEA and UK will change as of 1st March, 2024. Transactions between the UK and EEA are now deemed by card networks to be cross-border, thus international payment fees will be applicable. This also changes base processing fees.', '{}', 'pending', 'woocommerce.com', '2024-03-13 20:43:29', NULL, 0, 'plain', '', 0, 0, 'info'),
(63, 'airwallex_q1_2024', 'marketing', 'en_US', 'Save big on foreign exchange (FX) fees', 'Boost your international sales by offering Apple Pay, Google Pay, and 60+ local payment methods with Airwallex. Save time and money by settling payments directly in USD, EUR, HKD, SGD, AUD, and more — without the extra FX fees. Simple, cost-effective, fast.', '{}', 'pending', 'woocommerce.com', '2024-03-13 20:43:29', NULL, 0, 'plain', '', 0, 0, 'info');

-- --------------------------------------------------------

--
-- Table structure for table `wpqh_wc_admin_note_actions`
--

CREATE TABLE `wpqh_wc_admin_note_actions` (
  `action_id` bigint(20) unsigned NOT NULL AUTO_INCREMENT,
  `note_id` bigint(20) unsigned NOT NULL,
  `name` varchar(255) NOT NULL,
  `label` varchar(255) NOT NULL,
  `query` longtext NOT NULL,
  `status` varchar(255) NOT NULL,
  `actioned_text` varchar(255) NOT NULL,
  `nonce_action` varchar(255) DEFAULT NULL,
  `nonce_name` varchar(255) DEFAULT NULL,
  PRIMARY KEY (`action_id`),
  KEY `note_id` (`note_id`)
) ENGINE=MyISAM  DEFAULT CHARSET=utf8mb4 COLLATE=utf8mb4_unicode_520_ci;

--
-- Dumping data for table `wpqh_wc_admin_note_actions`
--

INSERT INTO `wpqh_wc_admin_note_actions` VALUES
(1, 1, 'notify-refund-returns-page', 'Edit page', 'https://amuno.org/wp-admin/post.php?post=18&action=edit', 'actioned', '', NULL, NULL),
(4326, 2, 'wayflyer_bnpl_q4_2021', 'Level up with funding', 'https://woo.com/products/wayflyer/?utm_source=inbox_note&utm_medium=product&utm_campaign=wayflyer_bnpl_q4_2021', 'actioned', '', NULL, NULL),
(4327, 3, 'wc_shipping_mobile_app_usps_q4_2021', 'Get WooCommerce Shipping', 'https://woo.com/woocommerce-shipping/?utm_source=inbox_note&utm_medium=product&utm_campaign=wc_shipping_mobile_app_usps_q4_2021', 'actioned', '', NULL, NULL),
(4328, 4, 'learn-more', 'Learn more', 'https://docs.woocommerce.com/document/woocommerce-shipping-and-tax/?utm_source=inbox', 'unactioned', '', NULL, NULL),
(4329, 5, 'learn-more', 'Learn more', 'https://woo.com/posts/ecommerce-shipping-solutions-guide/?utm_source=inbox_note&utm_medium=product&utm_campaign=learn-more', 'actioned', '', NULL, NULL),
(4330, 6, 'optimizing-the-checkout-flow', 'Learn more', 'https://woo.com/posts/optimizing-woocommerce-checkout?utm_source=inbox_note&utm_medium=product&utm_campaign=optimizing-the-checkout-flow', 'actioned', '', NULL, NULL),
(4331, 7, 'qualitative-feedback-from-new-users', 'Share feedback', 'https://automattic.survey.fm/wc-pay-new', 'actioned', '', NULL, NULL),
(4332, 8, 'share-feedback', 'Share feedback', 'http://automattic.survey.fm/paypal-feedback', 'unactioned', '', NULL, NULL),
(4333, 9, 'get-started', 'Get started', 'https://woo.com/products/google-listings-and-ads?utm_source=inbox_note&utm_medium=product&utm_campaign=get-started', 'actioned', '', NULL, NULL),
(4334, 10, 'update-wc-subscriptions-3-0-15', 'View latest version', 'https://amuno.org/wp-admin/&page=wc-addons&section=helper', 'actioned', '', NULL, NULL),
(4335, 11, 'update-wc-core-5-4-0', 'How to update WooCommerce', 'https://docs.woocommerce.com/document/how-to-update-woocommerce/', 'actioned', '', NULL, NULL),
(4336, 14, 'ppxo-pps-install-paypal-payments-1', 'View upgrade guide', 'https://docs.woocommerce.com/document/woocommerce-paypal-payments/paypal-payments-upgrade-guide/', 'actioned', '', NULL, NULL),
(4337, 15, 'ppxo-pps-install-paypal-payments-2', 'View upgrade guide', 'https://docs.woocommerce.com/document/woocommerce-paypal-payments/paypal-payments-upgrade-guide/', 'actioned', '', NULL, NULL),
(4338, 16, 'learn-more', 'Learn more', 'https://woo.com/posts/critical-vulnerability-detected-july-2021/?utm_source=inbox_note&utm_medium=product&utm_campaign=learn-more', 'unactioned', '', NULL, NULL),
(4339, 16, 'dismiss', 'Dismiss', '', 'actioned', '', NULL, NULL),
(4340, 17, 'learn-more', 'Learn more', 'https://woo.com/posts/critical-vulnerability-detected-july-2021/?utm_source=inbox_note&utm_medium=product&utm_campaign=learn-more', 'unactioned', '', NULL, NULL),
(4341, 17, 'dismiss', 'Dismiss', '', 'actioned', '', NULL, NULL),
(4342, 18, 'learn-more', 'Learn more', 'https://woo.com/posts/critical-vulnerability-detected-july-2021/?utm_source=inbox_note&utm_medium=product&utm_campaign=learn-more', 'unactioned', '', NULL, NULL),
(4343, 18, 'dismiss', 'Dismiss', '', 'actioned', '', NULL, NULL),
(4344, 19, 'learn-more', 'Learn more', 'https://woo.com/posts/critical-vulnerability-detected-july-2021/?utm_source=inbox_note&utm_medium=product&utm_campaign=learn-more', 'unactioned', '', NULL, NULL),
(4345, 19, 'dismiss', 'Dismiss', '', 'actioned', '', NULL, NULL),
(4346, 20, 'share-feedback', 'Share feedback', 'https://automattic.survey.fm/store-management', 'unactioned', '', NULL, NULL),
(4348, 21, 'woocommerce-core-paypal-march-2022-dismiss', 'Dismiss', '', 'actioned', '', NULL, NULL),
(4347, 21, 'learn-more', 'Learn more', 'https://developer.woocommerce.com/2022/03/10/woocommerce-3-5-10-6-3-1-security-releases/', 'unactioned', '', NULL, NULL),
(4349, 22, 'learn-more', 'Learn more', 'https://developer.woocommerce.com/2022/03/10/woocommerce-3-5-10-6-3-1-security-releases/', 'unactioned', '', NULL, NULL),
(4350, 22, 'dismiss', 'Dismiss', '', 'actioned', '', NULL, NULL),
(4351, 23, 'pinterest_03_2022_update', 'Update Instructions', 'https://woo.com/document/pinterest-for-woocommerce/?utm_source=inbox_note&utm_medium=product&utm_campaign=pinterest_03_2022_update#section-3', 'actioned', '', NULL, NULL),
(4352, 24, 'store_setup_survey_survey_q2_2022_share_your_thoughts', 'Tell us how it’s going', 'https://automattic.survey.fm/store-setup-survey-2022', 'actioned', '', NULL, NULL),
(4354, 25, 'needs-update-eway-payment-gateway-rin-dismiss-button-2022-12-20', 'Dismiss', '#', 'actioned', '', NULL, NULL),
(4353, 25, 'needs-update-eway-payment-gateway-rin-action-button-2022-12-20', 'See available updates', 'https://amuno.org/wp-admin/update-core.php', 'unactioned', '', NULL, NULL),
(4356, 26, 'updated-eway-payment-gateway-rin-dismiss-button-2022-12-20', 'Dismiss', '#', 'actioned', '', NULL, NULL),
(4355, 26, 'updated-eway-payment-gateway-rin-action-button-2022-12-20', 'See all updates', 'https://amuno.org/wp-admin/update-core.php', 'unactioned', '', NULL, NULL),
(4357, 27, 'share-navigation-survey-feedback', 'Share feedback', 'https://automattic.survey.fm/new-ecommerce-plan-navigation', 'actioned', '', NULL, NULL),
(4358, 28, 'woopay-beta-merchantrecruitment-activate-04MAY23', 'Activate WooPay', 'https://amuno.org/wp-admin/admin.php?page=wc-settings&tab=checkout&section=woocommerce_payments&method=platform_checkout', 'actioned', '', NULL, NULL),
(4361, 29, 'woocommerce-wcpay-march-2023-update-needed-dismiss-button', 'Dismiss', '#', 'actioned', '', NULL, NULL),
(4360, 29, 'woocommerce-wcpay-march-2023-update-needed-button', 'See Blog Post', 'https://developer.woocommerce.com/2023/03/23/critical-vulnerability-detected-in-woocommerce-payments-what-you-need-to-know', 'unactioned', '', NULL, NULL),
(4362, 30, 'tap_to_pay_iphone_q2_2023_no_wcpay', 'Simplify my payments', 'https://woo.com/products/woocommerce-payments/?utm_source=inbox_note&utm_medium=product&utm_campaign=tap_to_pay_iphone_q2_2023_no_wcpay', 'actioned', '', NULL, NULL),
(4364, 31, 'dismiss', 'Dismiss', '#', 'actioned', '', NULL, NULL),
(4363, 31, 'extension-settings', 'See available updates', 'https://amuno.org/wp-admin/update-core.php', 'unactioned', '', NULL, NULL),
(4366, 32, 'woopay-beta-merchantrecruitment-update-activate-04MAY23', 'Activate WooPay', 'https://amuno.org/wp-admin/admin.php?page=wc-settings&tab=checkout&section=woocommerce_payments&method=platform_checkout', 'actioned', '', NULL, NULL),
(4367, 33, 'woopay-beta-existingmerchants-noaction-documentation-27APR23', 'Documentation', 'https://woo.com/document/woopay-merchant-documentation/?utm_source=inbox_note&utm_medium=product&utm_campaign=woopay-beta-existingmerchants-noaction-documentation-27APR23', 'actioned', '', NULL, NULL),
(4368, 34, 'woopay-beta-existingmerchants-update-WCPay-27APR23', 'Update WooCommerce Payments', 'https://amuno.org/wp-admin/plugins.php?plugin_status=all', 'actioned', '', NULL, NULL),
(4370, 35, 'woopay-beta-merchantrecruitment-short-activate-learnmore-04MAY23', 'Learn More', 'https://woo.com/woopay-businesses/?utm_source=inbox_note&utm_medium=product&utm_campaign=woopay-beta-merchantrecruitment-short-activate-learnmore-04MAY23', 'actioned', '', NULL, NULL),
(4371, 36, 'woopay-beta-merchantrecruitment-short-update-WCPay-04MAY23', 'Update WooCommerce Payments', 'https://amuno.org/wp-admin/plugins.php?plugin_status=all', 'unactioned', '', NULL, NULL),
(4373, 37, 'woopay-beta-merchantrecruitment-short-activate-06MAY23-TESTA', 'Activate WooPay Test A', 'https://amuno.org/wp-admin/admin.php?page=wc-settings&tab=checkout&section=woocommerce_payments&method=platform_checkout', 'unactioned', '', NULL, NULL),
(4375, 38, 'woopay-beta-merchantrecruitment-short-activate-06MAY23-TESTB', 'Activate WooPay Test B', 'https://amuno.org/wp-admin/admin.php?page=wc-settings&tab=checkout&section=woocommerce_payments&method=platform_checkout', 'unactioned', '', NULL, NULL),
(4377, 39, 'woopay-beta-merchantrecruitment-short-activate-06MAY23-TESTC', 'Activate WooPay Test C', 'https://amuno.org/wp-admin/admin.php?page=wc-settings&tab=checkout&section=woocommerce_payments&method=platform_checkout', 'unactioned', '', NULL, NULL),
(4379, 40, 'woopay-beta-merchantrecruitment-short-activate-06MAY23-TESTD', 'Activate WooPay Test D', 'https://amuno.org/wp-admin/admin.php?page=wc-settings&tab=checkout&section=woocommerce_payments&method=platform_checkout', 'unactioned', '', NULL, NULL),
(4381, 41, 'woopay-beta-merchantrecruitment-short-activate-button-09MAY23', 'Activate WooPay', 'https://amuno.org/wp-admin/admin.php?page=wc-settings&tab=checkout&section=woocommerce_payments&method=platform_checkout', 'unactioned', '', NULL, NULL),
(4383, 42, 'woopay-beta-merchantrecruitment-short-update-WCPay-09MAY23', 'Update WooCommerce Payments', 'https://amuno.org/wp-admin/plugins.php?plugin_status=all', 'unactioned', '', NULL, NULL),
(4384, 42, 'woopay-beta-merchantrecruitment-short-update-activate-09MAY23', 'Activate WooPay', 'https://amuno.org/wp-admin/admin.php?page=wc-settings&tab=checkout&section=woocommerce_payments&method=platform_checkout', 'unactioned', '', NULL, NULL),
(4386, 43, 'woocommerce-WCStripe-May-2023-updated-needed-Plugin-Settings-dismiss', 'Dismiss', '#', 'actioned', '', NULL, NULL),
(4385, 43, 'woocommerce-WCStripe-May-2023-updated-needed-Plugin-Settings', 'See available updates', 'https://amuno.org/wp-admin/plugins.php?plugin_status=all', 'unactioned', '', NULL, NULL),
(4388, 44, 'woocommerce-WCPayments-June-2023-updated-needed-Dismiss', 'Dismiss', '#', 'actioned', '', NULL, NULL),
(4387, 44, 'woocommerce-WCPayments-June-2023-updated-needed-Plugin-Settings', 'See available updates', 'https://amuno.org/wp-admin/plugins.php?plugin_status=all', 'unactioned', '', NULL, NULL),
(4390, 45, 'woocommerce-WCSubscriptions-June-2023-updated-needed-dismiss', 'Dismiss', '#', 'actioned', '', NULL, NULL),
(4389, 45, 'woocommerce-WCSubscriptions-June-2023-updated-needed-Plugin-Settings', 'See available updates', 'https://amuno.org/wp-admin/plugins.php?plugin_status=all', 'unactioned', '', NULL, NULL),
(4392, 46, 'woocommerce-WCReturnsWarranty-June-2023-updated-needed', 'Dismiss', '#', 'actioned', '', NULL, NULL),
(4391, 46, 'woocommerce-WCReturnsWarranty-June-2023-updated-needed', 'See available updates', 'https://amuno.org/wp-admin/plugins.php?plugin_status=all', 'unactioned', '', NULL, NULL),
(4394, 47, 'woocommerce-WCOPC-June-2023-updated-needed', 'Dismiss', 'https://amuno.org/wp-admin/#', 'actioned', '', NULL, NULL),
(4393, 47, 'woocommerce-WCOPC-June-2023-updated-needed', 'See available updates', 'https://amuno.org/wp-admin/plugins.php?plugin_status=all', 'actioned', '', NULL, NULL),
(4396, 48, 'woocommerce-WCGC-July-2023-update-needed', 'Dismiss', '#', 'actioned', '', NULL, NULL),
(4395, 48, 'woocommerce-WCGC-July-2023-update-needed', 'See available updates', 'https://amuno.org/wp-admin/plugins.php?plugin_status=all', 'unactioned', '', NULL, NULL),
(4397, 49, 'learn-more', 'Learn more', 'https://woo.com/document/fedex/?utm_medium=product&utm_source=inbox_note&utm_campaign=learn-more#july-2023-api-outage', 'unactioned', '', NULL, NULL),
(4399, 50, 'dismiss', 'Dismiss', 'https://amuno.org/wp-admin/admin.php?page=wc-admin', 'actioned', '', NULL, NULL),
(4398, 50, 'plugin-list', 'See available updates', 'https://amuno.org/wp-admin/plugins.php?plugin_status=all', 'unactioned', '', NULL, NULL),
(4400, 51, 'woocommerce-WCStripe-Aug-2023-update-needed', 'See available updates', 'https://amuno.org/wp-admin/update-core.php?', 'unactioned', '', NULL, NULL),
(4401, 51, 'dismiss', 'Dismiss', '#', 'actioned', '', NULL, NULL),
(4402, 52, 'dismiss', 'Dismiss', '#', 'actioned', '', NULL, NULL),
(4359, 28, 'woopay-beta-merchantrecruitment-activate-learnmore-04MAY23', 'Learn More', 'https://woo.com/woopay-businesses/?utm_source=inbox_note&utm_medium=product&utm_campaign=woopay-beta-merchantrecruitment-activate-learnmore-04MAY23', 'unactioned', '', NULL, NULL),
(4405, 54, 'dismiss', 'Dismiss', '#', 'actioned', '', NULL, NULL),
(4406, 55, 'avalara_q3-2023_noAvaTax', 'Automate my sales tax', 'https://woo.com/products/woocommerce-avatax/?utm_source=inbox_note&utm_medium=product&utm_campaign=avalara_q3-2023_noAvaTax', 'unactioned', '', NULL, NULL),
(4407, 56, 'woo-activation-survey-blockers-survey-button-22AUG23', 'Take our short survey', 'https://woocommerce.survey.fm/getting-started-with-woo', 'unactioned', '', NULL, NULL),
(4409, 57, 'dismiss', 'Dismiss', 'https://amuno.org/wp-admin/#', 'actioned', '', NULL, NULL),
(4408, 57, 'woocommerce-usermeta-Sept2023-productvendors', 'See available updates', 'https://amuno.org/wp-admin/plugins.php', 'unactioned', '', NULL, NULL),
(4411, 58, 'dismiss', 'Dismiss', '#', 'actioned', '', NULL, NULL),
(4410, 58, 'woocommerce-STRIPE-Oct-2023-update-needed', 'See available updates', 'https://amuno.org/wp-admin/update-core.php', 'unactioned', '', NULL, NULL),
(4413, 59, 'amazon-mcf-support-button-2023-12-07', 'Request support', 'https://woo.com/my-account/contact-support/?utm_source=inbox_note&utm_medium=product&utm_campaign=amazon-mcf-support-button-2023-12-07', 'actioned', '', NULL, NULL),
(4412, 59, 'amazon-mcf-review-button-2023-12-07', 'Leave a review', 'https://woo.com/products/woocommerce-amazon-fulfillment/?review&utm_source=inbox_note&utm_medium=product&utm_campaign=amazon-mcf-review-button-2023-12-07', 'actioned', '', NULL, NULL),
(4414, 60, 'amazon_pay_ext-link_q1-24', 'Register your account now', 'https://eu.amazonpayments.com/2024-uk-woopricepromoregistration?utm_campaign=woo_price_promo&utm_medium=EM&utm_source=direct&utm_content=cta&utm_creative=&ld=EMUKAPA-woo_price_promo-direct-24Q1', 'actioned', '', NULL, NULL),
(4415, 61, 'view_docs', 'Learn about Deposit schedules', 'https://woo.com/document/woopayments/deposits/deposit-schedule/?utm_source=inbox_note&utm_medium=product&utm_campaign=view_docs#available-funds', 'unactioned', '', NULL, NULL),
(4416, 62, 'wc_admin_UKpricingchange_WCPay_Q1_2024', 'See related fees for each country', 'https://woo.com/document/woopayments/fees-and-debits/fees/?utm_source=inbox_note&utm_medium=product&utm_campaign=wc_admin_UKpricingchange_WCPay_Q1_2024#countries-in-europe', 'actioned', '', NULL, NULL),
(4417, 63, 'airwallex_q1_2024', 'Get started with Airwallex', 'https://woo.com/products/airwallexpayments/?utm_source=inbox_note&utm_medium=product&utm_campaign=airwallex_q1_2024', 'actioned', '', NULL, NULL),
(4382, 41, 'woopay-beta-merchantrecruitment-short-activate-learnmore-button2-09MAY23', 'Learn More', 'https://woo.com/woopay-businesses/?utm_source=inbox_note&utm_medium=product&utm_campaign=woopay-beta-merchantrecruitment-short-activate-learnmore-button2-09MAY23', 'unactioned', '', NULL, NULL),
(4369, 35, 'woopay-beta-merchantrecruitment-short-activate-04MAY23', 'Activate WooPay', 'https://amuno.org/wp-admin/admin.php?page=wc-settings&tab=checkout&section=woocommerce_payments&method=platform_checkout', 'actioned', '', NULL, NULL),
(4374, 37, 'woopay-beta-merchantrecruitment-short-activate-learnmore-06MAY23-TESTA', 'Learn More', 'https://woo.com/woopay-businesses/?utm_source=inbox_note&utm_medium=product&utm_campaign=woopay-beta-merchantrecruitment-short-activate-learnmore-06MAY23-TESTA', 'unactioned', '', NULL, NULL),
(4376, 38, 'woopay-beta-merchantrecruitment-short-activate-learnmore-06MAY23-TESTA', 'Learn More', 'https://woo.com/woopay-businesses/?utm_source=inbox_note&utm_medium=product&utm_campaign=woopay-beta-merchantrecruitment-short-activate-learnmore-06MAY23-TESTA', 'unactioned', '', NULL, NULL),
(4378, 39, 'woopay-beta-merchantrecruitment-short-activate-learnmore-06MAY23-TESTC', 'Learn More', 'https://woo.com/woopay-businesses/?utm_source=inbox_note&utm_medium=product&utm_campaign=woopay-beta-merchantrecruitment-short-activate-learnmore-06MAY23-TESTC', 'unactioned', '', NULL, NULL),
(4380, 40, 'woopay-beta-merchantrecruitment-short-activate-learnmore-06MAY23-TESTD', 'Learn More', 'https://woo.com/woopay-businesses/?utm_source=inbox_note&utm_medium=product&utm_campaign=woopay-beta-merchantrecruitment-short-activate-learnmore-06MAY23-TESTD', 'unactioned', '', NULL, NULL),
(4365, 32, 'woopay-beta-merchantrecruitment-update-WCPay-04MAY23', 'Update WooCommerce Payments', 'https://amuno.org/wp-admin/plugins.php?plugin_status=all', 'unactioned', '', NULL, NULL),
(4404, 53, 'dismiss', 'Dismiss', '#', 'actioned', '', NULL, NULL),
(4403, 53, 'woocommerce-WooPayments-Aug-2023-update-needed', 'See available updates', 'https://amuno.org/wp-admin/update-core.php?', 'unactioned', '', NULL, NULL),
(4372, 36, 'woopay-beta-merchantrecruitment-short-update-activate-04MAY23', 'Activate WooPay', 'https://amuno.org/wp-admin/admin.php?page=wc-settings&tab=checkout&section=woocommerce_payments&method=platform_checkout', 'actioned', '', NULL, NULL);

-- --------------------------------------------------------

--
-- Table structure for table `wpqh_wc_category_lookup`
--

CREATE TABLE `wpqh_wc_category_lookup` (
  `category_tree_id` bigint(20) unsigned NOT NULL,
  `category_id` bigint(20) unsigned NOT NULL,
  PRIMARY KEY (`category_tree_id`,`category_id`)
) ENGINE=MyISAM DEFAULT CHARSET=utf8mb4 COLLATE=utf8mb4_unicode_520_ci;

--
-- Dumping data for table `wpqh_wc_category_lookup`
--

INSERT INTO `wpqh_wc_category_lookup` VALUES
(15, 15),
(22, 22);

-- --------------------------------------------------------

--
-- Table structure for table `wpqh_wc_customer_lookup`
--

CREATE TABLE `wpqh_wc_customer_lookup` (
  `customer_id` bigint(20) unsigned NOT NULL AUTO_INCREMENT,
  `user_id` bigint(20) unsigned DEFAULT NULL,
  `username` varchar(60) NOT NULL DEFAULT '',
  `first_name` varchar(255) NOT NULL,
  `last_name` varchar(255) NOT NULL,
  `email` varchar(100) DEFAULT NULL,
  `date_last_active` timestamp NULL DEFAULT NULL,
  `date_registered` timestamp NULL DEFAULT NULL,
  `country` char(2) NOT NULL DEFAULT '',
  `postcode` varchar(20) NOT NULL DEFAULT '',
  `city` varchar(100) NOT NULL DEFAULT '',
  `state` varchar(100) NOT NULL DEFAULT '',
  PRIMARY KEY (`customer_id`),
  UNIQUE KEY `user_id` (`user_id`),
  KEY `email` (`email`)
) ENGINE=MyISAM DEFAULT CHARSET=utf8mb4 COLLATE=utf8mb4_unicode_520_ci;

-- --------------------------------------------------------

--
-- Table structure for table `wpqh_wc_download_log`
--

CREATE TABLE `wpqh_wc_download_log` (
  `download_log_id` bigint(20) unsigned NOT NULL AUTO_INCREMENT,
  `timestamp` datetime NOT NULL,
  `permission_id` bigint(20) unsigned NOT NULL,
  `user_id` bigint(20) unsigned DEFAULT NULL,
  `user_ip_address` varchar(100) DEFAULT '',
  PRIMARY KEY (`download_log_id`),
  KEY `permission_id` (`permission_id`),
  KEY `timestamp` (`timestamp`)
) ENGINE=MyISAM DEFAULT CHARSET=utf8mb4 COLLATE=utf8mb4_unicode_520_ci;

-- --------------------------------------------------------

--
-- Table structure for table `wpqh_wc_orders`
--

CREATE TABLE `wpqh_wc_orders` (
  `id` bigint(20) unsigned NOT NULL,
  `status` varchar(20) DEFAULT NULL,
  `currency` varchar(10) DEFAULT NULL,
  `type` varchar(20) DEFAULT NULL,
  `tax_amount` decimal(26,8) DEFAULT NULL,
  `total_amount` decimal(26,8) DEFAULT NULL,
  `customer_id` bigint(20) unsigned DEFAULT NULL,
  `billing_email` varchar(320) DEFAULT NULL,
  `date_created_gmt` datetime DEFAULT NULL,
  `date_updated_gmt` datetime DEFAULT NULL,
  `parent_order_id` bigint(20) unsigned DEFAULT NULL,
  `payment_method` varchar(100) DEFAULT NULL,
  `payment_method_title` text DEFAULT NULL,
  `transaction_id` varchar(100) DEFAULT NULL,
  `ip_address` varchar(100) DEFAULT NULL,
  `user_agent` text DEFAULT NULL,
  `customer_note` text DEFAULT NULL,
  PRIMARY KEY (`id`),
  KEY `status` (`status`),
  KEY `date_created` (`date_created_gmt`),
  KEY `customer_id_billing_email` (`customer_id`,`billing_email`(171)),
  KEY `billing_email` (`billing_email`(191)),
  KEY `type_status_date` (`type`,`status`,`date_created_gmt`),
  KEY `parent_order_id` (`parent_order_id`),
  KEY `date_updated` (`date_updated_gmt`)
) ENGINE=MyISAM DEFAULT CHARSET=utf8mb4 COLLATE=utf8mb4_unicode_520_ci;

-- --------------------------------------------------------

--
-- Table structure for table `wpqh_wc_orders_meta`
--

CREATE TABLE `wpqh_wc_orders_meta` (
  `id` bigint(20) unsigned NOT NULL AUTO_INCREMENT,
  `order_id` bigint(20) unsigned DEFAULT NULL,
  `meta_key` varchar(255) DEFAULT NULL,
  `meta_value` text DEFAULT NULL,
  PRIMARY KEY (`id`),
  KEY `meta_key_value` (`meta_key`(100),`meta_value`(82)),
  KEY `order_id_meta_key_meta_value` (`order_id`,`meta_key`(100),`meta_value`(82))
) ENGINE=MyISAM DEFAULT CHARSET=utf8mb4 COLLATE=utf8mb4_unicode_520_ci;

-- --------------------------------------------------------

--
-- Table structure for table `wpqh_wc_order_addresses`
--

CREATE TABLE `wpqh_wc_order_addresses` (
  `id` bigint(20) unsigned NOT NULL AUTO_INCREMENT,
  `order_id` bigint(20) unsigned NOT NULL,
  `address_type` varchar(20) DEFAULT NULL,
  `first_name` text DEFAULT NULL,
  `last_name` text DEFAULT NULL,
  `company` text DEFAULT NULL,
  `address_1` text DEFAULT NULL,
  `address_2` text DEFAULT NULL,
  `city` text DEFAULT NULL,
  `state` text DEFAULT NULL,
  `postcode` text DEFAULT NULL,
  `country` text DEFAULT NULL,
  `email` varchar(320) DEFAULT NULL,
  `phone` varchar(100) DEFAULT NULL,
  PRIMARY KEY (`id`),
  UNIQUE KEY `address_type_order_id` (`address_type`,`order_id`),
  KEY `order_id` (`order_id`),
  KEY `email` (`email`(191)),
  KEY `phone` (`phone`)
) ENGINE=MyISAM DEFAULT CHARSET=utf8mb4 COLLATE=utf8mb4_unicode_520_ci;

-- --------------------------------------------------------

--
-- Table structure for table `wpqh_wc_order_coupon_lookup`
--

CREATE TABLE `wpqh_wc_order_coupon_lookup` (
  `order_id` bigint(20) unsigned NOT NULL,
  `coupon_id` bigint(20) NOT NULL,
  `date_created` datetime NOT NULL DEFAULT '0000-00-00 00:00:00',
  `discount_amount` double NOT NULL DEFAULT 0,
  PRIMARY KEY (`order_id`,`coupon_id`),
  KEY `coupon_id` (`coupon_id`),
  KEY `date_created` (`date_created`)
) ENGINE=MyISAM DEFAULT CHARSET=utf8mb4 COLLATE=utf8mb4_unicode_520_ci;

-- --------------------------------------------------------

--
-- Table structure for table `wpqh_wc_order_operational_data`
--

CREATE TABLE `wpqh_wc_order_operational_data` (
  `id` bigint(20) unsigned NOT NULL AUTO_INCREMENT,
  `order_id` bigint(20) unsigned DEFAULT NULL,
  `created_via` varchar(100) DEFAULT NULL,
  `woocommerce_version` varchar(20) DEFAULT NULL,
  `prices_include_tax` tinyint(1) DEFAULT NULL,
  `coupon_usages_are_counted` tinyint(1) DEFAULT NULL,
  `download_permission_granted` tinyint(1) DEFAULT NULL,
  `cart_hash` varchar(100) DEFAULT NULL,
  `new_order_email_sent` tinyint(1) DEFAULT NULL,
  `order_key` varchar(100) DEFAULT NULL,
  `order_stock_reduced` tinyint(1) DEFAULT NULL,
  `date_paid_gmt` datetime DEFAULT NULL,
  `date_completed_gmt` datetime DEFAULT NULL,
  `shipping_tax_amount` decimal(26,8) DEFAULT NULL,
  `shipping_total_amount` decimal(26,8) DEFAULT NULL,
  `discount_tax_amount` decimal(26,8) DEFAULT NULL,
  `discount_total_amount` decimal(26,8) DEFAULT NULL,
  `recorded_sales` tinyint(1) DEFAULT NULL,
  PRIMARY KEY (`id`),
  UNIQUE KEY `order_id` (`order_id`),
  KEY `order_key` (`order_key`)
) ENGINE=MyISAM DEFAULT CHARSET=utf8mb4 COLLATE=utf8mb4_unicode_520_ci;

-- --------------------------------------------------------

--
-- Table structure for table `wpqh_wc_order_product_lookup`
--

CREATE TABLE `wpqh_wc_order_product_lookup` (
  `order_item_id` bigint(20) unsigned NOT NULL,
  `order_id` bigint(20) unsigned NOT NULL,
  `product_id` bigint(20) unsigned NOT NULL,
  `variation_id` bigint(20) unsigned NOT NULL,
  `customer_id` bigint(20) unsigned DEFAULT NULL,
  `date_created` datetime NOT NULL DEFAULT '0000-00-00 00:00:00',
  `product_qty` int(11) NOT NULL,
  `product_net_revenue` double NOT NULL DEFAULT 0,
  `product_gross_revenue` double NOT NULL DEFAULT 0,
  `coupon_amount` double NOT NULL DEFAULT 0,
  `tax_amount` double NOT NULL DEFAULT 0,
  `shipping_amount` double NOT NULL DEFAULT 0,
  `shipping_tax_amount` double NOT NULL DEFAULT 0,
  PRIMARY KEY (`order_item_id`),
  KEY `order_id` (`order_id`),
  KEY `product_id` (`product_id`),
  KEY `customer_id` (`customer_id`),
  KEY `date_created` (`date_created`)
) ENGINE=MyISAM DEFAULT CHARSET=utf8mb4 COLLATE=utf8mb4_unicode_520_ci;

-- --------------------------------------------------------

--
-- Table structure for table `wpqh_wc_order_stats`
--

CREATE TABLE `wpqh_wc_order_stats` (
  `order_id` bigint(20) unsigned NOT NULL,
  `parent_id` bigint(20) unsigned NOT NULL DEFAULT 0,
  `date_created` datetime NOT NULL DEFAULT '0000-00-00 00:00:00',
  `date_created_gmt` datetime NOT NULL DEFAULT '0000-00-00 00:00:00',
  `date_paid` datetime DEFAULT '0000-00-00 00:00:00',
  `date_completed` datetime DEFAULT '0000-00-00 00:00:00',
  `num_items_sold` int(11) NOT NULL DEFAULT 0,
  `total_sales` double NOT NULL DEFAULT 0,
  `tax_total` double NOT NULL DEFAULT 0,
  `shipping_total` double NOT NULL DEFAULT 0,
  `net_total` double NOT NULL DEFAULT 0,
  `returning_customer` tinyint(1) DEFAULT NULL,
  `status` varchar(200) NOT NULL,
  `customer_id` bigint(20) unsigned NOT NULL,
  PRIMARY KEY (`order_id`),
  KEY `date_created` (`date_created`),
  KEY `customer_id` (`customer_id`),
  KEY `status` (`status`(191))
) ENGINE=MyISAM DEFAULT CHARSET=utf8mb4 COLLATE=utf8mb4_unicode_520_ci;

-- --------------------------------------------------------

--
-- Table structure for table `wpqh_wc_order_tax_lookup`
--

CREATE TABLE `wpqh_wc_order_tax_lookup` (
  `order_id` bigint(20) unsigned NOT NULL,
  `tax_rate_id` bigint(20) unsigned NOT NULL,
  `date_created` datetime NOT NULL DEFAULT '0000-00-00 00:00:00',
  `shipping_tax` double NOT NULL DEFAULT 0,
  `order_tax` double NOT NULL DEFAULT 0,
  `total_tax` double NOT NULL DEFAULT 0,
  PRIMARY KEY (`order_id`,`tax_rate_id`),
  KEY `tax_rate_id` (`tax_rate_id`),
  KEY `date_created` (`date_created`)
) ENGINE=MyISAM DEFAULT CHARSET=utf8mb4 COLLATE=utf8mb4_unicode_520_ci;

-- --------------------------------------------------------

--
-- Table structure for table `wpqh_wc_product_attributes_lookup`
--

CREATE TABLE `wpqh_wc_product_attributes_lookup` (
  `product_id` bigint(20) NOT NULL,
  `product_or_parent_id` bigint(20) NOT NULL,
  `taxonomy` varchar(32) NOT NULL,
  `term_id` bigint(20) NOT NULL,
  `is_variation_attribute` tinyint(1) NOT NULL,
  `in_stock` tinyint(1) NOT NULL,
  PRIMARY KEY (`product_or_parent_id`,`term_id`,`product_id`,`taxonomy`),
  KEY `is_variation_attribute_term_id` (`is_variation_attribute`,`term_id`)
) ENGINE=MyISAM DEFAULT CHARSET=utf8mb4 COLLATE=utf8mb4_unicode_520_ci;

-- --------------------------------------------------------

--
-- Table structure for table `wpqh_wc_product_download_directories`
--

CREATE TABLE `wpqh_wc_product_download_directories` (
  `url_id` bigint(20) unsigned NOT NULL AUTO_INCREMENT,
  `url` varchar(256) NOT NULL,
  `enabled` tinyint(1) NOT NULL DEFAULT 0,
  PRIMARY KEY (`url_id`),
  KEY `url` (`url`(191))
) ENGINE=MyISAM  DEFAULT CHARSET=utf8mb4 COLLATE=utf8mb4_unicode_520_ci;

--
-- Dumping data for table `wpqh_wc_product_download_directories`
--

INSERT INTO `wpqh_wc_product_download_directories` VALUES
(1, 'file:///home/amunoo5/amuno.org/wp-content/uploads/woocommerce_uploads/', 1),
(2, 'https://amuno.org/wp-content/uploads/woocommerce_uploads/', 1);

-- --------------------------------------------------------

--
-- Table structure for table `wpqh_wc_product_meta_lookup`
--

CREATE TABLE `wpqh_wc_product_meta_lookup` (
  `product_id` bigint(20) NOT NULL,
  `sku` varchar(100) DEFAULT '',
  `virtual` tinyint(1) DEFAULT 0,
  `downloadable` tinyint(1) DEFAULT 0,
  `min_price` decimal(19,4) DEFAULT NULL,
  `max_price` decimal(19,4) DEFAULT NULL,
  `onsale` tinyint(1) DEFAULT 0,
  `stock_quantity` double DEFAULT NULL,
  `stock_status` varchar(100) DEFAULT 'instock',
  `rating_count` bigint(20) DEFAULT 0,
  `average_rating` decimal(3,2) DEFAULT 0.00,
  `total_sales` bigint(20) DEFAULT 0,
  `tax_status` varchar(100) DEFAULT 'taxable',
  `tax_class` varchar(100) DEFAULT '',
  PRIMARY KEY (`product_id`),
  KEY `virtual` (`virtual`),
  KEY `downloadable` (`downloadable`),
  KEY `stock_status` (`stock_status`),
  KEY `stock_quantity` (`stock_quantity`),
  KEY `onsale` (`onsale`),
  KEY `min_max_price` (`min_price`,`max_price`)
) ENGINE=MyISAM DEFAULT CHARSET=utf8mb4 COLLATE=utf8mb4_unicode_520_ci;

-- --------------------------------------------------------

--
-- Table structure for table `wpqh_wc_rate_limits`
--

CREATE TABLE `wpqh_wc_rate_limits` (
  `rate_limit_id` bigint(20) unsigned NOT NULL AUTO_INCREMENT,
  `rate_limit_key` varchar(200) NOT NULL,
  `rate_limit_expiry` bigint(20) unsigned NOT NULL,
  `rate_limit_remaining` smallint(10) NOT NULL DEFAULT 0,
  PRIMARY KEY (`rate_limit_id`),
  UNIQUE KEY `rate_limit_key` (`rate_limit_key`(191))
) ENGINE=MyISAM DEFAULT CHARSET=utf8mb4 COLLATE=utf8mb4_unicode_520_ci;

-- --------------------------------------------------------

--
-- Table structure for table `wpqh_wc_reserved_stock`
--

CREATE TABLE `wpqh_wc_reserved_stock` (
  `order_id` bigint(20) NOT NULL,
  `product_id` bigint(20) NOT NULL,
  `stock_quantity` double NOT NULL DEFAULT 0,
  `timestamp` datetime NOT NULL DEFAULT '0000-00-00 00:00:00',
  `expires` datetime NOT NULL DEFAULT '0000-00-00 00:00:00',
  PRIMARY KEY (`order_id`,`product_id`)
) ENGINE=MyISAM DEFAULT CHARSET=utf8mb4 COLLATE=utf8mb4_unicode_520_ci;

-- --------------------------------------------------------

--
-- Table structure for table `wpqh_wc_tax_rate_classes`
--

CREATE TABLE `wpqh_wc_tax_rate_classes` (
  `tax_rate_class_id` bigint(20) unsigned NOT NULL AUTO_INCREMENT,
  `name` varchar(200) NOT NULL DEFAULT '',
  `slug` varchar(200) NOT NULL DEFAULT '',
  PRIMARY KEY (`tax_rate_class_id`),
  UNIQUE KEY `slug` (`slug`(191))
) ENGINE=MyISAM  DEFAULT CHARSET=utf8mb4 COLLATE=utf8mb4_unicode_520_ci;

--
-- Dumping data for table `wpqh_wc_tax_rate_classes`
--

INSERT INTO `wpqh_wc_tax_rate_classes` VALUES
(1, 'Reduced rate', 'reduced-rate'),
(2, 'Zero rate', 'zero-rate');

-- --------------------------------------------------------

--
-- Table structure for table `wpqh_wc_webhooks`
--

CREATE TABLE `wpqh_wc_webhooks` (
  `webhook_id` bigint(20) unsigned NOT NULL AUTO_INCREMENT,
  `status` varchar(200) NOT NULL,
  `name` text NOT NULL,
  `user_id` bigint(20) unsigned NOT NULL,
  `delivery_url` text NOT NULL,
  `secret` text NOT NULL,
  `topic` varchar(200) NOT NULL,
  `date_created` datetime NOT NULL DEFAULT '0000-00-00 00:00:00',
  `date_created_gmt` datetime NOT NULL DEFAULT '0000-00-00 00:00:00',
  `date_modified` datetime NOT NULL DEFAULT '0000-00-00 00:00:00',
  `date_modified_gmt` datetime NOT NULL DEFAULT '0000-00-00 00:00:00',
  `api_version` smallint(4) NOT NULL,
  `failure_count` smallint(10) NOT NULL DEFAULT 0,
  `pending_delivery` tinyint(1) NOT NULL DEFAULT 0,
  PRIMARY KEY (`webhook_id`),
  KEY `user_id` (`user_id`)
) ENGINE=MyISAM DEFAULT CHARSET=utf8mb4 COLLATE=utf8mb4_unicode_520_ci;

-- --------------------------------------------------------

--
-- Table structure for table `wpqh_woocommerce_api_keys`
--

CREATE TABLE `wpqh_woocommerce_api_keys` (
  `key_id` bigint(20) unsigned NOT NULL AUTO_INCREMENT,
  `user_id` bigint(20) unsigned NOT NULL,
  `description` varchar(200) DEFAULT NULL,
  `permissions` varchar(10) NOT NULL,
  `consumer_key` char(64) NOT NULL,
  `consumer_secret` char(43) NOT NULL,
  `nonces` longtext DEFAULT NULL,
  `truncated_key` char(7) NOT NULL,
  `last_access` datetime DEFAULT NULL,
  PRIMARY KEY (`key_id`),
  KEY `consumer_key` (`consumer_key`),
  KEY `consumer_secret` (`consumer_secret`)
) ENGINE=MyISAM DEFAULT CHARSET=utf8mb4 COLLATE=utf8mb4_unicode_520_ci;

-- --------------------------------------------------------

--
-- Table structure for table `wpqh_woocommerce_attribute_taxonomies`
--

CREATE TABLE `wpqh_woocommerce_attribute_taxonomies` (
  `attribute_id` bigint(20) unsigned NOT NULL AUTO_INCREMENT,
  `attribute_name` varchar(200) NOT NULL,
  `attribute_label` varchar(200) DEFAULT NULL,
  `attribute_type` varchar(20) NOT NULL,
  `attribute_orderby` varchar(20) NOT NULL,
  `attribute_public` int(1) NOT NULL DEFAULT 1,
  PRIMARY KEY (`attribute_id`),
  KEY `attribute_name` (`attribute_name`(20))
) ENGINE=MyISAM DEFAULT CHARSET=utf8mb4 COLLATE=utf8mb4_unicode_520_ci;

-- --------------------------------------------------------

--
-- Table structure for table `wpqh_woocommerce_downloadable_product_permissions`
--

CREATE TABLE `wpqh_woocommerce_downloadable_product_permissions` (
  `permission_id` bigint(20) unsigned NOT NULL AUTO_INCREMENT,
  `download_id` varchar(36) NOT NULL,
  `product_id` bigint(20) unsigned NOT NULL,
  `order_id` bigint(20) unsigned NOT NULL DEFAULT 0,
  `order_key` varchar(200) NOT NULL,
  `user_email` varchar(200) NOT NULL,
  `user_id` bigint(20) unsigned DEFAULT NULL,
  `downloads_remaining` varchar(9) DEFAULT NULL,
  `access_granted` datetime NOT NULL DEFAULT '0000-00-00 00:00:00',
  `access_expires` datetime DEFAULT NULL,
  `download_count` bigint(20) unsigned NOT NULL DEFAULT 0,
  PRIMARY KEY (`permission_id`),
  KEY `download_order_key_product` (`product_id`,`order_id`,`order_key`(16),`download_id`),
  KEY `download_order_product` (`download_id`,`order_id`,`product_id`),
  KEY `order_id` (`order_id`),
  KEY `user_order_remaining_expires` (`user_id`,`order_id`,`downloads_remaining`,`access_expires`)
) ENGINE=MyISAM DEFAULT CHARSET=utf8mb4 COLLATE=utf8mb4_unicode_520_ci;

-- --------------------------------------------------------

--
-- Table structure for table `wpqh_woocommerce_log`
--

CREATE TABLE `wpqh_woocommerce_log` (
  `log_id` bigint(20) unsigned NOT NULL AUTO_INCREMENT,
  `timestamp` datetime NOT NULL,
  `level` smallint(4) NOT NULL,
  `source` varchar(200) NOT NULL,
  `message` longtext NOT NULL,
  `context` longtext DEFAULT NULL,
  PRIMARY KEY (`log_id`),
  KEY `level` (`level`)
) ENGINE=MyISAM DEFAULT CHARSET=utf8mb4 COLLATE=utf8mb4_unicode_520_ci;

-- --------------------------------------------------------

--
-- Table structure for table `wpqh_woocommerce_order_itemmeta`
--

CREATE TABLE `wpqh_woocommerce_order_itemmeta` (
  `meta_id` bigint(20) unsigned NOT NULL AUTO_INCREMENT,
  `order_item_id` bigint(20) unsigned NOT NULL,
  `meta_key` varchar(255) DEFAULT NULL,
  `meta_value` longtext DEFAULT NULL,
  PRIMARY KEY (`meta_id`),
  KEY `order_item_id` (`order_item_id`),
  KEY `meta_key` (`meta_key`(32))
) ENGINE=MyISAM DEFAULT CHARSET=utf8mb4 COLLATE=utf8mb4_unicode_520_ci;

-- --------------------------------------------------------

--
-- Table structure for table `wpqh_woocommerce_order_items`
--

CREATE TABLE `wpqh_woocommerce_order_items` (
  `order_item_id` bigint(20) unsigned NOT NULL AUTO_INCREMENT,
  `order_item_name` text NOT NULL,
  `order_item_type` varchar(200) NOT NULL DEFAULT '',
  `order_id` bigint(20) unsigned NOT NULL,
  PRIMARY KEY (`order_item_id`),
  KEY `order_id` (`order_id`)
) ENGINE=MyISAM DEFAULT CHARSET=utf8mb4 COLLATE=utf8mb4_unicode_520_ci;

-- --------------------------------------------------------

--
-- Table structure for table `wpqh_woocommerce_payment_tokenmeta`
--

CREATE TABLE `wpqh_woocommerce_payment_tokenmeta` (
  `meta_id` bigint(20) unsigned NOT NULL AUTO_INCREMENT,
  `payment_token_id` bigint(20) unsigned NOT NULL,
  `meta_key` varchar(255) DEFAULT NULL,
  `meta_value` longtext DEFAULT NULL,
  PRIMARY KEY (`meta_id`),
  KEY `payment_token_id` (`payment_token_id`),
  KEY `meta_key` (`meta_key`(32))
) ENGINE=MyISAM DEFAULT CHARSET=utf8mb4 COLLATE=utf8mb4_unicode_520_ci;

-- --------------------------------------------------------

--
-- Table structure for table `wpqh_woocommerce_payment_tokens`
--

CREATE TABLE `wpqh_woocommerce_payment_tokens` (
  `token_id` bigint(20) unsigned NOT NULL AUTO_INCREMENT,
  `gateway_id` varchar(200) NOT NULL,
  `token` text NOT NULL,
  `user_id` bigint(20) unsigned NOT NULL DEFAULT 0,
  `type` varchar(200) NOT NULL,
  `is_default` tinyint(1) NOT NULL DEFAULT 0,
  PRIMARY KEY (`token_id`),
  KEY `user_id` (`user_id`)
) ENGINE=MyISAM DEFAULT CHARSET=utf8mb4 COLLATE=utf8mb4_unicode_520_ci;

-- --------------------------------------------------------

--
-- Table structure for table `wpqh_woocommerce_shipping_zones`
--

CREATE TABLE `wpqh_woocommerce_shipping_zones` (
  `zone_id` bigint(20) unsigned NOT NULL AUTO_INCREMENT,
  `zone_name` varchar(200) NOT NULL,
  `zone_order` bigint(20) unsigned NOT NULL,
  PRIMARY KEY (`zone_id`)
) ENGINE=MyISAM DEFAULT CHARSET=utf8mb4 COLLATE=utf8mb4_unicode_520_ci;

-- --------------------------------------------------------

--
-- Table structure for table `wpqh_woocommerce_shipping_zone_locations`
--

CREATE TABLE `wpqh_woocommerce_shipping_zone_locations` (
  `location_id` bigint(20) unsigned NOT NULL AUTO_INCREMENT,
  `zone_id` bigint(20) unsigned NOT NULL,
  `location_code` varchar(200) NOT NULL,
  `location_type` varchar(40) NOT NULL,
  PRIMARY KEY (`location_id`),
  KEY `location_id` (`location_id`),
  KEY `location_type_code` (`location_type`(10),`location_code`(20))
) ENGINE=MyISAM DEFAULT CHARSET=utf8mb4 COLLATE=utf8mb4_unicode_520_ci;

-- --------------------------------------------------------

--
-- Table structure for table `wpqh_woocommerce_shipping_zone_methods`
--

CREATE TABLE `wpqh_woocommerce_shipping_zone_methods` (
  `zone_id` bigint(20) unsigned NOT NULL,
  `instance_id` bigint(20) unsigned NOT NULL AUTO_INCREMENT,
  `method_id` varchar(200) NOT NULL,
  `method_order` bigint(20) unsigned NOT NULL,
  `is_enabled` tinyint(1) NOT NULL DEFAULT 1,
  PRIMARY KEY (`instance_id`)
) ENGINE=MyISAM DEFAULT CHARSET=utf8mb4 COLLATE=utf8mb4_unicode_520_ci;

-- --------------------------------------------------------

--
-- Table structure for table `wpqh_woocommerce_tax_rates`
--

CREATE TABLE `wpqh_woocommerce_tax_rates` (
  `tax_rate_id` bigint(20) unsigned NOT NULL AUTO_INCREMENT,
  `tax_rate_country` varchar(2) NOT NULL DEFAULT '',
  `tax_rate_state` varchar(200) NOT NULL DEFAULT '',
  `tax_rate` varchar(8) NOT NULL DEFAULT '',
  `tax_rate_name` varchar(200) NOT NULL DEFAULT '',
  `tax_rate_priority` bigint(20) unsigned NOT NULL,
  `tax_rate_compound` int(1) NOT NULL DEFAULT 0,
  `tax_rate_shipping` int(1) NOT NULL DEFAULT 1,
  `tax_rate_order` bigint(20) unsigned NOT NULL,
  `tax_rate_class` varchar(200) NOT NULL DEFAULT '',
  PRIMARY KEY (`tax_rate_id`),
  KEY `tax_rate_country` (`tax_rate_country`),
  KEY `tax_rate_state` (`tax_rate_state`(2)),
  KEY `tax_rate_class` (`tax_rate_class`(10)),
  KEY `tax_rate_priority` (`tax_rate_priority`)
) ENGINE=MyISAM DEFAULT CHARSET=utf8mb4 COLLATE=utf8mb4_unicode_520_ci;

-- --------------------------------------------------------

--
-- Table structure for table `wpqh_woocommerce_tax_rate_locations`
--

CREATE TABLE `wpqh_woocommerce_tax_rate_locations` (
  `location_id` bigint(20) unsigned NOT NULL AUTO_INCREMENT,
  `location_code` varchar(200) NOT NULL,
  `tax_rate_id` bigint(20) unsigned NOT NULL,
  `location_type` varchar(40) NOT NULL,
  PRIMARY KEY (`location_id`),
  KEY `tax_rate_id` (`tax_rate_id`),
  KEY `location_type_code` (`location_type`(10),`location_code`(20))
) ENGINE=MyISAM DEFAULT CHARSET=utf8mb4 COLLATE=utf8mb4_unicode_520_ci;

-- --------------------------------------------------------

--
-- Table structure for table `wpqh_wpcommerce_customers`
--

CREATE TABLE `wpqh_wpcommerce_customers` (
  `id` bigint(20) unsigned NOT NULL AUTO_INCREMENT,
  `user_id` bigint(20) NOT NULL,
  `email` varchar(255) NOT NULL,
  `name` mediumtext NOT NULL,
  `created_at` timestamp NOT NULL DEFAULT current_timestamp(),
  PRIMARY KEY (`id`),
  UNIQUE KEY `id` (`id`)
) ENGINE=MyISAM DEFAULT CHARSET=utf8mb4 COLLATE=utf8mb4_unicode_520_ci;

-- --------------------------------------------------------

--
-- Table structure for table `wpqh_wpcommerce_customer_meta`
--

CREATE TABLE `wpqh_wpcommerce_customer_meta` (
  `meta_id` bigint(20) unsigned NOT NULL AUTO_INCREMENT,
  `customer_id` bigint(20) NOT NULL,
  `meta_key` varchar(255) NOT NULL,
  `meta_value` longtext DEFAULT NULL,
  PRIMARY KEY (`meta_id`),
  UNIQUE KEY `meta_id` (`meta_id`)
) ENGINE=MyISAM DEFAULT CHARSET=utf8mb4 COLLATE=utf8mb4_unicode_520_ci;

-- --------------------------------------------------------

--
-- Table structure for table `wpqh_wpcommerce_log`
--

CREATE TABLE `wpqh_wpcommerce_log` (
  `log_id` bigint(20) unsigned NOT NULL AUTO_INCREMENT,
  `timestamp` datetime NOT NULL,
  `level` smallint(4) NOT NULL,
  `source` varchar(200) NOT NULL,
  `message` longtext NOT NULL,
  `context` longtext DEFAULT NULL,
  PRIMARY KEY (`log_id`),
  KEY `level` (`level`)
) ENGINE=MyISAM DEFAULT CHARSET=utf8mb4 COLLATE=utf8mb4_unicode_520_ci;

-- --------------------------------------------------------

--
-- Table structure for table `wpqh_wpcommerce_order_items`
--

CREATE TABLE `wpqh_wpcommerce_order_items` (
  `order_item_id` bigint(20) unsigned NOT NULL AUTO_INCREMENT,
  `order_item_name` text NOT NULL,
  `qty` int(11) DEFAULT 1,
  `price` float DEFAULT 0,
  `base_price` float DEFAULT 0,
  `currency` varchar(3) DEFAULT 'USD',
  `order_item_type` varchar(200) NOT NULL DEFAULT '',
  `order_id` bigint(20) unsigned NOT NULL,
  `post_id` bigint(20) unsigned NOT NULL,
  PRIMARY KEY (`order_item_id`),
  KEY `order_id` (`order_id`)
) ENGINE=MyISAM DEFAULT CHARSET=utf8mb4 COLLATE=utf8mb4_unicode_520_ci;

-- --------------------------------------------------------

--
-- Table structure for table `wpqh_wpcommerce_payment_tokenmeta`
--

CREATE TABLE `wpqh_wpcommerce_payment_tokenmeta` (
  `meta_id` bigint(20) unsigned NOT NULL AUTO_INCREMENT,
  `payment_token_id` bigint(20) unsigned NOT NULL,
  `meta_key` varchar(255) DEFAULT NULL,
  `meta_value` longtext DEFAULT NULL,
  PRIMARY KEY (`meta_id`),
  KEY `payment_token_id` (`payment_token_id`),
  KEY `meta_key` (`meta_key`(32))
) ENGINE=MyISAM DEFAULT CHARSET=utf8mb4 COLLATE=utf8mb4_unicode_520_ci;

-- --------------------------------------------------------

--
-- Table structure for table `wpqh_wpcommerce_payment_tokens`
--

CREATE TABLE `wpqh_wpcommerce_payment_tokens` (
  `token_id` bigint(20) unsigned NOT NULL AUTO_INCREMENT,
  `gateway_id` varchar(200) NOT NULL,
  `token` text NOT NULL,
  `user_id` bigint(20) unsigned NOT NULL DEFAULT 0,
  `type` varchar(200) NOT NULL,
  `is_default` tinyint(1) NOT NULL DEFAULT 0,
  PRIMARY KEY (`token_id`),
  KEY `user_id` (`user_id`)
) ENGINE=MyISAM DEFAULT CHARSET=utf8mb4 COLLATE=utf8mb4_unicode_520_ci;

-- --------------------------------------------------------

--
-- Table structure for table `wpqh_wpcommerce_sessions`
--

CREATE TABLE `wpqh_wpcommerce_sessions` (
  `session_id` bigint(20) unsigned NOT NULL AUTO_INCREMENT,
  `session_key` char(32) NOT NULL,
  `session_value` longtext NOT NULL,
  `session_expiry` datetime DEFAULT NULL,
  PRIMARY KEY (`session_id`),
  UNIQUE KEY `session_key` (`session_key`)
) ENGINE=MyISAM DEFAULT CHARSET=utf8mb4 COLLATE=utf8mb4_unicode_520_ci;

-- --------------------------------------------------------

--
-- Table structure for table `wpqh_yoast_indexable`
--

CREATE TABLE `wpqh_yoast_indexable` (
  `id` int(11) unsigned NOT NULL AUTO_INCREMENT,
  `permalink` longtext DEFAULT NULL,
  `permalink_hash` varchar(40) DEFAULT NULL,
  `object_id` bigint(20) DEFAULT NULL,
  `object_type` varchar(32) NOT NULL,
  `object_sub_type` varchar(32) DEFAULT NULL,
  `author_id` bigint(20) DEFAULT NULL,
  `post_parent` bigint(20) DEFAULT NULL,
  `title` text DEFAULT NULL,
  `description` mediumtext DEFAULT NULL,
  `breadcrumb_title` text DEFAULT NULL,
  `post_status` varchar(20) DEFAULT NULL,
  `is_public` tinyint(1) DEFAULT NULL,
  `is_protected` tinyint(1) DEFAULT 0,
  `has_public_posts` tinyint(1) DEFAULT NULL,
  `number_of_pages` int(11) unsigned DEFAULT NULL,
  `canonical` longtext DEFAULT NULL,
  `primary_focus_keyword` varchar(191) DEFAULT NULL,
  `primary_focus_keyword_score` int(3) DEFAULT NULL,
  `readability_score` int(3) DEFAULT NULL,
  `is_cornerstone` tinyint(1) DEFAULT 0,
  `is_robots_noindex` tinyint(1) DEFAULT 0,
  `is_robots_nofollow` tinyint(1) DEFAULT 0,
  `is_robots_noarchive` tinyint(1) DEFAULT 0,
  `is_robots_noimageindex` tinyint(1) DEFAULT 0,
  `is_robots_nosnippet` tinyint(1) DEFAULT 0,
  `twitter_title` text DEFAULT NULL,
  `twitter_image` longtext DEFAULT NULL,
  `twitter_description` longtext DEFAULT NULL,
  `twitter_image_id` varchar(191) DEFAULT NULL,
  `twitter_image_source` text DEFAULT NULL,
  `open_graph_title` text DEFAULT NULL,
  `open_graph_description` longtext DEFAULT NULL,
  `open_graph_image` longtext DEFAULT NULL,
  `open_graph_image_id` varchar(191) DEFAULT NULL,
  `open_graph_image_source` text DEFAULT NULL,
  `open_graph_image_meta` mediumtext DEFAULT NULL,
  `link_count` int(11) DEFAULT NULL,
  `incoming_link_count` int(11) DEFAULT NULL,
  `prominent_words_version` int(11) unsigned DEFAULT NULL,
  `created_at` datetime DEFAULT NULL,
  `updated_at` timestamp NOT NULL DEFAULT current_timestamp() ON UPDATE current_timestamp(),
  `blog_id` bigint(20) NOT NULL DEFAULT 1,
  `language` varchar(32) DEFAULT NULL,
  `region` varchar(32) DEFAULT NULL,
  `schema_page_type` varchar(64) DEFAULT NULL,
  `schema_article_type` varchar(64) DEFAULT NULL,
  `has_ancestors` tinyint(1) DEFAULT 0,
  `estimated_reading_time_minutes` int(11) DEFAULT NULL,
  `version` int(11) DEFAULT 1,
  `object_last_modified` datetime DEFAULT NULL,
  `object_published_at` datetime DEFAULT NULL,
  `inclusive_language_score` int(3) DEFAULT NULL,
  PRIMARY KEY (`id`),
  KEY `object_type_and_sub_type` (`object_type`,`object_sub_type`),
  KEY `object_id_and_type` (`object_id`,`object_type`),
  KEY `permalink_hash_and_object_type` (`permalink_hash`,`object_type`),
  KEY `subpages` (`post_parent`,`object_type`,`post_status`,`object_id`),
  KEY `prominent_words` (`prominent_words_version`,`object_type`,`object_sub_type`,`post_status`),
  KEY `published_sitemap_index` (`object_published_at`,`is_robots_noindex`,`object_type`,`object_sub_type`)
) ENGINE=MyISAM  DEFAULT CHARSET=utf8mb4 COLLATE=utf8mb4_unicode_520_ci;

--
-- Dumping data for table `wpqh_yoast_indexable`
--

INSERT INTO `wpqh_yoast_indexable` VALUES
(1, 'https://amuno.org/', '18:69e4bd66649209500a3a1411cbe96787', 186, 'post', 'page', 1, 0, NULL, 'amuno is dedicated to reshaping the future narratives of rural children, youth, and women, infusing them with positivity and inspiration.', 'Home', 'publish', NULL, 0, NULL, NULL, NULL, 'amuno', 64, 90, 0, NULL, 0, NULL, NULL, NULL, NULL, 'https://amuno.org/wp-content/uploads/2021/05/h1_shape-1.png', NULL, NULL, 'first-content-image', NULL, NULL, 'https://amuno.org/wp-content/uploads/2021/05/h1_shape-1.png', NULL, 'first-content-image', NULL, 22, 29, NULL, '2024-04-22 10:08:07', '2024-04-24 11:44:04', 1, NULL, NULL, NULL, NULL, 0, 6, 2, '2024-04-24 08:44:03', '2021-05-15 04:03:27', 0),
(2, 'https://amuno.org/author/admin/', '31:732f4b8db5c6b1bc6bbcc30ec29814d9', 1, 'user', NULL, NULL, NULL, NULL, NULL, NULL, NULL, NULL, 0, NULL, NULL, NULL, NULL, NULL, NULL, 0, 0, NULL, NULL, NULL, NULL, NULL, 'https://secure.gravatar.com/avatar/092c14b0cb9f57fe877ca4e9fba78585?s=500&d=mm&r=g', NULL, NULL, 'gravatar-image', NULL, NULL, 'https://secure.gravatar.com/avatar/092c14b0cb9f57fe877ca4e9fba78585?s=500&d=mm&r=g', NULL, 'gravatar-image', NULL, NULL, NULL, NULL, '2024-04-22 10:08:07', '2024-05-10 15:39:08', 1, NULL, NULL, NULL, NULL, 0, NULL, 2, '2024-05-10 12:39:08', '2020-10-09 08:00:41', NULL),
(3, 'https://amuno.org/', '18:69e4bd66649209500a3a1411cbe96787', NULL, 'home-page', NULL, NULL, NULL, '%%sitename%% %%page%% %%sep%% %%sitedesc%%', 'Nurturing Rural Children&#039;s Dreams', 'Home', NULL, NULL, 0, NULL, NULL, NULL, NULL, NULL, NULL, 0, 0, 0, 0, 0, 0, NULL, NULL, NULL, NULL, NULL, '%%sitename%%', '', '', '0', NULL, NULL, NULL, 311, NULL, '2024-04-22 10:08:07', '2024-05-10 15:39:08', 1, NULL, NULL, NULL, NULL, 0, NULL, 2, '2024-05-10 12:39:08', '2021-05-15 02:36:55', NULL),
(4, NULL, NULL, NULL, 'system-page', '404', NULL, NULL, 'Page not found %%sep%% %%sitename%%', NULL, 'Error 404: Page not found', NULL, NULL, 0, NULL, NULL, NULL, NULL, NULL, NULL, 0, 1, 0, 0, 0, 0, NULL, NULL, NULL, NULL, NULL, NULL, NULL, NULL, NULL, NULL, NULL, NULL, NULL, NULL, '2024-04-22 10:12:23', '2024-04-22 13:12:23', 1, NULL, NULL, NULL, NULL, 0, NULL, 1, NULL, NULL, NULL),
(5, 'https://amuno.org/tag/bread/', '28:73305babbb2dac783e9321eeabd5dbc5', 44, 'term', 'post_tag', NULL, NULL, NULL, NULL, 'bread', NULL, NULL, 0, NULL, NULL, NULL, NULL, NULL, NULL, 0, NULL, NULL, NULL, NULL, NULL, NULL, NULL, NULL, NULL, NULL, NULL, NULL, NULL, NULL, NULL, NULL, 0, 2, NULL, '2024-04-22 10:47:04', '2024-04-22 10:28:38', 1, NULL, NULL, NULL, NULL, 0, NULL, 2, '2021-05-15 02:36:58', '2021-05-15 02:36:58', NULL),
(6, 'https://amuno.org/elementor-hf/header-1/', '40:0485a3f595b8cdce28e9ad1d2b31cd77', 3179, 'post', 'elementor-hf', 1, 0, NULL, NULL, 'Header 1', 'publish', NULL, 0, NULL, NULL, NULL, NULL, NULL, 0, 0, NULL, 0, NULL, NULL, NULL, NULL, 'https://amuno.org/wp-content/uploads/2024/03/Main-Logo.png', NULL, NULL, 'first-content-image', NULL, NULL, 'https://amuno.org/wp-content/uploads/2024/03/Main-Logo.png', NULL, 'first-content-image', NULL, 16, NULL, NULL, '2024-04-22 10:58:39', '2024-04-22 13:58:39', 1, NULL, NULL, NULL, NULL, 0, NULL, 2, '2024-03-28 21:21:39', '2021-05-21 08:15:57', 0),
(7, 'https://amuno.org/elementor-hf/header-2/', '40:c886a079f19589ad4f2dcdd7e9fde71e', 3438, 'post', 'elementor-hf', 1, 0, NULL, NULL, 'Header 2', 'publish', NULL, 0, NULL, NULL, NULL, NULL, NULL, 0, 0, NULL, 0, NULL, NULL, NULL, NULL, NULL, NULL, NULL, NULL, NULL, NULL, NULL, NULL, NULL, NULL, 18, NULL, NULL, '2024-04-22 10:58:39', '2024-04-22 13:58:39', 1, NULL, NULL, NULL, NULL, 0, NULL, 2, '2021-05-21 09:45:04', '2021-05-21 09:45:04', 0),
(8, 'https://amuno.org/elementor-hf/header-3/', '40:766c20e838d8bfa5ae23d710174cb0f1', 3642, 'post', 'elementor-hf', 1, 0, NULL, NULL, 'Header 3', 'publish', NULL, 0, NULL, NULL, NULL, NULL, NULL, 0, 0, NULL, 0, NULL, NULL, NULL, NULL, NULL, NULL, NULL, NULL, NULL, NULL, NULL, NULL, NULL, NULL, 18, NULL, NULL, '2024-04-22 10:58:39', '2024-04-22 13:58:39', 1, NULL, NULL, NULL, NULL, 0, NULL, 2, '2021-05-24 02:07:46', '2021-05-24 02:07:46', 0),
(9, 'https://amuno.org/elementor-hf/header-4/', '40:962f8d86fc67b87c2214b0083cc39b69', 3690, 'post', 'elementor-hf', 1, 0, NULL, NULL, 'Header 4', 'publish', NULL, 0, NULL, NULL, NULL, NULL, NULL, 0, 0, NULL, 0, NULL, NULL, NULL, NULL, NULL, NULL, NULL, NULL, NULL, NULL, NULL, NULL, NULL, NULL, 17, NULL, NULL, '2024-04-22 10:58:39', '2024-04-22 14:13:39', 1, NULL, NULL, NULL, NULL, 0, NULL, 2, '2021-05-24 02:20:06', '2021-05-24 02:20:06', 0),
(10, 'https://amuno.org/elementor-hf/footer-1/', '40:0f798c95df963b53cdb8f84fbfad3b2e', 3831, 'post', 'elementor-hf', 1, 0, NULL, NULL, 'Footer 1', 'publish', NULL, 0, NULL, NULL, NULL, NULL, NULL, 0, 0, NULL, 0, NULL, NULL, NULL, NULL, 'https://amuno.org/wp-content/uploads/2024/03/Main-Logo.png', NULL, NULL, 'first-content-image', NULL, NULL, 'https://amuno.org/wp-content/uploads/2024/03/Main-Logo.png', NULL, 'first-content-image', NULL, 15, NULL, NULL, '2024-04-22 10:58:39', '2024-04-22 14:13:39', 1, NULL, NULL, NULL, NULL, 0, NULL, 2, '2024-03-28 21:33:10', '2021-05-24 02:57:50', 0),
(11, 'https://amuno.org/elementor-hf/header-5/', '40:2115799dd1bfff40106c23202fdd385f', 3837, 'post', 'elementor-hf', 1, 0, NULL, NULL, 'Header 5', 'publish', NULL, 0, NULL, NULL, NULL, NULL, NULL, 0, 0, NULL, 0, NULL, NULL, NULL, NULL, NULL, NULL, NULL, NULL, NULL, NULL, NULL, NULL, NULL, NULL, 18, NULL, NULL, '2024-04-22 10:58:39', '2024-04-22 14:13:39', 1, NULL, NULL, NULL, NULL, 0, NULL, 2, '2021-05-24 02:59:29', '2021-05-24 02:59:29', 0),
(12, 'https://amuno.org/elementor-hf/header-6/', '40:ac16e76dc6e719f1c79fde0fabfe05bc', 3955, 'post', 'elementor-hf', 1, 0, NULL, NULL, 'Header 6', 'publish', NULL, 0, NULL, NULL, NULL, NULL, NULL, 0, 0, NULL, 0, NULL, NULL, NULL, NULL, NULL, NULL, NULL, NULL, NULL, NULL, NULL, NULL, NULL, NULL, 25, NULL, NULL, '2024-04-22 10:58:39', '2024-04-22 14:28:39', 1, NULL, NULL, NULL, NULL, 0, NULL, 2, '2021-05-24 03:27:40', '2021-05-24 03:27:40', 0),
(13, 'https://amuno.org/elementor-hf/footer-6/', '40:1028704025ac10e192f00d48c959a61b', 4053, 'post', 'elementor-hf', 1, 0, NULL, NULL, 'Footer 6', 'publish', NULL, 0, NULL, NULL, NULL, NULL, NULL, 0, 0, NULL, 0, NULL, NULL, NULL, NULL, NULL, NULL, NULL, NULL, NULL, NULL, NULL, NULL, NULL, NULL, 21, NULL, NULL, '2024-04-22 10:58:39', '2024-04-22 14:28:40', 1, NULL, NULL, NULL, NULL, 0, NULL, 2, '2021-05-24 03:54:30', '2021-05-24 03:54:30', 0),
(14, 'https://amuno.org/elementor-hf/footer-7/', '40:909f33a7abf1908e66c6dc517e6a28be', 4055, 'post', 'elementor-hf', 1, 0, NULL, NULL, 'Footer 7', 'publish', NULL, 0, NULL, NULL, NULL, NULL, NULL, 0, 0, NULL, 0, NULL, NULL, NULL, NULL, NULL, NULL, NULL, NULL, NULL, NULL, NULL, NULL, NULL, NULL, 15, NULL, NULL, '2024-04-22 10:58:39', '2024-04-22 14:28:40', 1, NULL, NULL, NULL, NULL, 0, NULL, 2, '2021-05-24 03:54:46', '2021-05-24 03:54:46', 0),
(15, 'https://amuno.org/elementor-hf/footer-4/', '40:a8c1096ed86158c85d70a7f3e0632244', 5264, 'post', 'elementor-hf', 1, 0, NULL, NULL, 'Footer 4', 'publish', NULL, 0, NULL, NULL, NULL, NULL, NULL, 0, 0, NULL, 0, NULL, NULL, NULL, NULL, NULL, NULL, NULL, NULL, NULL, NULL, NULL, NULL, NULL, NULL, 18, NULL, NULL, '2024-04-22 10:58:39', '2024-04-22 14:43:39', 1, NULL, NULL, NULL, NULL, 0, NULL, 2, '2021-05-25 02:00:14', '2021-05-25 02:00:14', 0),
(16, 'https://amuno.org/elementor-hf/footer-5/', '40:7204ba46249b96d33d929575fb12d768', 5665, 'post', 'elementor-hf', 1, 0, NULL, NULL, 'Footer 5', 'publish', NULL, 0, NULL, NULL, NULL, NULL, NULL, 0, 0, NULL, 0, NULL, NULL, NULL, NULL, NULL, NULL, NULL, NULL, NULL, NULL, NULL, NULL, NULL, NULL, 21, NULL, NULL, '2024-04-22 10:58:39', '2024-04-22 14:43:39', 1, NULL, NULL, NULL, NULL, 0, NULL, 2, '2021-05-25 03:22:18', '2021-05-25 03:22:18', 0),
(17, 'https://amuno.org/elementor-hf/footer-2/', '40:d1d86ab7ad72ae1b4b4b8761f444f417', 7576, 'post', 'elementor-hf', 1, 0, NULL, NULL, 'Footer 2', 'publish', NULL, 0, NULL, NULL, NULL, NULL, NULL, 0, 0, NULL, 0, NULL, NULL, NULL, NULL, NULL, NULL, NULL, NULL, NULL, NULL, NULL, NULL, NULL, NULL, 20, NULL, NULL, '2024-04-22 10:58:39', '2024-04-22 14:43:39', 1, NULL, NULL, NULL, NULL, 0, NULL, 2, '2021-05-27 02:01:11', '2021-05-27 02:01:11', 0),
(18, 'https://amuno.org/elementor-hf/footer-3/', '40:32576a741789d65bbe00dec16f788f4e', 7865, 'post', 'elementor-hf', 1, 0, NULL, NULL, 'Footer 3', 'publish', NULL, 0, NULL, NULL, NULL, NULL, NULL, 0, 0, NULL, 0, NULL, NULL, NULL, NULL, NULL, NULL, NULL, NULL, NULL, NULL, NULL, NULL, NULL, NULL, 12, NULL, NULL, '2024-04-22 10:58:39', '2024-04-22 14:53:42', 1, NULL, NULL, NULL, NULL, 0, NULL, 2, '2021-05-27 03:46:22', '2021-05-27 03:46:22', 0),
(19, 'https://amuno.org/elementor-hf/header-7/', '40:e28396bc7ea73568be62b4cf7f086755', 11521, 'post', 'elementor-hf', 1, 0, NULL, NULL, 'Header 7', 'publish', NULL, 0, NULL, NULL, NULL, NULL, NULL, 0, 0, NULL, 0, NULL, NULL, NULL, NULL, NULL, NULL, NULL, NULL, NULL, NULL, NULL, NULL, NULL, NULL, 25, NULL, NULL, '2024-04-22 10:58:39', '2024-04-22 14:53:42', 1, NULL, NULL, NULL, NULL, 0, NULL, 2, '2021-06-01 06:26:04', '2021-06-01 06:26:04', 0),
(20, 'https://amuno.org/elementor-hf/footer-8/', '40:17f434e851f714598fab1bb5577e4135', 12892, 'post', 'elementor-hf', 1, 0, NULL, NULL, 'Footer 8', 'publish', NULL, 0, NULL, NULL, NULL, NULL, NULL, 0, 0, NULL, 0, NULL, NULL, NULL, NULL, NULL, NULL, NULL, NULL, NULL, NULL, NULL, NULL, NULL, NULL, 21, NULL, NULL, '2024-04-22 10:58:39', '2024-04-22 14:53:42', 1, NULL, NULL, NULL, NULL, 0, NULL, 2, '2021-06-03 01:30:22', '2021-06-03 01:30:22', 0),
(21, 'https://amuno.org/category/uncategorized/', '41:98398793e2eacd52cca683cc2928ac2f', 1, 'term', 'category', NULL, NULL, NULL, NULL, 'Uncategorized', NULL, NULL, 0, NULL, NULL, NULL, NULL, NULL, NULL, 0, NULL, NULL, NULL, NULL, NULL, NULL, NULL, NULL, NULL, NULL, NULL, NULL, NULL, NULL, NULL, NULL, 0, NULL, NULL, '2024-04-22 10:58:39', '2024-04-22 13:58:39', 1, NULL, NULL, NULL, NULL, 0, NULL, 2, '2021-05-15 02:36:55', '2021-05-15 02:36:55', NULL),
(22, 'https://amuno.org/category/charity/', '35:c92447c7e55fe4d4613f5e88abeb3c9c', 16, 'term', 'category', NULL, NULL, NULL, NULL, 'Charity', NULL, NULL, 0, NULL, NULL, NULL, NULL, NULL, NULL, 0, NULL, NULL, NULL, NULL, NULL, NULL, NULL, NULL, NULL, NULL, NULL, NULL, NULL, NULL, NULL, NULL, 0, NULL, NULL, '2024-04-22 10:58:39', '2024-04-22 13:58:39', 1, NULL, NULL, NULL, NULL, 0, NULL, 2, NULL, NULL, NULL),
(23, 'https://amuno.org/category/posts/', '33:f83d6574feacef81ac065f5716c5155c', 17, 'term', 'category', NULL, NULL, NULL, NULL, 'Posts', NULL, NULL, 0, NULL, NULL, NULL, NULL, NULL, NULL, 0, NULL, NULL, NULL, NULL, NULL, NULL, NULL, NULL, NULL, NULL, NULL, NULL, NULL, NULL, NULL, NULL, 0, NULL, NULL, '2024-04-22 10:58:39', '2024-04-22 13:58:39', 1, NULL, NULL, NULL, NULL, 0, NULL, 2, NULL, NULL, NULL),
(24, 'https://amuno.org/tag/charity/', '30:016d92ad0cd34ccf9fec980ec66ed011', 18, 'term', 'post_tag', NULL, NULL, NULL, NULL, 'Charity', NULL, NULL, 0, NULL, NULL, NULL, NULL, NULL, NULL, 0, NULL, NULL, NULL, NULL, NULL, NULL, NULL, NULL, NULL, NULL, NULL, NULL, NULL, NULL, NULL, NULL, 0, NULL, NULL, '2024-04-22 10:58:39', '2024-04-22 14:28:40', 1, NULL, NULL, NULL, NULL, 0, NULL, 2, NULL, NULL, NULL),
(25, 'https://amuno.org/tag/ngo/', '26:ed6c6bf7797853dee7ac96b35930d4f8', 19, 'term', 'post_tag', NULL, NULL, NULL, NULL, 'NGO', NULL, NULL, 0, NULL, NULL, NULL, NULL, NULL, NULL, 0, NULL, NULL, NULL, NULL, NULL, NULL, NULL, NULL, NULL, NULL, NULL, NULL, NULL, NULL, NULL, NULL, 0, NULL, NULL, '2024-04-22 10:58:39', '2024-04-22 14:43:39', 1, NULL, NULL, NULL, NULL, 0, NULL, 2, NULL, NULL, NULL),
(26, 'https://amuno.org/tag/posts/', '28:d8fb79e4fa48d5eebfe8afe5c0fa6295', 20, 'term', 'post_tag', NULL, NULL, NULL, NULL, 'Posts', NULL, NULL, 0, NULL, NULL, NULL, NULL, NULL, NULL, 0, NULL, NULL, NULL, NULL, NULL, NULL, NULL, NULL, NULL, NULL, NULL, NULL, NULL, NULL, NULL, NULL, 0, NULL, NULL, '2024-04-22 10:58:39', '2024-04-22 14:43:39', 1, NULL, NULL, NULL, NULL, 0, NULL, 2, NULL, NULL, NULL),
(27, 'https://amuno.org/category/children/', '36:21d18bde873a6acb49cfa6bffbe1f902', 39, 'term', 'category', NULL, NULL, NULL, NULL, 'Children', NULL, NULL, 0, NULL, NULL, NULL, NULL, NULL, NULL, 0, NULL, NULL, NULL, NULL, NULL, NULL, NULL, NULL, NULL, NULL, NULL, NULL, NULL, NULL, NULL, NULL, 0, NULL, NULL, '2024-04-22 10:58:39', '2024-04-22 14:13:39', 1, NULL, NULL, NULL, NULL, 0, NULL, 2, '2021-05-15 02:36:59', '2021-05-15 02:36:59', NULL),
(28, 'https://amuno.org/category/education/', '37:9be634dbe8c4b183c981915b51c91d9e', 40, 'term', 'category', NULL, NULL, NULL, NULL, 'Education', NULL, NULL, 0, NULL, NULL, NULL, NULL, NULL, NULL, 0, NULL, NULL, NULL, NULL, NULL, NULL, NULL, NULL, NULL, NULL, NULL, NULL, NULL, NULL, NULL, NULL, 0, NULL, NULL, '2024-04-22 10:58:39', '2024-04-22 14:13:39', 1, NULL, NULL, NULL, NULL, 0, NULL, 2, '2021-05-15 02:36:58', '2021-05-15 02:36:58', NULL),
(29, 'https://amuno.org/category/food-health/', '39:2d014bb59acb0c26e2d503e63b29fd18', 41, 'term', 'category', NULL, NULL, NULL, NULL, 'Food &amp; Health', NULL, NULL, 0, NULL, NULL, NULL, NULL, NULL, NULL, 0, NULL, NULL, NULL, NULL, NULL, NULL, NULL, NULL, NULL, NULL, NULL, NULL, NULL, NULL, NULL, NULL, 0, NULL, NULL, '2024-04-22 10:58:39', '2024-04-22 14:13:39', 1, NULL, NULL, NULL, NULL, 0, NULL, 2, '2021-05-15 02:36:58', '2021-05-15 02:36:58', NULL),
(30, 'https://amuno.org/category/homeless/', '36:f756abcc271150c0db65d91862c23cb6', 42, 'term', 'category', NULL, NULL, NULL, NULL, 'Homeless', NULL, NULL, 0, NULL, NULL, NULL, NULL, NULL, NULL, 0, NULL, NULL, NULL, NULL, NULL, NULL, NULL, NULL, NULL, NULL, NULL, NULL, NULL, NULL, NULL, NULL, 0, NULL, NULL, '2024-04-22 10:58:39', '2024-04-22 14:28:40', 1, NULL, NULL, NULL, NULL, 0, NULL, 2, '2021-05-15 02:36:57', '2021-05-15 02:36:56', NULL),
(31, 'https://amuno.org/category/medical/', '35:f6898ac15bbf95f50d44f5b0a75d96a7', 43, 'term', 'category', NULL, NULL, NULL, NULL, 'Medical', NULL, NULL, 0, NULL, NULL, NULL, NULL, NULL, NULL, 0, NULL, NULL, NULL, NULL, NULL, NULL, NULL, NULL, NULL, NULL, NULL, NULL, NULL, NULL, NULL, NULL, 0, NULL, NULL, '2024-04-22 10:58:39', '2024-04-22 14:28:40', 1, NULL, NULL, NULL, NULL, 0, NULL, 2, '2021-05-15 02:36:57', '2021-05-15 02:36:56', NULL),
(32, 'https://amuno.org/tag/fruits/', '29:645c21195535e072e04fdbf4f7107982', 45, 'term', 'post_tag', NULL, NULL, NULL, NULL, 'fruits', NULL, NULL, 0, NULL, NULL, NULL, NULL, NULL, NULL, 0, NULL, NULL, NULL, NULL, NULL, NULL, NULL, NULL, NULL, NULL, NULL, NULL, NULL, NULL, NULL, NULL, 0, 2, NULL, '2024-04-22 10:58:39', '2024-04-22 10:28:38', 1, NULL, NULL, NULL, NULL, 0, NULL, 2, '2021-05-15 02:36:59', '2021-05-15 02:36:59', NULL),
(33, 'https://amuno.org/tag/healthy/', '30:1a776be8a4b55bb759562d83f9c9a7e7', 46, 'term', 'post_tag', NULL, NULL, NULL, NULL, 'healthy', NULL, NULL, 0, NULL, NULL, NULL, NULL, NULL, NULL, 0, NULL, NULL, NULL, NULL, NULL, NULL, NULL, NULL, NULL, NULL, NULL, NULL, NULL, NULL, NULL, NULL, 0, 2, NULL, '2024-04-22 10:58:39', '2024-04-22 10:28:38', 1, NULL, NULL, NULL, NULL, 0, NULL, 2, '2021-05-15 02:36:58', '2021-05-15 02:36:58', NULL),
(34, 'https://amuno.org/tag/juices/', '29:da9ea62e1b1d70b93d097c805b90efd5', 47, 'term', 'post_tag', NULL, NULL, NULL, NULL, 'juices', NULL, NULL, 0, NULL, NULL, NULL, NULL, NULL, NULL, 0, NULL, NULL, NULL, NULL, NULL, NULL, NULL, NULL, NULL, NULL, NULL, NULL, NULL, NULL, NULL, NULL, 0, 2, NULL, '2024-04-22 10:58:39', '2024-04-22 10:28:38', 1, NULL, NULL, NULL, NULL, 0, NULL, 2, '2021-05-15 02:36:59', '2021-05-15 02:36:59', NULL),
(35, 'https://amuno.org/tag/meat/', '27:42a1699f84666424c56d760af1e14e45', 48, 'term', 'post_tag', NULL, NULL, NULL, NULL, 'meat', NULL, NULL, 0, NULL, NULL, NULL, NULL, NULL, NULL, 0, NULL, NULL, NULL, NULL, NULL, NULL, NULL, NULL, NULL, NULL, NULL, NULL, NULL, NULL, NULL, NULL, 0, 2, NULL, '2024-04-22 10:58:39', '2024-04-22 10:28:38', 1, NULL, NULL, NULL, NULL, 0, NULL, 2, '2021-05-15 02:36:58', '2021-05-15 02:36:58', NULL),
(36, NULL, NULL, NULL, 'system-page', 'search-result', NULL, NULL, 'You searched for %%searchphrase%% %%page%% %%sep%% %%sitename%%', NULL, NULL, NULL, NULL, 0, NULL, NULL, NULL, NULL, NULL, NULL, 0, 1, 0, 0, 0, 0, NULL, NULL, NULL, NULL, NULL, NULL, NULL, NULL, NULL, NULL, NULL, NULL, NULL, NULL, '2024-04-22 10:58:39', '2024-04-22 13:58:39', 1, NULL, NULL, NULL, NULL, 0, NULL, 1, NULL, NULL, NULL),
(37, NULL, NULL, NULL, 'date-archive', NULL, NULL, NULL, '%%date%% %%page%% %%sep%% %%sitename%%', '', NULL, NULL, 0, 0, NULL, NULL, NULL, NULL, NULL, NULL, 0, 1, 0, 0, 0, 0, NULL, NULL, NULL, NULL, NULL, NULL, NULL, NULL, NULL, NULL, NULL, NULL, NULL, NULL, '2024-04-22 10:58:39', '2024-04-22 13:58:39', 1, NULL, NULL, NULL, NULL, 0, NULL, 1, NULL, NULL, NULL),
(38, 'https://amuno.org/donations/', '28:8fb9b0153dcd205663b4bfefdde5a48e', NULL, 'post-type-archive', 'give_forms', NULL, NULL, '%%pt_plural%% Archive %%page%% %%sep%% %%sitename%%', '', 'Donation Forms', NULL, 1, 0, NULL, NULL, NULL, NULL, NULL, NULL, 0, 0, 0, 0, 0, 0, NULL, NULL, NULL, NULL, NULL, NULL, NULL, NULL, NULL, NULL, NULL, NULL, NULL, NULL, '2024-04-22 10:58:39', '2024-04-22 13:58:39', 1, NULL, NULL, NULL, NULL, 0, NULL, 2, '2024-03-28 14:16:00', '2024-03-28 11:45:12', NULL),
(39, 'https://amuno.org/about-whoweare/', '33:dfd5532cf7a9e0424c004660cc8e5c07', 10615, 'post', 'page', 1, 0, NULL, NULL, 'About whoweare', 'publish', NULL, 0, NULL, NULL, NULL, NULL, NULL, 0, 0, NULL, 0, NULL, NULL, NULL, NULL, 'https://amuno.org/wp-content/uploads/2021/05/Ab_whoweare_03.png', NULL, NULL, 'first-content-image', NULL, NULL, 'https://amuno.org/wp-content/uploads/2021/05/Ab_whoweare_03.png', NULL, 'first-content-image', NULL, 7, 15, NULL, '2024-04-22 10:58:39', '2024-04-22 10:41:19', 1, NULL, NULL, NULL, NULL, 0, NULL, 2, '2024-04-13 18:49:24', '2021-05-31 06:49:39', 0),
(40, 'https://amuno.org/about-core/', '29:be1ca30e41924357080fe4408db83527', 6412, 'post', 'page', 1, 0, NULL, NULL, 'About core', 'publish', NULL, 0, NULL, NULL, NULL, NULL, NULL, 0, 0, NULL, 0, NULL, NULL, NULL, NULL, 'https://amuno.org/wp-content/uploads/2024/03/core-value.jpg', NULL, NULL, 'first-content-image', NULL, NULL, 'https://amuno.org/wp-content/uploads/2024/03/core-value.jpg', NULL, 'first-content-image', NULL, 3, 12, NULL, '2024-04-22 10:58:39', '2024-04-22 16:58:38', 1, NULL, NULL, NULL, NULL, 0, NULL, 2, '2024-03-28 15:56:00', '2021-05-25 09:34:08', 0),
(41, 'https://amuno.org/our-team/', '27:9184674ba515062aea9466a7800e63fd', 12338, 'post', 'page', 1, 0, NULL, NULL, 'Our Team', 'publish', NULL, 0, NULL, NULL, NULL, NULL, NULL, 90, 0, NULL, 0, NULL, NULL, NULL, NULL, 'https://amuno.org/wp-content/uploads/2024/03/maren.png', NULL, NULL, 'first-content-image', NULL, NULL, 'https://amuno.org/wp-content/uploads/2024/03/maren.png', NULL, 'first-content-image', NULL, 0, 13, NULL, '2024-04-22 10:58:39', '2024-05-10 15:39:08', 1, NULL, NULL, NULL, NULL, 0, 2, 2, '2024-05-10 12:39:08', '2021-06-02 03:49:32', 0),
(42, 'https://amuno.org/about-history/', '32:699c063e9178e8a66f7d64fb7bda3d21', 5897, 'post', 'page', 1, 0, NULL, NULL, 'About history', 'publish', NULL, 0, NULL, NULL, NULL, NULL, NULL, 0, 0, NULL, 0, NULL, NULL, NULL, NULL, NULL, NULL, NULL, NULL, NULL, NULL, NULL, NULL, NULL, NULL, 0, 12, NULL, '2024-04-22 10:58:39', '2024-04-22 16:38:53', 1, NULL, NULL, NULL, NULL, 0, NULL, 2, '2024-03-27 14:43:02', '2021-05-25 04:18:41', 0),
(43, 'https://amuno.org/about-whatwedo/', '33:8fccf50944afd7b85d389ec0cf611aab', 8800, 'post', 'page', 1, 0, NULL, NULL, 'About whatwedo', 'publish', NULL, 0, NULL, NULL, NULL, NULL, NULL, 0, 0, NULL, 0, NULL, NULL, NULL, NULL, 'https://amuno.org/wp-content/uploads/2024/03/Bukedea-Map.jpg', NULL, NULL, 'first-content-image', NULL, NULL, 'https://amuno.org/wp-content/uploads/2024/03/Bukedea-Map.jpg', NULL, 'first-content-image', NULL, 0, 22, NULL, '2024-04-22 10:58:39', '2024-04-22 10:41:19', 1, NULL, NULL, NULL, NULL, 0, NULL, 2, '2024-04-01 15:45:19', '2021-05-28 02:37:02', 0),
(44, 'https://amuno.org/volunteer/', '28:bc9f47c7416d365356e288042006133b', 12607, 'post', 'page', 1, 0, NULL, NULL, 'Volunteer', 'publish', NULL, 0, NULL, NULL, NULL, NULL, NULL, 0, 0, NULL, 0, NULL, NULL, NULL, NULL, 'https://amuno.org/wp-content/uploads/2021/06/Volunteer_02.png', NULL, NULL, 'first-content-image', NULL, NULL, 'https://amuno.org/wp-content/uploads/2021/06/Volunteer_02.png', NULL, 'first-content-image', NULL, 0, 18, NULL, '2024-04-22 10:58:39', '2024-04-22 17:41:20', 1, NULL, NULL, NULL, NULL, 0, NULL, 2, '2024-03-28 15:44:44', '2021-06-02 08:17:31', 0),
(45, 'https://amuno.org/frequently-asked-questions/', '45:ca098194049fa057b8f1c5a38c672ea2', 11183, 'post', 'page', 1, 0, NULL, NULL, 'Frequently Asked Questions', 'publish', NULL, 0, NULL, NULL, NULL, NULL, NULL, 0, 0, NULL, 0, NULL, NULL, NULL, NULL, NULL, NULL, NULL, NULL, NULL, NULL, NULL, NULL, NULL, NULL, 7, 13, NULL, '2024-04-22 10:58:39', '2024-04-22 17:41:19', 1, NULL, NULL, NULL, NULL, 0, NULL, 2, '2024-03-28 21:50:48', '2021-06-01 02:51:21', 0),
(46, 'https://amuno.org/contact-us/', '29:da1c4aca1d260cf863586cf6fc821ff3', 11063, 'post', 'page', 1, 0, NULL, NULL, 'Contact us', 'publish', NULL, 0, NULL, NULL, NULL, NULL, NULL, 0, 0, NULL, 0, NULL, NULL, NULL, NULL, NULL, NULL, NULL, NULL, NULL, NULL, NULL, NULL, NULL, NULL, 0, 15, NULL, '2024-04-22 10:58:39', '2024-04-22 17:28:38', 1, NULL, NULL, NULL, NULL, 0, NULL, 2, '2024-03-28 16:00:42', '2021-06-01 02:06:47', 0),
(47, 'https://amuno.org/tag/natural/', '30:9ec4590212ab12e5bdf7c4c8f904c96f', 49, 'term', 'post_tag', NULL, NULL, NULL, NULL, 'natural', NULL, NULL, 0, NULL, NULL, NULL, NULL, NULL, NULL, 0, NULL, NULL, NULL, NULL, NULL, NULL, NULL, NULL, NULL, NULL, NULL, NULL, NULL, NULL, NULL, NULL, 0, 2, NULL, '2024-04-22 11:08:16', '2024-04-22 10:28:38', 1, NULL, NULL, NULL, NULL, 0, NULL, 2, '2021-05-15 02:36:58', '2021-05-15 02:36:58', NULL),
(48, 'https://amuno.org/elementor-hf/footer-bar/', '42:106380bf570d15440413300f359465e0', 16549, 'post', 'elementor-hf', 1, 0, NULL, NULL, 'Footer Bar', 'publish', NULL, 0, NULL, NULL, NULL, NULL, NULL, 0, 0, NULL, 0, NULL, NULL, NULL, NULL, NULL, NULL, NULL, NULL, NULL, NULL, NULL, NULL, NULL, NULL, 0, NULL, NULL, '2024-04-22 11:13:39', '2024-04-22 15:08:42', 1, NULL, NULL, NULL, NULL, 0, NULL, 2, '2022-04-20 02:19:59', '2022-04-20 02:19:59', 0),
(49, 'https://amuno.org/elementor-hf/header-8/', '40:2b8569a2b076044093abcea985dfe0ec', 17635, 'post', 'elementor-hf', 1, 0, NULL, NULL, 'Header 8', 'publish', NULL, 0, NULL, NULL, NULL, NULL, NULL, 0, 0, NULL, 0, NULL, NULL, NULL, NULL, NULL, NULL, NULL, NULL, NULL, NULL, NULL, NULL, NULL, NULL, 28, NULL, NULL, '2024-04-22 11:13:39', '2024-04-22 15:08:42', 1, NULL, NULL, NULL, NULL, 0, NULL, 2, '2022-12-22 10:20:55', '2022-12-22 10:20:55', 0),
(50, 'https://amuno.org/elementor-hf/footer-9/', '40:726f9be71715789acb86b927d6e9eb93', 17761, 'post', 'elementor-hf', 1, 0, NULL, NULL, 'Footer 9', 'publish', NULL, 0, NULL, NULL, NULL, NULL, NULL, 0, 0, NULL, 0, NULL, NULL, NULL, NULL, NULL, NULL, NULL, NULL, NULL, NULL, NULL, NULL, NULL, NULL, 19, NULL, NULL, '2024-04-22 11:13:39', '2024-04-22 15:08:42', 1, NULL, NULL, NULL, NULL, 0, NULL, 2, '2022-12-23 03:27:34', '2022-12-23 03:27:34', 0),
(51, 'https://amuno.org/elementor-hf/header-9/', '40:3441add22421cb4325282649faa95170', 17861, 'post', 'elementor-hf', 1, 0, NULL, NULL, 'Header 9', 'publish', NULL, 0, NULL, NULL, NULL, NULL, NULL, 0, 0, NULL, 0, NULL, NULL, NULL, NULL, NULL, NULL, NULL, NULL, NULL, NULL, NULL, NULL, NULL, NULL, 23, NULL, NULL, '2024-04-22 11:13:39', '2024-04-22 15:23:52', 1, NULL, NULL, NULL, NULL, 0, NULL, 2, '2022-12-23 03:59:27', '2022-12-23 03:59:27', 0),
(52, 'https://amuno.org/elementor-hf/footer-10/', '41:72db819e62ebfbc081cb515618ae4fd6', 18215, 'post', 'elementor-hf', 1, 0, NULL, NULL, 'Footer 10', 'publish', NULL, 0, NULL, NULL, NULL, NULL, NULL, 0, 0, NULL, 0, NULL, NULL, NULL, NULL, NULL, NULL, NULL, NULL, NULL, NULL, NULL, NULL, NULL, NULL, 20, NULL, NULL, '2024-04-22 11:13:39', '2024-04-22 15:23:52', 1, NULL, NULL, NULL, NULL, 0, NULL, 2, '2022-12-23 09:55:38', '2022-12-23 09:55:38', 0),
(53, 'https://amuno.org/elementor-hf/footer-11/', '41:84553ae22b9d48d5ee2e1ed376e65887', 18232, 'post', 'elementor-hf', 1, 0, NULL, NULL, 'Footer 11', 'publish', NULL, 0, NULL, NULL, NULL, NULL, NULL, 0, 0, NULL, 0, NULL, NULL, NULL, NULL, NULL, NULL, NULL, NULL, NULL, NULL, NULL, NULL, NULL, NULL, 17, NULL, NULL, '2024-04-22 11:13:39', '2024-04-22 15:23:52', 1, NULL, NULL, NULL, NULL, 0, NULL, 2, '2022-12-23 10:10:08', '2022-12-23 10:10:08', 0),
(54, 'https://amuno.org/elementor-hf/header-10/', '41:d78363f107d4b10588769013a6026ec4', 18439, 'post', 'elementor-hf', 1, 0, NULL, NULL, 'Header 10', 'publish', NULL, 0, NULL, NULL, NULL, NULL, NULL, 0, 0, NULL, 0, NULL, NULL, NULL, NULL, NULL, NULL, NULL, NULL, NULL, NULL, NULL, NULL, NULL, NULL, 14, NULL, NULL, '2024-04-22 11:13:39', '2024-04-22 15:43:36', 1, NULL, NULL, NULL, NULL, 0, NULL, 2, '2022-12-24 06:45:19', '2022-12-24 06:45:19', 0),
(55, 'https://amuno.org/elementor-hf/footer-12/', '41:206d30c7a2de2a92aca097be740835f5', 18793, 'post', 'elementor-hf', 1, 0, NULL, NULL, 'Footer 12', 'publish', NULL, 0, NULL, NULL, NULL, NULL, NULL, 0, 0, NULL, 0, NULL, NULL, NULL, NULL, NULL, NULL, NULL, NULL, NULL, NULL, NULL, NULL, NULL, NULL, 17, NULL, NULL, '2024-04-22 11:13:39', '2024-04-22 15:43:36', 1, NULL, NULL, NULL, NULL, 0, NULL, 2, '2022-12-26 08:03:29', '2022-12-26 08:03:29', 0),
(56, 'https://amuno.org/elementor-hf/header-11/', '41:f815992ee5accaef7c2347a44633a165', 19267, 'post', 'elementor-hf', 1, 0, NULL, NULL, 'Header 11', 'publish', NULL, 0, NULL, NULL, NULL, NULL, NULL, 0, 0, NULL, 0, NULL, NULL, NULL, NULL, NULL, NULL, NULL, NULL, NULL, NULL, NULL, NULL, NULL, NULL, 19, NULL, NULL, '2024-04-22 11:13:39', '2024-04-22 15:43:36', 1, NULL, NULL, NULL, NULL, 0, NULL, 2, '2022-12-27 04:22:20', '2022-12-27 04:22:20', 0),
(57, 'https://amuno.org/donations/sponsor-a-child/', '44:0aa9b71bed5b942489f08b3dc6198385', 19921, 'post', 'give_forms', 1, 0, NULL, NULL, 'Sponsor a child', 'publish', NULL, 0, NULL, NULL, NULL, NULL, NULL, 0, 0, NULL, 0, NULL, NULL, NULL, NULL, 'https://i0.wp.com/amuno.org/wp-content/uploads/2020/03/Scholastic-materials.jpg?fit=1000%2C1000&ssl=1', NULL, '19833', 'featured-image', NULL, NULL, 'https://i0.wp.com/amuno.org/wp-content/uploads/2020/03/Scholastic-materials.jpg?fit=1000%2C1000&ssl=1', '19833', 'featured-image', '{"width":1000,"height":1000,"filesize":1107442,"url":"https://i0.wp.com/amuno.org/wp-content/uploads/2020/03/Scholastic-materials.jpg?fit=1000%2C1000&ssl=1","path":"/home/amunoo5/amuno.org/wp-content/uploads/2020/03/Scholastic-materials.jpg","size":"full","id":19833,"alt":"","pixels":1000000,"type":"image/jpeg"}', 0, 4, NULL, '2024-04-22 11:13:39', '2024-04-22 10:28:38', 1, NULL, NULL, NULL, NULL, 0, NULL, 2, '2024-03-28 11:47:35', '2024-03-28 11:45:12', 0),
(58, 'https://amuno.org/donations/support-a-family/', '45:fad0fed379b7651930cd95a36017bb78', 19938, 'post', 'give_forms', 1, 0, NULL, NULL, 'Support a family', 'publish', NULL, 0, NULL, NULL, NULL, NULL, NULL, 0, 0, NULL, 0, NULL, NULL, NULL, NULL, 'https://i0.wp.com/amuno.org/wp-content/uploads/2024/03/Family-support-feautured.jpg?fit=1000%2C1000&ssl=1', NULL, '19956', 'featured-image', NULL, NULL, 'https://i0.wp.com/amuno.org/wp-content/uploads/2024/03/Family-support-feautured.jpg?fit=1000%2C1000&ssl=1', '19956', 'featured-image', '{"width":1000,"height":1000,"filesize":1178955,"url":"https://i0.wp.com/amuno.org/wp-content/uploads/2024/03/Family-support-feautured.jpg?fit=1000%2C1000&ssl=1","path":"/home/amunoo5/amuno.org/wp-content/uploads/2024/03/Family-support-feautured.jpg","size":"full","id":19956,"alt":"","pixels":1000000,"type":"image/jpeg"}', 0, 4, NULL, '2024-04-22 11:13:39', '2024-04-22 10:28:38', 1, NULL, NULL, NULL, NULL, 0, NULL, 2, '2024-03-28 13:55:14', '2024-03-28 11:50:44', 0),
(59, 'https://amuno.org/donations/support-our-team/', '45:24a03d72cb21e82e8d1f468d8b9902fa', 19960, 'post', 'give_forms', 1, 0, NULL, NULL, 'Support our team', 'publish', NULL, 0, NULL, NULL, NULL, NULL, NULL, 0, 0, NULL, 0, NULL, NULL, NULL, NULL, 'https://i0.wp.com/amuno.org/wp-content/uploads/2024/03/Team-support.jpg?fit=1000%2C1000&ssl=1', NULL, '19962', 'featured-image', NULL, NULL, 'https://i0.wp.com/amuno.org/wp-content/uploads/2024/03/Team-support.jpg?fit=1000%2C1000&ssl=1', '19962', 'featured-image', '{"width":1000,"height":1000,"filesize":1023047,"url":"https://i0.wp.com/amuno.org/wp-content/uploads/2024/03/Team-support.jpg?fit=1000%2C1000&ssl=1","path":"/home/amunoo5/amuno.org/wp-content/uploads/2024/03/Team-support.jpg","size":"full","id":19962,"alt":"","pixels":1000000,"type":"image/jpeg"}', 0, 4, NULL, '2024-04-22 11:13:39', '2024-04-22 10:28:38', 1, NULL, NULL, NULL, NULL, 0, NULL, 2, '2024-03-28 14:16:00', '2024-03-28 13:57:55', 0),
(60, 'https://amuno.org/?post_type=give_forms&p=63', '44:623834400880afd23045717fce96e563', 63, 'post', 'give_forms', 1, 0, NULL, NULL, 'A Greater Reach for Uptown Bill&#8217;s', 'trash', 0, 0, NULL, NULL, NULL, NULL, NULL, 0, 0, NULL, 0, NULL, NULL, NULL, NULL, 'https://i0.wp.com/amuno.org/wp-content/uploads/2021/05/placeholder.jpg?fit=1000%2C1000&ssl=1', NULL, '163', 'featured-image', NULL, NULL, 'https://i0.wp.com/amuno.org/wp-content/uploads/2021/05/placeholder.jpg?fit=1000%2C1000&ssl=1', '163', 'featured-image', '{"width":1000,"height":1000,"filesize":4362,"url":"https://i0.wp.com/amuno.org/wp-content/uploads/2021/05/placeholder.jpg?fit=1000%2C1000&ssl=1","path":"/home/amunoo5/amuno.org/wp-content/uploads/2021/05/placeholder.jpg","size":"full","id":163,"alt":"","pixels":1000000,"type":"image/jpeg"}', NULL, NULL, NULL, '2024-04-22 11:13:39', '2024-04-22 14:13:39', 1, NULL, NULL, NULL, NULL, 0, NULL, 2, '2024-03-28 07:34:20', '2020-03-14 03:35:40', 0),
(61, 'https://amuno.org/?post_type=give_forms&p=125', '45:1ddbf1e0574974e50327e8e1c77b02ec', 125, 'post', 'give_forms', 1, 0, NULL, NULL, 'Krista&#8217;s Climb for a Cause', 'trash', 0, 0, NULL, NULL, NULL, NULL, NULL, 0, 0, NULL, 0, NULL, NULL, NULL, NULL, 'https://i0.wp.com/amuno.org/wp-content/uploads/2021/05/placeholder.jpg?fit=1000%2C1000&ssl=1', NULL, '163', 'featured-image', NULL, NULL, 'https://i0.wp.com/amuno.org/wp-content/uploads/2021/05/placeholder.jpg?fit=1000%2C1000&ssl=1', '163', 'featured-image', '{"width":1000,"height":1000,"filesize":4362,"url":"https://i0.wp.com/amuno.org/wp-content/uploads/2021/05/placeholder.jpg?fit=1000%2C1000&ssl=1","path":"/home/amunoo5/amuno.org/wp-content/uploads/2021/05/placeholder.jpg","size":"full","id":163,"alt":"","pixels":1000000,"type":"image/jpeg"}', NULL, NULL, NULL, '2024-04-22 11:13:39', '2024-04-22 14:13:39', 1, NULL, NULL, NULL, NULL, 0, NULL, 2, '2024-03-28 06:03:25', '2020-06-17 03:09:40', 0),
(62, 'https://amuno.org/?post_type=give_forms&p=39', '44:bbcd767037a00a7ba67ce40665b73cd3', 39, 'post', 'give_forms', 1, 0, NULL, NULL, 'Mountain Bikes for NWA Children&#8217;s Shelter', 'trash', 0, 0, NULL, NULL, NULL, NULL, NULL, 0, 0, NULL, 0, NULL, NULL, NULL, NULL, 'https://i0.wp.com/amuno.org/wp-content/uploads/2021/05/placeholder.jpg?fit=1000%2C1000&ssl=1', NULL, '163', 'featured-image', NULL, NULL, 'https://i0.wp.com/amuno.org/wp-content/uploads/2021/05/placeholder.jpg?fit=1000%2C1000&ssl=1', '163', 'featured-image', '{"width":1000,"height":1000,"filesize":4362,"url":"https://i0.wp.com/amuno.org/wp-content/uploads/2021/05/placeholder.jpg?fit=1000%2C1000&ssl=1","path":"/home/amunoo5/amuno.org/wp-content/uploads/2021/05/placeholder.jpg","size":"full","id":163,"alt":"","pixels":1000000,"type":"image/jpeg"}', NULL, NULL, NULL, '2024-04-22 11:13:39', '2024-04-22 14:13:39', 1, NULL, NULL, NULL, NULL, 0, NULL, 2, '2024-03-28 07:34:23', '2020-06-13 03:51:40', 0),
(63, 'https://amuno.org/tag/organic/', '30:de4295ae7c53b9282b2f3f50bf7fbb41', 50, 'term', 'post_tag', NULL, NULL, NULL, NULL, 'organic', NULL, NULL, 0, NULL, NULL, NULL, NULL, NULL, NULL, 0, NULL, NULL, NULL, NULL, NULL, NULL, NULL, NULL, NULL, NULL, NULL, NULL, NULL, NULL, NULL, NULL, 0, 2, NULL, '2024-04-22 11:13:39', '2024-04-22 10:28:38', 1, NULL, NULL, NULL, NULL, 0, NULL, 2, '2021-05-15 02:36:59', '2021-05-15 02:36:58', NULL),
(64, 'https://amuno.org/tag/tomato/', '29:becbb2aada34a1c15dafe3261e2c3d69', 51, 'term', 'post_tag', NULL, NULL, NULL, NULL, 'tomato', NULL, NULL, 0, NULL, NULL, NULL, NULL, NULL, NULL, 0, NULL, NULL, NULL, NULL, NULL, NULL, NULL, NULL, NULL, NULL, NULL, NULL, NULL, NULL, NULL, NULL, 0, 2, NULL, '2024-04-22 11:13:39', '2024-04-22 10:28:38', 1, NULL, NULL, NULL, NULL, 0, NULL, 2, '2021-05-15 02:36:58', '2021-05-15 02:36:58', NULL),
(65, 'https://amuno.org/tag/vegetables/', '33:a70bed493689a7defe0eb06bbaf7c9d1', 52, 'term', 'post_tag', NULL, NULL, NULL, NULL, 'vegetables', NULL, NULL, 0, NULL, NULL, NULL, NULL, NULL, NULL, 0, NULL, NULL, NULL, NULL, NULL, NULL, NULL, NULL, NULL, NULL, NULL, NULL, NULL, NULL, NULL, NULL, 0, 2, NULL, '2024-04-22 11:13:39', '2024-04-22 10:28:38', 1, NULL, NULL, NULL, NULL, 0, NULL, 2, '2021-05-15 02:36:59', '2021-05-15 02:36:59', NULL),
(66, 'https://amuno.org/donate-2/', '27:a8b8186a8fb1eba5822034870903a4c5', 13349, 'post', 'page', 1, 0, NULL, NULL, 'Donate', 'publish', NULL, 0, NULL, NULL, NULL, NULL, NULL, 0, 0, NULL, 0, NULL, NULL, NULL, NULL, NULL, NULL, NULL, NULL, NULL, NULL, NULL, NULL, NULL, NULL, 0, 6, NULL, '2024-04-22 11:13:39', '2024-04-22 17:56:17', 1, NULL, NULL, NULL, NULL, 0, NULL, 2, '2024-03-28 14:39:51', '2021-06-03 08:46:04', 0),
(67, 'https://amuno.org/privacy-policy/', '33:28303bad4b87d283e0f10952e1d1cff3', 3, 'post', 'page', 1, 0, NULL, NULL, 'Privacy Policy', 'publish', NULL, 0, NULL, NULL, NULL, NULL, NULL, 0, 0, NULL, 0, NULL, NULL, NULL, NULL, NULL, NULL, NULL, NULL, NULL, NULL, NULL, NULL, NULL, NULL, 0, 1, NULL, '2024-04-22 11:13:39', '2024-04-22 18:28:38', 1, NULL, NULL, NULL, NULL, 0, NULL, 2, '2024-03-28 09:34:41', '2024-03-12 07:03:54', 0),
(68, 'https://amuno.org/?post_type=give_forms&p=147', '45:cee5fb2ac2c975a350ceff5d40125c13', 147, 'post', 'give_forms', 1, 0, NULL, NULL, 'Helping Women Period-Chicago', 'trash', 0, 0, NULL, NULL, NULL, NULL, NULL, 0, 0, NULL, 0, NULL, NULL, NULL, NULL, 'https://i0.wp.com/amuno.org/wp-content/uploads/2021/05/placeholder.jpg?fit=1000%2C1000&ssl=1', NULL, '163', 'featured-image', NULL, NULL, 'https://i0.wp.com/amuno.org/wp-content/uploads/2021/05/placeholder.jpg?fit=1000%2C1000&ssl=1', '163', 'featured-image', '{"width":1000,"height":1000,"filesize":4362,"url":"https://i0.wp.com/amuno.org/wp-content/uploads/2021/05/placeholder.jpg?fit=1000%2C1000&ssl=1","path":"/home/amunoo5/amuno.org/wp-content/uploads/2021/05/placeholder.jpg","size":"full","id":163,"alt":"","pixels":1000000,"type":"image/jpeg"}', NULL, NULL, NULL, '2024-04-22 11:28:39', '2024-04-22 14:28:39', 1, NULL, NULL, NULL, NULL, 0, NULL, 2, '2024-03-28 06:03:22', '2020-03-15 03:14:40', 0),
(69, 'https://amuno.org/?post_type=give_forms&p=35', '44:2c260ad5c552b6405f1ba5058631ce21', 35, 'post', 'give_forms', 1, 0, NULL, NULL, 'Minivan Build Match, Double Your Gift', 'trash', 0, 0, NULL, NULL, NULL, NULL, NULL, 0, 0, NULL, 0, NULL, NULL, NULL, NULL, 'https://i0.wp.com/amuno.org/wp-content/uploads/2021/05/placeholder.jpg?fit=1000%2C1000&ssl=1', NULL, '163', 'featured-image', NULL, NULL, 'https://i0.wp.com/amuno.org/wp-content/uploads/2021/05/placeholder.jpg?fit=1000%2C1000&ssl=1', '163', 'featured-image', '{"width":1000,"height":1000,"filesize":4362,"url":"https://i0.wp.com/amuno.org/wp-content/uploads/2021/05/placeholder.jpg?fit=1000%2C1000&ssl=1","path":"/home/amunoo5/amuno.org/wp-content/uploads/2021/05/placeholder.jpg","size":"full","id":163,"alt":"","pixels":1000000,"type":"image/jpeg"}', NULL, NULL, NULL, '2024-04-22 11:28:39', '2024-04-22 14:28:39', 1, NULL, NULL, NULL, NULL, 0, NULL, 2, '2024-03-28 07:34:23', '2020-06-07 03:42:40', 0),
(70, 'https://amuno.org/?post_type=give_forms&p=71', '44:33c2549641058b3827766380456364fd', 71, 'post', 'give_forms', 1, 0, NULL, NULL, 'New American Riders: Bicycles for refugees in Western Mass', 'trash', 0, 0, NULL, NULL, NULL, NULL, NULL, 0, 0, NULL, 0, NULL, NULL, NULL, NULL, 'https://i0.wp.com/amuno.org/wp-content/uploads/2021/05/placeholder.jpg?fit=1000%2C1000&ssl=1', NULL, '163', 'featured-image', NULL, NULL, 'https://i0.wp.com/amuno.org/wp-content/uploads/2021/05/placeholder.jpg?fit=1000%2C1000&ssl=1', '163', 'featured-image', '{"width":1000,"height":1000,"filesize":4362,"url":"https://i0.wp.com/amuno.org/wp-content/uploads/2021/05/placeholder.jpg?fit=1000%2C1000&ssl=1","path":"/home/amunoo5/amuno.org/wp-content/uploads/2021/05/placeholder.jpg","size":"full","id":163,"alt":"","pixels":1000000,"type":"image/jpeg"}', NULL, NULL, NULL, '2024-04-22 11:28:39', '2024-04-22 14:28:39', 1, NULL, NULL, NULL, NULL, 0, NULL, 2, '2024-03-28 07:33:10', '2020-06-30 03:37:40', 0),
(71, 'https://amuno.org/?post_type=give_forms&p=55', '44:f7f85b127af3a2187247847215f148d4', 55, 'post', 'give_forms', 1, 0, NULL, NULL, 'Raising money for Vision Rescue', 'trash', 0, 0, NULL, NULL, NULL, NULL, NULL, 0, 0, NULL, 0, NULL, NULL, NULL, NULL, 'https://i0.wp.com/amuno.org/wp-content/uploads/2021/05/placeholder.jpg?fit=1000%2C1000&ssl=1', NULL, '163', 'featured-image', NULL, NULL, 'https://i0.wp.com/amuno.org/wp-content/uploads/2021/05/placeholder.jpg?fit=1000%2C1000&ssl=1', '163', 'featured-image', '{"width":1000,"height":1000,"filesize":4362,"url":"https://i0.wp.com/amuno.org/wp-content/uploads/2021/05/placeholder.jpg?fit=1000%2C1000&ssl=1","path":"/home/amunoo5/amuno.org/wp-content/uploads/2021/05/placeholder.jpg","size":"full","id":163,"alt":"","pixels":1000000,"type":"image/jpeg"}', NULL, NULL, NULL, '2024-04-22 11:28:39', '2024-04-22 14:28:39', 1, NULL, NULL, NULL, NULL, 0, NULL, 2, '2024-03-28 07:34:21', '2020-01-15 03:34:40', 0),
(72, 'https://amuno.org/?post_type=give_forms&p=25', '44:b4d1029a1d2f95025a1a953e99bcdfa7', 25, 'post', 'give_forms', 1, 0, NULL, NULL, 'Bose &#038; HGS Children&#8217;s Sponsorship', 'trash', 0, 0, NULL, NULL, NULL, NULL, NULL, 0, 0, NULL, 0, NULL, NULL, NULL, NULL, 'https://i0.wp.com/amuno.org/wp-content/uploads/2021/05/placeholder.jpg?fit=1000%2C1000&ssl=1', NULL, '163', 'featured-image', NULL, NULL, 'https://i0.wp.com/amuno.org/wp-content/uploads/2021/05/placeholder.jpg?fit=1000%2C1000&ssl=1', '163', 'featured-image', '{"width":1000,"height":1000,"filesize":4362,"url":"https://i0.wp.com/amuno.org/wp-content/uploads/2021/05/placeholder.jpg?fit=1000%2C1000&ssl=1","path":"/home/amunoo5/amuno.org/wp-content/uploads/2021/05/placeholder.jpg","size":"full","id":163,"alt":"","pixels":1000000,"type":"image/jpeg"}', NULL, NULL, NULL, '2024-04-22 11:28:39', '2024-04-22 14:28:39', 1, NULL, NULL, NULL, NULL, 0, NULL, 2, '2024-03-28 08:43:23', '2020-04-07 03:48:40', 0),
(73, 'https://amuno.org/?post_type=give_forms&p=59', '44:99faed4a3963157991808d1f994514d3', 59, 'post', 'give_forms', 1, 0, NULL, NULL, 'Empower the Kids of Ghana', 'trash', 0, 0, NULL, NULL, NULL, NULL, NULL, 0, 0, NULL, 0, NULL, NULL, NULL, NULL, 'https://i0.wp.com/amuno.org/wp-content/uploads/2021/05/placeholder.jpg?fit=1000%2C1000&ssl=1', NULL, '163', 'featured-image', NULL, NULL, 'https://i0.wp.com/amuno.org/wp-content/uploads/2021/05/placeholder.jpg?fit=1000%2C1000&ssl=1', '163', 'featured-image', '{"width":1000,"height":1000,"filesize":4362,"url":"https://i0.wp.com/amuno.org/wp-content/uploads/2021/05/placeholder.jpg?fit=1000%2C1000&ssl=1","path":"/home/amunoo5/amuno.org/wp-content/uploads/2021/05/placeholder.jpg","size":"full","id":163,"alt":"","pixels":1000000,"type":"image/jpeg"}', NULL, NULL, NULL, '2024-04-22 11:28:39', '2024-04-22 14:28:39', 1, NULL, NULL, NULL, NULL, 0, NULL, 2, '2024-03-28 07:34:20', '2020-03-15 03:49:40', 0),
(74, 'https://amuno.org/?post_type=give_forms&p=69', '44:c824a2cfcbaa0df892c9764cfe3f4eb3', 69, 'post', 'give_forms', 1, 0, NULL, NULL, 'Supporting Pregnant and Parenting Youth', 'trash', 0, 0, NULL, NULL, NULL, NULL, NULL, 0, 0, NULL, 0, NULL, NULL, NULL, NULL, 'https://i0.wp.com/amuno.org/wp-content/uploads/2021/05/placeholder.jpg?fit=1000%2C1000&ssl=1', NULL, '163', 'featured-image', NULL, NULL, 'https://i0.wp.com/amuno.org/wp-content/uploads/2021/05/placeholder.jpg?fit=1000%2C1000&ssl=1', '163', 'featured-image', '{"width":1000,"height":1000,"filesize":4362,"url":"https://i0.wp.com/amuno.org/wp-content/uploads/2021/05/placeholder.jpg?fit=1000%2C1000&ssl=1","path":"/home/amunoo5/amuno.org/wp-content/uploads/2021/05/placeholder.jpg","size":"full","id":163,"alt":"","pixels":1000000,"type":"image/jpeg"}', NULL, NULL, NULL, '2024-04-22 11:28:39', '2024-04-22 14:28:39', 1, NULL, NULL, NULL, NULL, 0, NULL, 2, '2024-03-28 07:33:10', '2020-04-20 03:40:40', 0),
(75, 'https://amuno.org/?post_type=give_forms&p=105', '45:0b8333763eca5af5c735460684eee687', 105, 'post', 'give_forms', 1, 0, NULL, NULL, 'Jackie and Shawn -Everest 29029 for Teen Challenge Charity', 'trash', 0, 0, NULL, NULL, NULL, NULL, NULL, 0, 0, NULL, 0, NULL, NULL, NULL, NULL, 'https://i0.wp.com/amuno.org/wp-content/uploads/2021/05/placeholder.jpg?fit=1000%2C1000&ssl=1', NULL, '163', 'featured-image', NULL, NULL, 'https://i0.wp.com/amuno.org/wp-content/uploads/2021/05/placeholder.jpg?fit=1000%2C1000&ssl=1', '163', 'featured-image', '{"width":1000,"height":1000,"filesize":4362,"url":"https://i0.wp.com/amuno.org/wp-content/uploads/2021/05/placeholder.jpg?fit=1000%2C1000&ssl=1","path":"/home/amunoo5/amuno.org/wp-content/uploads/2021/05/placeholder.jpg","size":"full","id":163,"alt":"","pixels":1000000,"type":"image/jpeg"}', NULL, NULL, NULL, '2024-04-22 11:28:39', '2024-04-22 14:28:39', 1, NULL, NULL, NULL, NULL, 0, NULL, 2, '2024-03-28 07:33:07', '2020-01-24 03:57:40', 0),
(76, 'https://amuno.org/?post_type=give_forms&p=67', '44:0ec6bcea0347f352a40ad0e5932e10fc', 67, 'post', 'give_forms', 1, 0, NULL, NULL, 'Veterans Village of Northeast Florida', 'trash', 0, 0, NULL, NULL, NULL, NULL, NULL, 0, 0, NULL, 0, NULL, NULL, NULL, NULL, 'https://i0.wp.com/amuno.org/wp-content/uploads/2021/05/placeholder.jpg?fit=1000%2C1000&ssl=1', NULL, '163', 'featured-image', NULL, NULL, 'https://i0.wp.com/amuno.org/wp-content/uploads/2021/05/placeholder.jpg?fit=1000%2C1000&ssl=1', '163', 'featured-image', '{"width":1000,"height":1000,"filesize":4362,"url":"https://i0.wp.com/amuno.org/wp-content/uploads/2021/05/placeholder.jpg?fit=1000%2C1000&ssl=1","path":"/home/amunoo5/amuno.org/wp-content/uploads/2021/05/placeholder.jpg","size":"full","id":163,"alt":"","pixels":1000000,"type":"image/jpeg"}', NULL, NULL, NULL, '2024-04-22 11:28:39', '2024-04-22 14:28:39', 1, NULL, NULL, NULL, NULL, 0, NULL, 2, '2024-03-28 07:33:10', '2020-06-20 03:51:40', 0),
(77, 'https://amuno.org/?post_type=give_forms&p=97', '44:b6d2caebb3e71192af2613e9423a131d', 97, 'post', 'give_forms', 1, 0, NULL, NULL, 'Support Learning Disabilities Association of WNY', 'trash', 0, 0, NULL, NULL, NULL, NULL, NULL, 0, 0, NULL, 0, NULL, NULL, NULL, NULL, 'https://i0.wp.com/amuno.org/wp-content/uploads/2021/05/placeholder.jpg?fit=1000%2C1000&ssl=1', NULL, '163', 'featured-image', NULL, NULL, 'https://i0.wp.com/amuno.org/wp-content/uploads/2021/05/placeholder.jpg?fit=1000%2C1000&ssl=1', '163', 'featured-image', '{"width":1000,"height":1000,"filesize":4362,"url":"https://i0.wp.com/amuno.org/wp-content/uploads/2021/05/placeholder.jpg?fit=1000%2C1000&ssl=1","path":"/home/amunoo5/amuno.org/wp-content/uploads/2021/05/placeholder.jpg","size":"full","id":163,"alt":"","pixels":1000000,"type":"image/jpeg"}', NULL, NULL, NULL, '2024-04-22 11:28:39', '2024-04-22 14:28:39', 1, NULL, NULL, NULL, NULL, 0, NULL, 2, '2024-03-28 07:33:07', '2020-05-09 03:18:40', 0),
(78, 'https://amuno.org/?post_type=give_forms&p=41', '44:b4c79c6a4f4633508003e8ef8270b486', 41, 'post', 'give_forms', 1, 0, NULL, NULL, 'Hospice of Medina Lifes Treasures Thrift Shop Storage Needed', 'trash', 0, 0, NULL, NULL, NULL, NULL, NULL, 0, 0, NULL, 0, NULL, NULL, NULL, NULL, 'https://i0.wp.com/amuno.org/wp-content/uploads/2021/05/placeholder.jpg?fit=1000%2C1000&ssl=1', NULL, '163', 'featured-image', NULL, NULL, 'https://i0.wp.com/amuno.org/wp-content/uploads/2021/05/placeholder.jpg?fit=1000%2C1000&ssl=1', '163', 'featured-image', '{"width":1000,"height":1000,"filesize":4362,"url":"https://i0.wp.com/amuno.org/wp-content/uploads/2021/05/placeholder.jpg?fit=1000%2C1000&ssl=1","path":"/home/amunoo5/amuno.org/wp-content/uploads/2021/05/placeholder.jpg","size":"full","id":163,"alt":"","pixels":1000000,"type":"image/jpeg"}', NULL, NULL, NULL, '2024-04-22 11:28:39', '2024-04-22 14:28:39', 1, NULL, NULL, NULL, NULL, 0, NULL, 2, '2024-03-28 07:34:23', '2020-01-28 03:48:40', 0),
(79, 'https://amuno.org/?post_type=give_forms&p=93', '44:1eb9e325d20601607d3c6afad3bdb68f', 93, 'post', 'give_forms', 1, 0, NULL, NULL, 'Mobile Eye Clinic for Bingin Village', 'trash', 0, 0, NULL, NULL, NULL, NULL, NULL, 0, 0, NULL, 0, NULL, NULL, NULL, NULL, 'https://i0.wp.com/amuno.org/wp-content/uploads/2021/05/placeholder.jpg?fit=1000%2C1000&ssl=1', NULL, '163', 'featured-image', NULL, NULL, 'https://i0.wp.com/amuno.org/wp-content/uploads/2021/05/placeholder.jpg?fit=1000%2C1000&ssl=1', '163', 'featured-image', '{"width":1000,"height":1000,"filesize":4362,"url":"https://i0.wp.com/amuno.org/wp-content/uploads/2021/05/placeholder.jpg?fit=1000%2C1000&ssl=1","path":"/home/amunoo5/amuno.org/wp-content/uploads/2021/05/placeholder.jpg","size":"full","id":163,"alt":"","pixels":1000000,"type":"image/jpeg"}', NULL, NULL, NULL, '2024-04-22 11:28:39', '2024-04-22 14:28:39', 1, NULL, NULL, NULL, NULL, 0, NULL, 2, '2024-03-28 07:33:08', '2020-06-03 03:34:40', 0),
(80, 'https://amuno.org/?post_type=give_forms&p=133', '45:c92a79b7f0a84bd761121a408f312612', 133, 'post', 'give_forms', 1, 0, NULL, NULL, 'We the People &#8211; Embrace. Empower.Engage. Inc.', 'trash', 0, 0, NULL, NULL, NULL, NULL, NULL, 0, 0, NULL, 0, NULL, NULL, NULL, NULL, 'https://i0.wp.com/amuno.org/wp-content/uploads/2021/05/placeholder.jpg?fit=1000%2C1000&ssl=1', NULL, '163', 'featured-image', NULL, NULL, 'https://i0.wp.com/amuno.org/wp-content/uploads/2021/05/placeholder.jpg?fit=1000%2C1000&ssl=1', '163', 'featured-image', '{"width":1000,"height":1000,"filesize":4362,"url":"https://i0.wp.com/amuno.org/wp-content/uploads/2021/05/placeholder.jpg?fit=1000%2C1000&ssl=1","path":"/home/amunoo5/amuno.org/wp-content/uploads/2021/05/placeholder.jpg","size":"full","id":163,"alt":"","pixels":1000000,"type":"image/jpeg"}', NULL, NULL, NULL, '2024-04-22 11:28:39', '2024-04-22 14:28:39', 1, NULL, NULL, NULL, NULL, 0, NULL, 2, '2024-03-28 06:03:24', '2020-02-12 03:05:40', 0),
(81, 'https://amuno.org/?post_type=give_forms&p=57', '44:b69a67baaf33dcb4f0239f19b066dda8', 57, 'post', 'give_forms', 1, 0, NULL, NULL, 'Jackie and Shawn -Everest 29029 for Teen Challenge Charity', 'trash', 0, 0, NULL, NULL, NULL, NULL, NULL, 0, 0, NULL, 0, NULL, NULL, NULL, NULL, 'https://i0.wp.com/amuno.org/wp-content/uploads/2021/05/placeholder.jpg?fit=1000%2C1000&ssl=1', NULL, '163', 'featured-image', NULL, NULL, 'https://i0.wp.com/amuno.org/wp-content/uploads/2021/05/placeholder.jpg?fit=1000%2C1000&ssl=1', '163', 'featured-image', '{"width":1000,"height":1000,"filesize":4362,"url":"https://i0.wp.com/amuno.org/wp-content/uploads/2021/05/placeholder.jpg?fit=1000%2C1000&ssl=1","path":"/home/amunoo5/amuno.org/wp-content/uploads/2021/05/placeholder.jpg","size":"full","id":163,"alt":"","pixels":1000000,"type":"image/jpeg"}', NULL, NULL, NULL, '2024-04-22 11:28:39', '2024-04-22 14:28:39', 1, NULL, NULL, NULL, NULL, 0, NULL, 2, '2024-03-28 07:34:21', '2020-07-03 03:29:40', 0),
(82, 'https://amuno.org/?post_type=give_forms&p=135', '45:4df1f059d205f289f8228d0eec3fe1a5', 135, 'post', 'give_forms', 1, 0, NULL, NULL, 'Mountain Bikes for NWA Children&#8217;s Shelter', 'trash', 0, 0, NULL, NULL, NULL, NULL, NULL, 0, 0, NULL, 0, NULL, NULL, NULL, NULL, 'https://i0.wp.com/amuno.org/wp-content/uploads/2021/05/placeholder.jpg?fit=1000%2C1000&ssl=1', NULL, '163', 'featured-image', NULL, NULL, 'https://i0.wp.com/amuno.org/wp-content/uploads/2021/05/placeholder.jpg?fit=1000%2C1000&ssl=1', '163', 'featured-image', '{"width":1000,"height":1000,"filesize":4362,"url":"https://i0.wp.com/amuno.org/wp-content/uploads/2021/05/placeholder.jpg?fit=1000%2C1000&ssl=1","path":"/home/amunoo5/amuno.org/wp-content/uploads/2021/05/placeholder.jpg","size":"full","id":163,"alt":"","pixels":1000000,"type":"image/jpeg"}', NULL, NULL, NULL, '2024-04-22 11:28:39', '2024-04-22 14:28:39', 1, NULL, NULL, NULL, NULL, 0, NULL, 2, '2024-03-28 06:03:24', '2020-01-21 03:46:40', 0),
(83, 'https://amuno.org/?post_type=give_forms&p=119', '45:3fc69c04c20727478730386caa004e9a', 119, 'post', 'give_forms', 1, 0, NULL, NULL, 'New American Riders: Bicycles for refugees in Western Mass', 'trash', 0, 0, NULL, NULL, NULL, NULL, NULL, 0, 0, NULL, 0, NULL, NULL, NULL, NULL, 'https://i0.wp.com/amuno.org/wp-content/uploads/2021/05/placeholder.jpg?fit=1000%2C1000&ssl=1', NULL, '163', 'featured-image', NULL, NULL, 'https://i0.wp.com/amuno.org/wp-content/uploads/2021/05/placeholder.jpg?fit=1000%2C1000&ssl=1', '163', 'featured-image', '{"width":1000,"height":1000,"filesize":4362,"url":"https://i0.wp.com/amuno.org/wp-content/uploads/2021/05/placeholder.jpg?fit=1000%2C1000&ssl=1","path":"/home/amunoo5/amuno.org/wp-content/uploads/2021/05/placeholder.jpg","size":"full","id":163,"alt":"","pixels":1000000,"type":"image/jpeg"}', NULL, NULL, NULL, '2024-04-22 11:43:38', '2024-04-22 14:43:38', 1, NULL, NULL, NULL, NULL, 0, NULL, 2, '2024-03-28 07:33:05', '2020-03-07 03:43:40', 0),
(84, 'https://amuno.org/?post_type=give_forms&p=95', '44:75c6a0af15b733d134097b3078d6cc41', 95, 'post', 'give_forms', 1, 0, NULL, NULL, 'Climate-beneficial food &#038; farming is possible!', 'trash', 0, 0, NULL, NULL, NULL, NULL, NULL, 0, 0, NULL, 0, NULL, NULL, NULL, NULL, 'https://i0.wp.com/amuno.org/wp-content/uploads/2021/05/placeholder.jpg?fit=1000%2C1000&ssl=1', NULL, '163', 'featured-image', NULL, NULL, 'https://i0.wp.com/amuno.org/wp-content/uploads/2021/05/placeholder.jpg?fit=1000%2C1000&ssl=1', '163', 'featured-image', '{"width":1000,"height":1000,"filesize":4362,"url":"https://i0.wp.com/amuno.org/wp-content/uploads/2021/05/placeholder.jpg?fit=1000%2C1000&ssl=1","path":"/home/amunoo5/amuno.org/wp-content/uploads/2021/05/placeholder.jpg","size":"full","id":163,"alt":"","pixels":1000000,"type":"image/jpeg"}', NULL, NULL, NULL, '2024-04-22 11:43:38', '2024-04-22 14:43:38', 1, NULL, NULL, NULL, NULL, 0, NULL, 2, '2024-03-28 07:33:08', '2020-07-07 03:29:40', 0),
(85, 'https://amuno.org/?post_type=give_forms&p=113', '45:8a5e80ac8cbc04bb25d6d1ef494da42d', 113, 'post', 'give_forms', 1, 0, NULL, NULL, 'Support Learning Disabilities Association of WNY', 'trash', 0, 0, NULL, NULL, NULL, NULL, NULL, 0, 0, NULL, 0, NULL, NULL, NULL, NULL, 'https://i0.wp.com/amuno.org/wp-content/uploads/2021/05/placeholder.jpg?fit=1000%2C1000&ssl=1', NULL, '163', 'featured-image', NULL, NULL, 'https://i0.wp.com/amuno.org/wp-content/uploads/2021/05/placeholder.jpg?fit=1000%2C1000&ssl=1', '163', 'featured-image', '{"width":1000,"height":1000,"filesize":4362,"url":"https://i0.wp.com/amuno.org/wp-content/uploads/2021/05/placeholder.jpg?fit=1000%2C1000&ssl=1","path":"/home/amunoo5/amuno.org/wp-content/uploads/2021/05/placeholder.jpg","size":"full","id":163,"alt":"","pixels":1000000,"type":"image/jpeg"}', NULL, NULL, NULL, '2024-04-22 11:43:38', '2024-04-22 14:43:38', 1, NULL, NULL, NULL, NULL, 0, NULL, 2, '2024-03-28 07:33:06', '2020-03-21 03:33:40', 0),
(86, 'https://amuno.org/?post_type=give_forms&p=45', '44:851e10fcc9b742fb7c1ec66875e57003', 45, 'post', 'give_forms', 1, 0, NULL, NULL, 'Mobile Eye Clinic for Bingin Village', 'trash', 0, 0, NULL, NULL, NULL, NULL, NULL, 0, 0, NULL, 0, NULL, NULL, NULL, NULL, 'https://i0.wp.com/amuno.org/wp-content/uploads/2021/05/placeholder.jpg?fit=1000%2C1000&ssl=1', NULL, '163', 'featured-image', NULL, NULL, 'https://i0.wp.com/amuno.org/wp-content/uploads/2021/05/placeholder.jpg?fit=1000%2C1000&ssl=1', '163', 'featured-image', '{"width":1000,"height":1000,"filesize":4362,"url":"https://i0.wp.com/amuno.org/wp-content/uploads/2021/05/placeholder.jpg?fit=1000%2C1000&ssl=1","path":"/home/amunoo5/amuno.org/wp-content/uploads/2021/05/placeholder.jpg","size":"full","id":163,"alt":"","pixels":1000000,"type":"image/jpeg"}', NULL, NULL, NULL, '2024-04-22 11:43:39', '2024-04-22 14:43:39', 1, NULL, NULL, NULL, NULL, 0, NULL, 2, '2024-03-28 07:34:23', '2020-03-12 03:37:40', 0),
(87, 'https://amuno.org/?post_type=give_forms&p=101', '45:b7c8bb7843112197e21d93b047292ed3', 101, 'post', 'give_forms', 1, 0, NULL, NULL, 'Annual School Supply Drive', 'trash', 0, 0, NULL, NULL, NULL, NULL, NULL, 0, 0, NULL, 0, NULL, NULL, NULL, NULL, 'https://i0.wp.com/amuno.org/wp-content/uploads/2021/05/placeholder.jpg?fit=1000%2C1000&ssl=1', NULL, '163', 'featured-image', NULL, NULL, 'https://i0.wp.com/amuno.org/wp-content/uploads/2021/05/placeholder.jpg?fit=1000%2C1000&ssl=1', '163', 'featured-image', '{"width":1000,"height":1000,"filesize":4362,"url":"https://i0.wp.com/amuno.org/wp-content/uploads/2021/05/placeholder.jpg?fit=1000%2C1000&ssl=1","path":"/home/amunoo5/amuno.org/wp-content/uploads/2021/05/placeholder.jpg","size":"full","id":163,"alt":"","pixels":1000000,"type":"image/jpeg"}', NULL, NULL, NULL, '2024-04-22 11:43:39', '2024-04-22 14:43:39', 1, NULL, NULL, NULL, NULL, 0, NULL, 2, '2024-03-28 07:33:07', '2020-05-29 03:15:40', 0),
(88, 'https://amuno.org/?post_type=give_forms&p=17548', '47:b84769b9e28cfc2df891f0d2764b3cd6', 17548, 'post', 'give_forms', 1, 0, NULL, NULL, 'Trans North Georgia Adventure (TNGA)', 'trash', 0, 0, NULL, NULL, NULL, NULL, NULL, 0, 0, NULL, 0, NULL, NULL, NULL, NULL, 'https://i0.wp.com/amuno.org/wp-content/uploads/2021/05/placeholder.jpg?fit=1000%2C1000&ssl=1', NULL, '163', 'featured-image', NULL, NULL, 'https://i0.wp.com/amuno.org/wp-content/uploads/2021/05/placeholder.jpg?fit=1000%2C1000&ssl=1', '163', 'featured-image', '{"width":1000,"height":1000,"filesize":4362,"url":"https://i0.wp.com/amuno.org/wp-content/uploads/2021/05/placeholder.jpg?fit=1000%2C1000&ssl=1","path":"/home/amunoo5/amuno.org/wp-content/uploads/2021/05/placeholder.jpg","size":"full","id":163,"alt":"","pixels":1000000,"type":"image/jpeg"}', NULL, NULL, NULL, '2024-04-22 11:43:39', '2024-04-22 14:43:39', 1, NULL, NULL, NULL, NULL, 0, NULL, 2, '2024-03-28 06:03:19', '2020-03-10 03:33:40', 0),
(89, 'https://amuno.org/?post_type=give_forms&p=43', '44:dae505c2708ee7607df4b52087374838', 43, 'post', 'give_forms', 1, 0, NULL, NULL, 'The &#8220;Young Ones&#8221; Can Give Back 2', 'trash', 0, 0, NULL, NULL, NULL, NULL, NULL, 0, 0, NULL, 0, NULL, NULL, NULL, NULL, 'https://i0.wp.com/amuno.org/wp-content/uploads/2021/05/placeholder.jpg?fit=1000%2C1000&ssl=1', NULL, '163', 'featured-image', NULL, NULL, 'https://i0.wp.com/amuno.org/wp-content/uploads/2021/05/placeholder.jpg?fit=1000%2C1000&ssl=1', '163', 'featured-image', '{"width":1000,"height":1000,"filesize":4362,"url":"https://i0.wp.com/amuno.org/wp-content/uploads/2021/05/placeholder.jpg?fit=1000%2C1000&ssl=1","path":"/home/amunoo5/amuno.org/wp-content/uploads/2021/05/placeholder.jpg","size":"full","id":163,"alt":"","pixels":1000000,"type":"image/jpeg"}', NULL, NULL, NULL, '2024-04-22 11:43:39', '2024-04-22 14:43:39', 1, NULL, NULL, NULL, NULL, 0, NULL, 2, '2024-03-28 08:43:23', '2020-02-26 03:52:40', 0),
(90, 'https://amuno.org/?post_type=give_forms&p=19296', '47:960edf0a29db94937dfdd031ef3fabb7', 19296, 'post', 'give_forms', 1, 0, NULL, NULL, 'Veterans Village of Northeast Florida', 'trash', 0, 0, NULL, NULL, NULL, NULL, NULL, 0, 0, NULL, 0, NULL, NULL, NULL, NULL, 'https://i0.wp.com/amuno.org/wp-content/uploads/2021/05/placeholder.jpg?fit=1000%2C1000&ssl=1', NULL, '163', 'featured-image', NULL, NULL, 'https://i0.wp.com/amuno.org/wp-content/uploads/2021/05/placeholder.jpg?fit=1000%2C1000&ssl=1', '163', 'featured-image', '{"width":1000,"height":1000,"filesize":4362,"url":"https://i0.wp.com/amuno.org/wp-content/uploads/2021/05/placeholder.jpg?fit=1000%2C1000&ssl=1","path":"/home/amunoo5/amuno.org/wp-content/uploads/2021/05/placeholder.jpg","size":"full","id":163,"alt":"","pixels":1000000,"type":"image/jpeg"}', NULL, NULL, NULL, '2024-04-22 11:43:39', '2024-04-22 14:43:39', 1, NULL, NULL, NULL, NULL, 0, NULL, 2, '2024-03-28 06:03:19', '2020-07-19 03:50:40', 0),
(91, 'https://amuno.org/?post_type=give_forms&p=151', '45:17328dadf06a9af03f585b9043429f3e', 151, 'post', 'give_forms', 1, 0, NULL, NULL, 'Raising money for Vision Rescue', 'trash', 0, 0, NULL, NULL, NULL, NULL, NULL, 0, 0, NULL, 0, NULL, NULL, NULL, NULL, 'https://i0.wp.com/amuno.org/wp-content/uploads/2021/05/placeholder.jpg?fit=1000%2C1000&ssl=1', NULL, '163', 'featured-image', NULL, NULL, 'https://i0.wp.com/amuno.org/wp-content/uploads/2021/05/placeholder.jpg?fit=1000%2C1000&ssl=1', '163', 'featured-image', '{"width":1000,"height":1000,"filesize":4362,"url":"https://i0.wp.com/amuno.org/wp-content/uploads/2021/05/placeholder.jpg?fit=1000%2C1000&ssl=1","path":"/home/amunoo5/amuno.org/wp-content/uploads/2021/05/placeholder.jpg","size":"full","id":163,"alt":"","pixels":1000000,"type":"image/jpeg"}', NULL, NULL, NULL, '2024-04-22 11:43:39', '2024-04-22 14:43:39', 1, NULL, NULL, NULL, NULL, 0, NULL, 2, '2024-03-28 06:03:22', '2020-06-04 03:56:40', 0),
(92, 'https://amuno.org/?post_type=give_forms&p=141', '45:90180f1a156bbdd59c4e5a89ecaa5d67', 141, 'post', 'give_forms', 1, 0, NULL, NULL, 'Mobile Eye Clinic for Bingin Village', 'trash', 0, 0, NULL, NULL, NULL, NULL, NULL, 0, 0, NULL, 0, NULL, NULL, NULL, NULL, 'https://i0.wp.com/amuno.org/wp-content/uploads/2021/05/placeholder.jpg?fit=1000%2C1000&ssl=1', NULL, '163', 'featured-image', NULL, NULL, 'https://i0.wp.com/amuno.org/wp-content/uploads/2021/05/placeholder.jpg?fit=1000%2C1000&ssl=1', '163', 'featured-image', '{"width":1000,"height":1000,"filesize":4362,"url":"https://i0.wp.com/amuno.org/wp-content/uploads/2021/05/placeholder.jpg?fit=1000%2C1000&ssl=1","path":"/home/amunoo5/amuno.org/wp-content/uploads/2021/05/placeholder.jpg","size":"full","id":163,"alt":"","pixels":1000000,"type":"image/jpeg"}', NULL, NULL, NULL, '2024-04-22 11:43:39', '2024-04-22 14:43:39', 1, NULL, NULL, NULL, NULL, 0, NULL, 2, '2024-03-28 06:03:23', '2020-06-19 03:01:40', 0),
(93, 'https://amuno.org/?post_type=give_forms&p=157', '45:54a45625a8a7ce68141cb33f5323d3fa', 157, 'post', 'give_forms', 1, 0, NULL, NULL, 'Honorary Mayor Fundraiser Campaign', 'trash', 0, 0, NULL, NULL, NULL, NULL, NULL, 0, 0, NULL, 0, NULL, NULL, NULL, NULL, 'https://i0.wp.com/amuno.org/wp-content/uploads/2021/05/placeholder.jpg?fit=1000%2C1000&ssl=1', NULL, '163', 'featured-image', NULL, NULL, 'https://i0.wp.com/amuno.org/wp-content/uploads/2021/05/placeholder.jpg?fit=1000%2C1000&ssl=1', '163', 'featured-image', '{"width":1000,"height":1000,"filesize":4362,"url":"https://i0.wp.com/amuno.org/wp-content/uploads/2021/05/placeholder.jpg?fit=1000%2C1000&ssl=1","path":"/home/amunoo5/amuno.org/wp-content/uploads/2021/05/placeholder.jpg","size":"full","id":163,"alt":"","pixels":1000000,"type":"image/jpeg"}', NULL, NULL, NULL, '2024-04-22 11:43:39', '2024-04-22 14:43:39', 1, NULL, NULL, NULL, NULL, 0, NULL, 2, '2024-03-28 06:03:21', '2020-02-28 03:23:40', 0),
(94, 'https://amuno.org/?post_type=give_forms&p=17547', '47:a6eee0483279fbc2bbac2c451ae356da', 17547, 'post', 'give_forms', 1, 0, NULL, NULL, 'Krista&#8217;s Climb for a Cause', 'trash', 0, 0, NULL, NULL, NULL, NULL, NULL, 0, 0, NULL, 0, NULL, NULL, NULL, NULL, 'https://i0.wp.com/amuno.org/wp-content/uploads/2021/05/placeholder.jpg?fit=1000%2C1000&ssl=1', NULL, '163', 'featured-image', NULL, NULL, 'https://i0.wp.com/amuno.org/wp-content/uploads/2021/05/placeholder.jpg?fit=1000%2C1000&ssl=1', '163', 'featured-image', '{"width":1000,"height":1000,"filesize":4362,"url":"https://i0.wp.com/amuno.org/wp-content/uploads/2021/05/placeholder.jpg?fit=1000%2C1000&ssl=1","path":"/home/amunoo5/amuno.org/wp-content/uploads/2021/05/placeholder.jpg","size":"full","id":163,"alt":"","pixels":1000000,"type":"image/jpeg"}', NULL, NULL, NULL, '2024-04-22 11:43:39', '2024-04-22 14:43:39', 1, NULL, NULL, NULL, NULL, 0, NULL, 2, '2024-03-28 06:03:20', '2020-02-12 03:21:40', 0),
(95, 'https://amuno.org/?post_type=give_forms&p=53', '44:e0c83fadec7626c0bcb7c5b8e6f60030', 53, 'post', 'give_forms', 1, 0, NULL, NULL, 'Annual School Supply Drive', 'trash', 0, 0, NULL, NULL, NULL, NULL, NULL, 0, 0, NULL, 0, NULL, NULL, NULL, NULL, 'https://i0.wp.com/amuno.org/wp-content/uploads/2021/05/placeholder.jpg?fit=1000%2C1000&ssl=1', NULL, '163', 'featured-image', NULL, NULL, 'https://i0.wp.com/amuno.org/wp-content/uploads/2021/05/placeholder.jpg?fit=1000%2C1000&ssl=1', '163', 'featured-image', '{"width":1000,"height":1000,"filesize":4362,"url":"https://i0.wp.com/amuno.org/wp-content/uploads/2021/05/placeholder.jpg?fit=1000%2C1000&ssl=1","path":"/home/amunoo5/amuno.org/wp-content/uploads/2021/05/placeholder.jpg","size":"full","id":163,"alt":"","pixels":1000000,"type":"image/jpeg"}', NULL, NULL, NULL, '2024-04-22 11:43:39', '2024-04-22 14:43:39', 1, NULL, NULL, NULL, NULL, 0, NULL, 2, '2024-03-28 08:43:22', '2020-07-28 03:59:40', 0),
(96, 'https://amuno.org/?post_type=give_forms&p=87', '44:17a1b2363672dd485ba6f19ee828c0ef', 87, 'post', 'give_forms', 1, 0, NULL, NULL, 'Mountain Bikes for NWA Children&#8217;s Shelter', 'trash', 0, 0, NULL, NULL, NULL, NULL, NULL, 0, 0, NULL, 0, NULL, NULL, NULL, NULL, 'https://i0.wp.com/amuno.org/wp-content/uploads/2021/05/placeholder.jpg?fit=1000%2C1000&ssl=1', NULL, '163', 'featured-image', NULL, NULL, 'https://i0.wp.com/amuno.org/wp-content/uploads/2021/05/placeholder.jpg?fit=1000%2C1000&ssl=1', '163', 'featured-image', '{"width":1000,"height":1000,"filesize":4362,"url":"https://i0.wp.com/amuno.org/wp-content/uploads/2021/05/placeholder.jpg?fit=1000%2C1000&ssl=1","path":"/home/amunoo5/amuno.org/wp-content/uploads/2021/05/placeholder.jpg","size":"full","id":163,"alt":"","pixels":1000000,"type":"image/jpeg"}', NULL, NULL, NULL, '2024-04-22 11:43:39', '2024-04-22 14:43:39', 1, NULL, NULL, NULL, NULL, 0, NULL, 2, '2024-03-28 07:33:08', '2020-05-24 03:42:40', 0),
(97, 'https://amuno.org/?post_type=give_forms&p=145', '45:6b1e8b04a8838e70c1c18b9ce7b54532', 145, 'post', 'give_forms', 1, 0, NULL, NULL, 'Support Learning Disabilities Association of WNY', 'trash', 0, 0, NULL, NULL, NULL, NULL, NULL, 0, 0, NULL, 0, NULL, NULL, NULL, NULL, 'https://i0.wp.com/amuno.org/wp-content/uploads/2021/05/placeholder.jpg?fit=1000%2C1000&ssl=1', NULL, '163', 'featured-image', NULL, NULL, 'https://i0.wp.com/amuno.org/wp-content/uploads/2021/05/placeholder.jpg?fit=1000%2C1000&ssl=1', '163', 'featured-image', '{"width":1000,"height":1000,"filesize":4362,"url":"https://i0.wp.com/amuno.org/wp-content/uploads/2021/05/placeholder.jpg?fit=1000%2C1000&ssl=1","path":"/home/amunoo5/amuno.org/wp-content/uploads/2021/05/placeholder.jpg","size":"full","id":163,"alt":"","pixels":1000000,"type":"image/jpeg"}', NULL, NULL, NULL, '2024-04-22 11:43:39', '2024-04-22 14:43:39', 1, NULL, NULL, NULL, NULL, 0, NULL, 2, '2024-03-28 06:03:22', '2020-03-12 03:23:40', 0),
(98, 'https://amuno.org/?post_type=give_forms&p=61', '44:32edd1ff7a80abb36ff6661502099a03', 61, 'post', 'give_forms', 1, 0, NULL, NULL, 'Honorary Mayor Fundraiser Campaign', 'trash', 0, 0, NULL, NULL, NULL, NULL, NULL, 0, 0, NULL, 0, NULL, NULL, NULL, NULL, 'https://i0.wp.com/amuno.org/wp-content/uploads/2021/05/placeholder.jpg?fit=1000%2C1000&ssl=1', NULL, '163', 'featured-image', NULL, NULL, 'https://i0.wp.com/amuno.org/wp-content/uploads/2021/05/placeholder.jpg?fit=1000%2C1000&ssl=1', '163', 'featured-image', '{"width":1000,"height":1000,"filesize":4362,"url":"https://i0.wp.com/amuno.org/wp-content/uploads/2021/05/placeholder.jpg?fit=1000%2C1000&ssl=1","path":"/home/amunoo5/amuno.org/wp-content/uploads/2021/05/placeholder.jpg","size":"full","id":163,"alt":"","pixels":1000000,"type":"image/jpeg"}', NULL, NULL, NULL, '2024-04-22 11:53:41', '2024-04-22 14:53:41', 1, NULL, NULL, NULL, NULL, 0, NULL, 2, '2024-03-28 07:34:20', '2020-03-03 03:46:40', 0),
(99, 'https://amuno.org/?post_type=give_forms&p=89', '44:0351400f5b20f87538be89888e906ff2', 89, 'post', 'give_forms', 1, 0, NULL, NULL, 'Hospice of Medina Lifes Treasures Thrift Shop Storage Needed', 'trash', 0, 0, NULL, NULL, NULL, NULL, NULL, 0, 0, NULL, 0, NULL, NULL, NULL, NULL, 'https://i0.wp.com/amuno.org/wp-content/uploads/2021/05/placeholder.jpg?fit=1000%2C1000&ssl=1', NULL, '163', 'featured-image', NULL, NULL, 'https://i0.wp.com/amuno.org/wp-content/uploads/2021/05/placeholder.jpg?fit=1000%2C1000&ssl=1', '163', 'featured-image', '{"width":1000,"height":1000,"filesize":4362,"url":"https://i0.wp.com/amuno.org/wp-content/uploads/2021/05/placeholder.jpg?fit=1000%2C1000&ssl=1","path":"/home/amunoo5/amuno.org/wp-content/uploads/2021/05/placeholder.jpg","size":"full","id":163,"alt":"","pixels":1000000,"type":"image/jpeg"}', NULL, NULL, NULL, '2024-04-22 11:53:42', '2024-04-22 14:53:42', 1, NULL, NULL, NULL, NULL, 0, NULL, 2, '2024-03-28 07:33:08', '2020-06-24 03:16:40', 0),
(100, 'https://amuno.org/?post_type=give_forms&p=117', '45:a9d9f37f5250773cf2bff311a6b10578', 117, 'post', 'give_forms', 1, 0, NULL, NULL, 'Supporting Pregnant and Parenting Youth', 'trash', 0, 0, NULL, NULL, NULL, NULL, NULL, 0, 0, NULL, 0, NULL, NULL, NULL, NULL, 'https://i0.wp.com/amuno.org/wp-content/uploads/2021/05/placeholder.jpg?fit=1000%2C1000&ssl=1', NULL, '163', 'featured-image', NULL, NULL, 'https://i0.wp.com/amuno.org/wp-content/uploads/2021/05/placeholder.jpg?fit=1000%2C1000&ssl=1', '163', 'featured-image', '{"width":1000,"height":1000,"filesize":4362,"url":"https://i0.wp.com/amuno.org/wp-content/uploads/2021/05/placeholder.jpg?fit=1000%2C1000&ssl=1","path":"/home/amunoo5/amuno.org/wp-content/uploads/2021/05/placeholder.jpg","size":"full","id":163,"alt":"","pixels":1000000,"type":"image/jpeg"}', NULL, NULL, NULL, '2024-04-22 11:53:42', '2024-04-22 14:53:42', 1, NULL, NULL, NULL, NULL, 0, NULL, 2, '2024-03-28 07:33:05', '2020-03-15 03:39:40', 0),
(101, 'https://amuno.org/?post_type=give_forms&p=115', '45:bfdaa36172075413e4e07e384feb2d70', 115, 'post', 'give_forms', 1, 0, NULL, NULL, 'Veterans Village of Northeast Florida', 'trash', 0, 0, NULL, NULL, NULL, NULL, NULL, 0, 0, NULL, 0, NULL, NULL, NULL, NULL, 'https://i0.wp.com/amuno.org/wp-content/uploads/2021/05/placeholder.jpg?fit=1000%2C1000&ssl=1', NULL, '163', 'featured-image', NULL, NULL, 'https://i0.wp.com/amuno.org/wp-content/uploads/2021/05/placeholder.jpg?fit=1000%2C1000&ssl=1', '163', 'featured-image', '{"width":1000,"height":1000,"filesize":4362,"url":"https://i0.wp.com/amuno.org/wp-content/uploads/2021/05/placeholder.jpg?fit=1000%2C1000&ssl=1","path":"/home/amunoo5/amuno.org/wp-content/uploads/2021/05/placeholder.jpg","size":"full","id":163,"alt":"","pixels":1000000,"type":"image/jpeg"}', NULL, NULL, NULL, '2024-04-22 11:53:42', '2024-04-22 14:53:42', 1, NULL, NULL, NULL, NULL, 0, NULL, 2, '2024-03-28 07:33:06', '2020-05-06 03:03:40', 0),
(102, 'https://amuno.org/?post_type=give_forms&p=37', '44:8f5fc8be6937d2f6d537ad2f9b74a84f', 37, 'post', 'give_forms', 1, 0, NULL, NULL, 'We the People &#8211; Embrace. Empower.Engage. Inc.', 'trash', 0, 0, NULL, NULL, NULL, NULL, NULL, 0, 0, NULL, 0, NULL, NULL, NULL, NULL, 'https://i0.wp.com/amuno.org/wp-content/uploads/2021/05/placeholder.jpg?fit=1000%2C1000&ssl=1', NULL, '163', 'featured-image', NULL, NULL, 'https://i0.wp.com/amuno.org/wp-content/uploads/2021/05/placeholder.jpg?fit=1000%2C1000&ssl=1', '163', 'featured-image', '{"width":1000,"height":1000,"filesize":4362,"url":"https://i0.wp.com/amuno.org/wp-content/uploads/2021/05/placeholder.jpg?fit=1000%2C1000&ssl=1","path":"/home/amunoo5/amuno.org/wp-content/uploads/2021/05/placeholder.jpg","size":"full","id":163,"alt":"","pixels":1000000,"type":"image/jpeg"}', NULL, NULL, NULL, '2024-04-22 11:53:42', '2024-04-22 14:53:42', 1, NULL, NULL, NULL, NULL, 0, NULL, 2, '2024-03-28 07:34:23', '2020-02-08 03:27:40', 0),
(103, 'https://amuno.org/?post_type=give_forms&p=47', '44:6481a7c148d2a1ce2ac336d708f129ce', 47, 'post', 'give_forms', 1, 0, NULL, NULL, 'CLIMATE-BENEFICIAL FOOD &#038; FARMING IS POSSIBLE!', 'trash', 0, 0, NULL, NULL, NULL, NULL, NULL, 0, 0, NULL, 0, NULL, NULL, NULL, NULL, 'https://i0.wp.com/amuno.org/wp-content/uploads/2021/05/placeholder.jpg?fit=1000%2C1000&ssl=1', NULL, '163', 'featured-image', NULL, NULL, 'https://i0.wp.com/amuno.org/wp-content/uploads/2021/05/placeholder.jpg?fit=1000%2C1000&ssl=1', '163', 'featured-image', '{"width":1000,"height":1000,"filesize":4362,"url":"https://i0.wp.com/amuno.org/wp-content/uploads/2021/05/placeholder.jpg?fit=1000%2C1000&ssl=1","path":"/home/amunoo5/amuno.org/wp-content/uploads/2021/05/placeholder.jpg","size":"full","id":163,"alt":"","pixels":1000000,"type":"image/jpeg"}', NULL, NULL, NULL, '2024-04-22 11:53:42', '2024-04-22 14:53:42', 1, NULL, NULL, NULL, NULL, 0, NULL, 2, '2024-03-28 07:34:22', '2020-05-23 03:17:40', 0),
(104, 'https://amuno.org/?post_type=give_forms&p=65', '44:ddff1746876f0560712787d302e90744', 65, 'post', 'give_forms', 1, 0, NULL, NULL, 'Support Learning Disabilities Association of WNY', 'trash', 0, 0, NULL, NULL, NULL, NULL, NULL, 0, 0, NULL, 0, NULL, NULL, NULL, NULL, 'https://i0.wp.com/amuno.org/wp-content/uploads/2021/05/placeholder.jpg?fit=1000%2C1000&ssl=1', NULL, '163', 'featured-image', NULL, NULL, 'https://i0.wp.com/amuno.org/wp-content/uploads/2021/05/placeholder.jpg?fit=1000%2C1000&ssl=1', '163', 'featured-image', '{"width":1000,"height":1000,"filesize":4362,"url":"https://i0.wp.com/amuno.org/wp-content/uploads/2021/05/placeholder.jpg?fit=1000%2C1000&ssl=1","path":"/home/amunoo5/amuno.org/wp-content/uploads/2021/05/placeholder.jpg","size":"full","id":163,"alt":"","pixels":1000000,"type":"image/jpeg"}', NULL, NULL, NULL, '2024-04-22 11:53:42', '2024-04-22 14:53:42', 1, NULL, NULL, NULL, NULL, 0, NULL, 2, '2024-03-28 07:33:11', '2020-07-16 03:20:40', 0),
(105, 'https://amuno.org/?post_type=give_forms&p=91', '44:c03509d34fcbbe04861ac5e5e2ed86bc', 91, 'post', 'give_forms', 1, 0, NULL, NULL, 'The &#8220;Young Ones&#8221; Can Give Back 2', 'trash', 0, 0, NULL, NULL, NULL, NULL, NULL, 0, 0, NULL, 0, NULL, NULL, NULL, NULL, 'https://i0.wp.com/amuno.org/wp-content/uploads/2021/05/placeholder.jpg?fit=1000%2C1000&ssl=1', NULL, '163', 'featured-image', NULL, NULL, 'https://i0.wp.com/amuno.org/wp-content/uploads/2021/05/placeholder.jpg?fit=1000%2C1000&ssl=1', '163', 'featured-image', '{"width":1000,"height":1000,"filesize":4362,"url":"https://i0.wp.com/amuno.org/wp-content/uploads/2021/05/placeholder.jpg?fit=1000%2C1000&ssl=1","path":"/home/amunoo5/amuno.org/wp-content/uploads/2021/05/placeholder.jpg","size":"full","id":163,"alt":"","pixels":1000000,"type":"image/jpeg"}', NULL, NULL, NULL, '2024-04-22 11:53:42', '2024-04-22 14:53:42', 1, NULL, NULL, NULL, NULL, 0, NULL, 2, '2024-03-28 07:33:08', '2020-07-04 03:40:40', 0),
(106, 'https://amuno.org/?post_type=give_forms&p=17546', '47:b0a612b5061c382262a5dc6db99829b0', 17546, 'post', 'give_forms', 1, 0, NULL, NULL, 'Supporting Pregnant and Parenting Youth', 'trash', 0, 0, NULL, NULL, NULL, NULL, NULL, 0, 0, NULL, 0, NULL, NULL, NULL, NULL, 'https://i0.wp.com/amuno.org/wp-content/uploads/2021/05/placeholder.jpg?fit=1000%2C1000&ssl=1', NULL, '163', 'featured-image', NULL, NULL, 'https://i0.wp.com/amuno.org/wp-content/uploads/2021/05/placeholder.jpg?fit=1000%2C1000&ssl=1', '163', 'featured-image', '{"width":1000,"height":1000,"filesize":4362,"url":"https://i0.wp.com/amuno.org/wp-content/uploads/2021/05/placeholder.jpg?fit=1000%2C1000&ssl=1","path":"/home/amunoo5/amuno.org/wp-content/uploads/2021/05/placeholder.jpg","size":"full","id":163,"alt":"","pixels":1000000,"type":"image/jpeg"}', NULL, NULL, NULL, '2024-04-22 11:53:42', '2024-04-22 14:53:42', 1, NULL, NULL, NULL, NULL, 0, NULL, 2, '2024-03-28 06:03:20', '2020-01-11 03:32:40', 0),
(107, 'https://amuno.org/?post_type=give_forms&p=159', '45:db73c55e9f3828d64cb4a329b28d674b', 159, 'post', 'give_forms', 1, 0, NULL, NULL, 'A Greater Reach for Uptown Bill&#8217;s', 'trash', 0, 0, NULL, NULL, NULL, NULL, NULL, 0, 0, NULL, 0, NULL, NULL, NULL, NULL, 'https://i0.wp.com/amuno.org/wp-content/uploads/2021/05/placeholder.jpg?fit=1000%2C1000&ssl=1', NULL, '163', 'featured-image', NULL, NULL, 'https://i0.wp.com/amuno.org/wp-content/uploads/2021/05/placeholder.jpg?fit=1000%2C1000&ssl=1', '163', 'featured-image', '{"width":1000,"height":1000,"filesize":4362,"url":"https://i0.wp.com/amuno.org/wp-content/uploads/2021/05/placeholder.jpg?fit=1000%2C1000&ssl=1","path":"/home/amunoo5/amuno.org/wp-content/uploads/2021/05/placeholder.jpg","size":"full","id":163,"alt":"","pixels":1000000,"type":"image/jpeg"}', NULL, NULL, NULL, '2024-04-22 11:53:42', '2024-04-22 14:53:42', 1, NULL, NULL, NULL, NULL, 0, NULL, 2, '2024-03-28 06:03:20', '2020-05-29 03:45:40', 0),
(108, 'https://amuno.org/?post_type=give_forms&p=99', '44:243d37eb868efbcc10fe30e4a696e25e', 99, 'post', 'give_forms', 1, 0, NULL, NULL, 'Helping Women Period-Chicago', 'trash', 0, 0, NULL, NULL, NULL, NULL, NULL, 0, 0, NULL, 0, NULL, NULL, NULL, NULL, 'https://i0.wp.com/amuno.org/wp-content/uploads/2021/05/placeholder.jpg?fit=1000%2C1000&ssl=1', NULL, '163', 'featured-image', NULL, NULL, 'https://i0.wp.com/amuno.org/wp-content/uploads/2021/05/placeholder.jpg?fit=1000%2C1000&ssl=1', '163', 'featured-image', '{"width":1000,"height":1000,"filesize":4362,"url":"https://i0.wp.com/amuno.org/wp-content/uploads/2021/05/placeholder.jpg?fit=1000%2C1000&ssl=1","path":"/home/amunoo5/amuno.org/wp-content/uploads/2021/05/placeholder.jpg","size":"full","id":163,"alt":"","pixels":1000000,"type":"image/jpeg"}', NULL, NULL, NULL, '2024-04-22 11:53:42', '2024-04-22 14:53:42', 1, NULL, NULL, NULL, NULL, 0, NULL, 2, '2024-03-28 07:33:07', '2020-06-28 03:38:40', 0),
(109, 'https://amuno.org/?post_type=give_forms&p=73', '44:672de16252b4a3ef64fbb9d2c6a4ead0', 73, 'post', 'give_forms', 1, 0, NULL, NULL, 'Bose &#038; HGS Children&#8217;s Sponsorship', 'trash', 0, 0, NULL, NULL, NULL, NULL, NULL, 0, 0, NULL, 0, NULL, NULL, NULL, NULL, 'https://i0.wp.com/amuno.org/wp-content/uploads/2021/05/placeholder.jpg?fit=1000%2C1000&ssl=1', NULL, '163', 'featured-image', NULL, NULL, 'https://i0.wp.com/amuno.org/wp-content/uploads/2021/05/placeholder.jpg?fit=1000%2C1000&ssl=1', '163', 'featured-image', '{"width":1000,"height":1000,"filesize":4362,"url":"https://i0.wp.com/amuno.org/wp-content/uploads/2021/05/placeholder.jpg?fit=1000%2C1000&ssl=1","path":"/home/amunoo5/amuno.org/wp-content/uploads/2021/05/placeholder.jpg","size":"full","id":163,"alt":"","pixels":1000000,"type":"image/jpeg"}', NULL, NULL, NULL, '2024-04-22 11:53:42', '2024-04-22 14:53:42', 1, NULL, NULL, NULL, NULL, 0, NULL, 2, '2024-03-28 07:33:10', '2020-03-11 03:16:40', 0),
(110, 'https://amuno.org/?post_type=give_forms&p=85', '44:9ccf2c0437fba504f3cf09e08e74f116', 85, 'post', 'give_forms', 1, 0, NULL, NULL, 'We the People &#8211; Embrace. Empower.Engage. Inc.', 'trash', 0, 0, NULL, NULL, NULL, NULL, NULL, 0, 0, NULL, 0, NULL, NULL, NULL, NULL, 'https://i0.wp.com/amuno.org/wp-content/uploads/2021/05/placeholder.jpg?fit=1000%2C1000&ssl=1', NULL, '163', 'featured-image', NULL, NULL, 'https://i0.wp.com/amuno.org/wp-content/uploads/2021/05/placeholder.jpg?fit=1000%2C1000&ssl=1', '163', 'featured-image', '{"width":1000,"height":1000,"filesize":4362,"url":"https://i0.wp.com/amuno.org/wp-content/uploads/2021/05/placeholder.jpg?fit=1000%2C1000&ssl=1","path":"/home/amunoo5/amuno.org/wp-content/uploads/2021/05/placeholder.jpg","size":"full","id":163,"alt":"","pixels":1000000,"type":"image/jpeg"}', NULL, NULL, NULL, '2024-04-22 11:53:42', '2024-04-22 14:53:42', 1, NULL, NULL, NULL, NULL, 0, NULL, 2, '2024-03-28 07:33:09', '2020-05-19 03:03:40', 0),
(111, 'https://amuno.org/?post_type=give_forms&p=139', '45:95ac5fc46fbda28720e8d56d6d06e245', 139, 'post', 'give_forms', 1, 0, NULL, NULL, 'The &#8220;Young Ones&#8221; Can Give Back 2', 'trash', 0, 0, NULL, NULL, NULL, NULL, NULL, 0, 0, NULL, 0, NULL, NULL, NULL, NULL, 'https://i0.wp.com/amuno.org/wp-content/uploads/2021/05/placeholder.jpg?fit=1000%2C1000&ssl=1', NULL, '163', 'featured-image', NULL, NULL, 'https://i0.wp.com/amuno.org/wp-content/uploads/2021/05/placeholder.jpg?fit=1000%2C1000&ssl=1', '163', 'featured-image', '{"width":1000,"height":1000,"filesize":4362,"url":"https://i0.wp.com/amuno.org/wp-content/uploads/2021/05/placeholder.jpg?fit=1000%2C1000&ssl=1","path":"/home/amunoo5/amuno.org/wp-content/uploads/2021/05/placeholder.jpg","size":"full","id":163,"alt":"","pixels":1000000,"type":"image/jpeg"}', NULL, NULL, NULL, '2024-04-22 11:53:42', '2024-04-22 14:53:42', 1, NULL, NULL, NULL, NULL, 0, NULL, 2, '2024-03-28 06:03:23', '2020-04-21 03:23:40', 0),
(112, 'https://amuno.org/?post_type=give_forms&p=143', '45:b9a086f53e60cae1bc49ee8738e57727', 143, 'post', 'give_forms', 1, 0, NULL, NULL, 'CLIMATE-BENEFICIAL FOOD &#038; FARMING IS POSSIBLE!', 'trash', 0, 0, NULL, NULL, NULL, NULL, NULL, 0, 0, NULL, 0, NULL, NULL, NULL, NULL, 'https://i0.wp.com/amuno.org/wp-content/uploads/2021/05/placeholder.jpg?fit=1000%2C1000&ssl=1', NULL, '163', 'featured-image', NULL, NULL, 'https://i0.wp.com/amuno.org/wp-content/uploads/2021/05/placeholder.jpg?fit=1000%2C1000&ssl=1', '163', 'featured-image', '{"width":1000,"height":1000,"filesize":4362,"url":"https://i0.wp.com/amuno.org/wp-content/uploads/2021/05/placeholder.jpg?fit=1000%2C1000&ssl=1","path":"/home/amunoo5/amuno.org/wp-content/uploads/2021/05/placeholder.jpg","size":"full","id":163,"alt":"","pixels":1000000,"type":"image/jpeg"}', NULL, NULL, NULL, '2024-04-22 11:53:42', '2024-04-22 14:53:42', 1, NULL, NULL, NULL, NULL, 0, NULL, 2, '2024-03-28 06:03:23', '2020-04-28 03:34:40', 0);
INSERT INTO `wpqh_yoast_indexable` VALUES
(113, 'https://amuno.org/blog/', '23:fb906c962c767a7c5e9713026ee011f6', 184, 'post', 'page', 1, 0, NULL, NULL, 'Blog', 'publish', NULL, 0, NULL, NULL, NULL, NULL, NULL, 0, 0, NULL, 0, NULL, NULL, NULL, NULL, NULL, NULL, NULL, NULL, NULL, NULL, NULL, NULL, NULL, NULL, 0, 2, NULL, '2024-04-22 11:59:48', '2024-04-22 16:28:38', 1, NULL, NULL, NULL, NULL, 0, NULL, 2, '2021-05-15 03:59:46', '2021-05-15 03:59:46', 0),
(114, 'https://amuno.org/my-account/', '29:489a3b6b8358ab88c901bc1c8ba70286', 11, 'post', 'page', 1, 0, NULL, NULL, 'My Account', 'publish', NULL, 0, NULL, NULL, NULL, NULL, NULL, 0, 0, NULL, 0, NULL, NULL, NULL, NULL, NULL, NULL, NULL, NULL, NULL, NULL, NULL, NULL, NULL, NULL, 0, NULL, NULL, '2024-04-22 12:07:10', '2024-04-22 18:43:04', 1, NULL, NULL, NULL, NULL, 0, NULL, 2, '2024-03-13 20:41:14', '2024-03-13 20:41:14', 0),
(115, 'https://amuno.org/?post_type=give_forms&p=75', '44:46f439d2e6a4a067d454bde52deb5359', 75, 'post', 'give_forms', 1, 0, NULL, NULL, 'A Greater Reach for Uptown Bill&#8217;s', 'trash', 0, 0, NULL, NULL, NULL, NULL, NULL, 0, 0, NULL, 0, NULL, NULL, NULL, NULL, 'https://i0.wp.com/amuno.org/wp-content/uploads/2021/05/placeholder.jpg?fit=1000%2C1000&ssl=1', NULL, '163', 'featured-image', NULL, NULL, 'https://i0.wp.com/amuno.org/wp-content/uploads/2021/05/placeholder.jpg?fit=1000%2C1000&ssl=1', '163', 'featured-image', '{"width":1000,"height":1000,"filesize":4362,"url":"https://i0.wp.com/amuno.org/wp-content/uploads/2021/05/placeholder.jpg?fit=1000%2C1000&ssl=1","path":"/home/amunoo5/amuno.org/wp-content/uploads/2021/05/placeholder.jpg","size":"full","id":163,"alt":"","pixels":1000000,"type":"image/jpeg"}', NULL, NULL, NULL, '2024-04-22 12:08:42', '2024-04-22 15:08:42', 1, NULL, NULL, NULL, NULL, 0, NULL, 2, '2024-03-28 07:33:10', '2020-02-29 03:15:40', 0),
(116, 'https://amuno.org/?post_type=give_forms&p=127', '45:479555988d306b99d4fbee66f6d6abc7', 127, 'post', 'give_forms', 1, 0, NULL, NULL, 'Young generation to have a greater tomorrow', 'trash', 0, 0, NULL, NULL, NULL, NULL, NULL, 0, 0, NULL, 0, NULL, NULL, NULL, NULL, 'https://i0.wp.com/amuno.org/wp-content/uploads/2021/05/placeholder.jpg?fit=1000%2C1000&ssl=1', NULL, '163', 'featured-image', NULL, NULL, 'https://i0.wp.com/amuno.org/wp-content/uploads/2021/05/placeholder.jpg?fit=1000%2C1000&ssl=1', '163', 'featured-image', '{"width":1000,"height":1000,"filesize":4362,"url":"https://i0.wp.com/amuno.org/wp-content/uploads/2021/05/placeholder.jpg?fit=1000%2C1000&ssl=1","path":"/home/amunoo5/amuno.org/wp-content/uploads/2021/05/placeholder.jpg","size":"full","id":163,"alt":"","pixels":1000000,"type":"image/jpeg"}', NULL, NULL, NULL, '2024-04-22 12:08:42', '2024-04-22 15:08:42', 1, NULL, NULL, NULL, NULL, 0, NULL, 2, '2024-03-28 06:03:25', '2020-04-09 03:52:40', 0),
(117, 'https://amuno.org/?post_type=give_forms&p=111', '45:07d88c8fd78f78921a3432d0e3f35481', 111, 'post', 'give_forms', 1, 0, NULL, NULL, 'A Greater Reach for Uptown Bill&#8217;s', 'trash', 0, 0, NULL, NULL, NULL, NULL, NULL, 0, 0, NULL, 0, NULL, NULL, NULL, NULL, 'https://i0.wp.com/amuno.org/wp-content/uploads/2021/05/placeholder.jpg?fit=1000%2C1000&ssl=1', NULL, '163', 'featured-image', NULL, NULL, 'https://i0.wp.com/amuno.org/wp-content/uploads/2021/05/placeholder.jpg?fit=1000%2C1000&ssl=1', '163', 'featured-image', '{"width":1000,"height":1000,"filesize":4362,"url":"https://i0.wp.com/amuno.org/wp-content/uploads/2021/05/placeholder.jpg?fit=1000%2C1000&ssl=1","path":"/home/amunoo5/amuno.org/wp-content/uploads/2021/05/placeholder.jpg","size":"full","id":163,"alt":"","pixels":1000000,"type":"image/jpeg"}', NULL, NULL, NULL, '2024-04-22 12:08:42', '2024-04-22 15:08:42', 1, NULL, NULL, NULL, NULL, 0, NULL, 2, '2024-03-28 07:33:06', '2020-03-21 03:47:40', 0),
(118, 'https://amuno.org/?post_type=give_forms&p=153', '45:9ad88ab6a7003c6e8b077e20cd0d26bd', 153, 'post', 'give_forms', 1, 0, NULL, NULL, 'Jackie and Shawn for Teen Challenge Charity', 'trash', 0, 0, NULL, NULL, NULL, NULL, NULL, 0, 0, NULL, 0, NULL, NULL, NULL, NULL, 'https://i0.wp.com/amuno.org/wp-content/uploads/2021/05/placeholder.jpg?fit=1000%2C1000&ssl=1', NULL, '163', 'featured-image', NULL, NULL, 'https://i0.wp.com/amuno.org/wp-content/uploads/2021/05/placeholder.jpg?fit=1000%2C1000&ssl=1', '163', 'featured-image', '{"width":1000,"height":1000,"filesize":4362,"url":"https://i0.wp.com/amuno.org/wp-content/uploads/2021/05/placeholder.jpg?fit=1000%2C1000&ssl=1","path":"/home/amunoo5/amuno.org/wp-content/uploads/2021/05/placeholder.jpg","size":"full","id":163,"alt":"","pixels":1000000,"type":"image/jpeg"}', NULL, NULL, NULL, '2024-04-22 12:08:42', '2024-04-22 15:08:42', 1, NULL, NULL, NULL, NULL, 0, NULL, 2, '2024-03-28 06:03:21', '2020-07-21 03:11:40', 0),
(119, 'https://amuno.org/?post_type=give_forms&p=83', '44:6b4bec3a3b194b21b2f966dc2b7d89bc', 83, 'post', 'give_forms', 1, 0, NULL, NULL, 'Minivan Build Match, Double Your Gift', 'trash', 0, 0, NULL, NULL, NULL, NULL, NULL, 0, 0, NULL, 0, NULL, NULL, NULL, NULL, 'https://i0.wp.com/amuno.org/wp-content/uploads/2021/05/placeholder.jpg?fit=1000%2C1000&ssl=1', NULL, '163', 'featured-image', NULL, NULL, 'https://i0.wp.com/amuno.org/wp-content/uploads/2021/05/placeholder.jpg?fit=1000%2C1000&ssl=1', '163', 'featured-image', '{"width":1000,"height":1000,"filesize":4362,"url":"https://i0.wp.com/amuno.org/wp-content/uploads/2021/05/placeholder.jpg?fit=1000%2C1000&ssl=1","path":"/home/amunoo5/amuno.org/wp-content/uploads/2021/05/placeholder.jpg","size":"full","id":163,"alt":"","pixels":1000000,"type":"image/jpeg"}', NULL, NULL, NULL, '2024-04-22 12:08:42', '2024-04-22 15:08:42', 1, NULL, NULL, NULL, NULL, 0, NULL, 2, '2024-03-28 07:33:09', '2020-03-30 03:23:40', 0),
(120, 'https://amuno.org/?post_type=give_forms&p=121', '45:7b7e398219b5f55e113a576b1a79c0d1', 121, 'post', 'give_forms', 1, 0, NULL, NULL, 'Bose &#038; HGS Children&#8217;s Sponsorship', 'trash', 0, 0, NULL, NULL, NULL, NULL, NULL, 0, 0, NULL, 0, NULL, NULL, NULL, NULL, 'https://i0.wp.com/amuno.org/wp-content/uploads/2021/05/placeholder.jpg?fit=1000%2C1000&ssl=1', NULL, '163', 'featured-image', NULL, NULL, 'https://i0.wp.com/amuno.org/wp-content/uploads/2021/05/placeholder.jpg?fit=1000%2C1000&ssl=1', '163', 'featured-image', '{"width":1000,"height":1000,"filesize":4362,"url":"https://i0.wp.com/amuno.org/wp-content/uploads/2021/05/placeholder.jpg?fit=1000%2C1000&ssl=1","path":"/home/amunoo5/amuno.org/wp-content/uploads/2021/05/placeholder.jpg","size":"full","id":163,"alt":"","pixels":1000000,"type":"image/jpeg"}', NULL, NULL, NULL, '2024-04-22 12:08:42', '2024-04-22 15:08:42', 1, NULL, NULL, NULL, NULL, 0, NULL, 2, '2024-03-28 07:34:20', '2020-02-13 03:58:40', 0),
(121, 'https://amuno.org/?post_type=give_forms&p=109', '45:1e436fc3b9c154e6db8b5d7ee8544613', 109, 'post', 'give_forms', 1, 0, NULL, NULL, 'Honorary Mayor Fundraiser Campaign', 'trash', 0, 0, NULL, NULL, NULL, NULL, NULL, 0, 0, NULL, 0, NULL, NULL, NULL, NULL, 'https://i0.wp.com/amuno.org/wp-content/uploads/2021/05/placeholder.jpg?fit=1000%2C1000&ssl=1', NULL, '163', 'featured-image', NULL, NULL, 'https://i0.wp.com/amuno.org/wp-content/uploads/2021/05/placeholder.jpg?fit=1000%2C1000&ssl=1', '163', 'featured-image', '{"width":1000,"height":1000,"filesize":4362,"url":"https://i0.wp.com/amuno.org/wp-content/uploads/2021/05/placeholder.jpg?fit=1000%2C1000&ssl=1","path":"/home/amunoo5/amuno.org/wp-content/uploads/2021/05/placeholder.jpg","size":"full","id":163,"alt":"","pixels":1000000,"type":"image/jpeg"}', NULL, NULL, NULL, '2024-04-22 12:08:42', '2024-04-22 15:08:42', 1, NULL, NULL, NULL, NULL, 0, NULL, 2, '2024-03-28 07:33:06', '2020-03-25 03:28:40', 0),
(122, 'https://amuno.org/?post_type=give_forms&p=137', '45:9868f17170c4a5277befd7fd7f260a6d', 137, 'post', 'give_forms', 1, 0, NULL, NULL, 'Hospice of Medina Lifes Treasures Thrift Shop Storage Needed', 'trash', 0, 0, NULL, NULL, NULL, NULL, NULL, 0, 0, NULL, 0, NULL, NULL, NULL, NULL, 'https://i0.wp.com/amuno.org/wp-content/uploads/2021/05/placeholder.jpg?fit=1000%2C1000&ssl=1', NULL, '163', 'featured-image', NULL, NULL, 'https://i0.wp.com/amuno.org/wp-content/uploads/2021/05/placeholder.jpg?fit=1000%2C1000&ssl=1', '163', 'featured-image', '{"width":1000,"height":1000,"filesize":4362,"url":"https://i0.wp.com/amuno.org/wp-content/uploads/2021/05/placeholder.jpg?fit=1000%2C1000&ssl=1","path":"/home/amunoo5/amuno.org/wp-content/uploads/2021/05/placeholder.jpg","size":"full","id":163,"alt":"","pixels":1000000,"type":"image/jpeg"}', NULL, NULL, NULL, '2024-04-22 12:08:42', '2024-04-22 15:08:42', 1, NULL, NULL, NULL, NULL, 0, NULL, 2, '2024-03-28 06:03:24', '2020-03-17 03:18:40', 0),
(123, 'https://amuno.org/?post_type=give_forms&p=19297', '47:5d708ae60faf5bbbf6431902d87a28f6', 19297, 'post', 'give_forms', 1, 0, NULL, NULL, 'A Greater Reach for Uptown Bill&#8217;s', 'trash', 0, 0, NULL, NULL, NULL, NULL, NULL, 0, 0, NULL, 0, NULL, NULL, NULL, NULL, 'https://i0.wp.com/amuno.org/wp-content/uploads/2021/05/placeholder.jpg?fit=1000%2C1000&ssl=1', NULL, '163', 'featured-image', NULL, NULL, 'https://i0.wp.com/amuno.org/wp-content/uploads/2021/05/placeholder.jpg?fit=1000%2C1000&ssl=1', '163', 'featured-image', '{"width":1000,"height":1000,"filesize":4362,"url":"https://i0.wp.com/amuno.org/wp-content/uploads/2021/05/placeholder.jpg?fit=1000%2C1000&ssl=1","path":"/home/amunoo5/amuno.org/wp-content/uploads/2021/05/placeholder.jpg","size":"full","id":163,"alt":"","pixels":1000000,"type":"image/jpeg"}', NULL, NULL, NULL, '2024-04-22 12:08:42', '2024-04-22 15:08:42', 1, NULL, NULL, NULL, NULL, 0, NULL, 2, '2024-03-28 06:03:19', '2020-07-26 03:20:40', 0),
(124, 'https://amuno.org/?post_type=give_forms&p=129', '45:f19f519981f659c0881631c3631a719b', 129, 'post', 'give_forms', 1, 0, NULL, NULL, 'Trans North Georgia Adventure (TNGA)', 'trash', 0, 0, NULL, NULL, NULL, NULL, NULL, 0, 0, NULL, 0, NULL, NULL, NULL, NULL, 'https://i0.wp.com/amuno.org/wp-content/uploads/2021/05/placeholder.jpg?fit=1000%2C1000&ssl=1', NULL, '163', 'featured-image', NULL, NULL, 'https://i0.wp.com/amuno.org/wp-content/uploads/2021/05/placeholder.jpg?fit=1000%2C1000&ssl=1', '163', 'featured-image', '{"width":1000,"height":1000,"filesize":4362,"url":"https://i0.wp.com/amuno.org/wp-content/uploads/2021/05/placeholder.jpg?fit=1000%2C1000&ssl=1","path":"/home/amunoo5/amuno.org/wp-content/uploads/2021/05/placeholder.jpg","size":"full","id":163,"alt":"","pixels":1000000,"type":"image/jpeg"}', NULL, NULL, NULL, '2024-04-22 12:08:42', '2024-04-22 15:08:42', 1, NULL, NULL, NULL, NULL, 0, NULL, 2, '2024-03-28 06:03:25', '2020-05-03 03:41:40', 0),
(125, 'https://amuno.org/?post_type=give_forms&p=161', '45:30a6f9cc03f15f6da0c1708736a1e5a1', 161, 'post', 'give_forms', 1, 0, NULL, NULL, 'Support Learning Disabilities Association of WNY', 'trash', 0, 0, NULL, NULL, NULL, NULL, NULL, 0, 0, NULL, 0, NULL, NULL, NULL, NULL, 'https://i0.wp.com/amuno.org/wp-content/uploads/2021/05/placeholder.jpg?fit=1000%2C1000&ssl=1', NULL, '163', 'featured-image', NULL, NULL, 'https://i0.wp.com/amuno.org/wp-content/uploads/2021/05/placeholder.jpg?fit=1000%2C1000&ssl=1', '163', 'featured-image', '{"width":1000,"height":1000,"filesize":4362,"url":"https://i0.wp.com/amuno.org/wp-content/uploads/2021/05/placeholder.jpg?fit=1000%2C1000&ssl=1","path":"/home/amunoo5/amuno.org/wp-content/uploads/2021/05/placeholder.jpg","size":"full","id":163,"alt":"","pixels":1000000,"type":"image/jpeg"}', NULL, NULL, NULL, '2024-04-22 12:08:42', '2024-04-22 15:08:42', 1, NULL, NULL, NULL, NULL, 0, NULL, 2, '2024-03-28 06:03:20', '2020-02-15 03:41:40', 0),
(126, 'https://amuno.org/?post_type=give_forms&p=79', '44:333d888def418956e46b86348e10f69f', 79, 'post', 'give_forms', 1, 0, NULL, NULL, 'Young generation to have a greater tomorrow', 'trash', 0, 0, NULL, NULL, NULL, NULL, NULL, 0, 0, NULL, 0, NULL, NULL, NULL, NULL, 'https://i0.wp.com/amuno.org/wp-content/uploads/2021/05/placeholder.jpg?fit=1000%2C1000&ssl=1', NULL, '163', 'featured-image', NULL, NULL, 'https://i0.wp.com/amuno.org/wp-content/uploads/2021/05/placeholder.jpg?fit=1000%2C1000&ssl=1', '163', 'featured-image', '{"width":1000,"height":1000,"filesize":4362,"url":"https://i0.wp.com/amuno.org/wp-content/uploads/2021/05/placeholder.jpg?fit=1000%2C1000&ssl=1","path":"/home/amunoo5/amuno.org/wp-content/uploads/2021/05/placeholder.jpg","size":"full","id":163,"alt":"","pixels":1000000,"type":"image/jpeg"}', NULL, NULL, NULL, '2024-04-22 12:08:42', '2024-04-22 15:08:42', 1, NULL, NULL, NULL, NULL, 0, NULL, 2, '2024-03-28 07:33:09', '2020-03-01 03:17:40', 0),
(127, 'https://amuno.org/?post_type=give_forms&p=123', '45:71b3da6e4475f694eb517035983f346c', 123, 'post', 'give_forms', 1, 0, NULL, NULL, 'A Greater Reach for Uptown Bill&#8217;s', 'trash', 0, 0, NULL, NULL, NULL, NULL, NULL, 0, 0, NULL, 0, NULL, NULL, NULL, NULL, 'https://i0.wp.com/amuno.org/wp-content/uploads/2021/05/placeholder.jpg?fit=1000%2C1000&ssl=1', NULL, '163', 'featured-image', NULL, NULL, 'https://i0.wp.com/amuno.org/wp-content/uploads/2021/05/placeholder.jpg?fit=1000%2C1000&ssl=1', '163', 'featured-image', '{"width":1000,"height":1000,"filesize":4362,"url":"https://i0.wp.com/amuno.org/wp-content/uploads/2021/05/placeholder.jpg?fit=1000%2C1000&ssl=1","path":"/home/amunoo5/amuno.org/wp-content/uploads/2021/05/placeholder.jpg","size":"full","id":163,"alt":"","pixels":1000000,"type":"image/jpeg"}', NULL, NULL, NULL, '2024-04-22 12:08:42', '2024-04-22 15:08:42', 1, NULL, NULL, NULL, NULL, 0, NULL, 2, '2024-03-28 06:03:26', '2020-02-19 03:40:40', 0),
(128, 'https://amuno.org/?post_type=give_forms&p=77', '44:612bccdb9d55d2b60445f0380a1cb64e', 77, 'post', 'give_forms', 1, 0, NULL, NULL, 'Krista&#8217;s Climb for a Cause', 'trash', 0, 0, NULL, NULL, NULL, NULL, NULL, 0, 0, NULL, 0, NULL, NULL, NULL, NULL, 'https://i0.wp.com/amuno.org/wp-content/uploads/2021/05/placeholder.jpg?fit=1000%2C1000&ssl=1', NULL, '163', 'featured-image', NULL, NULL, 'https://i0.wp.com/amuno.org/wp-content/uploads/2021/05/placeholder.jpg?fit=1000%2C1000&ssl=1', '163', 'featured-image', '{"width":1000,"height":1000,"filesize":4362,"url":"https://i0.wp.com/amuno.org/wp-content/uploads/2021/05/placeholder.jpg?fit=1000%2C1000&ssl=1","path":"/home/amunoo5/amuno.org/wp-content/uploads/2021/05/placeholder.jpg","size":"full","id":163,"alt":"","pixels":1000000,"type":"image/jpeg"}', NULL, NULL, NULL, '2024-04-22 12:08:42', '2024-04-22 15:08:42', 1, NULL, NULL, NULL, NULL, 0, NULL, 2, '2024-03-28 07:33:10', '2020-04-02 03:13:40', 0),
(129, 'https://amuno.org/?post_type=give_forms&p=107', '45:f358d52b5d6964129de314dea60972a9', 107, 'post', 'give_forms', 1, 0, NULL, NULL, 'Empower the Kids of Ghana', 'trash', 0, 0, NULL, NULL, NULL, NULL, NULL, 0, 0, NULL, 0, NULL, NULL, NULL, NULL, 'https://i0.wp.com/amuno.org/wp-content/uploads/2021/05/placeholder.jpg?fit=1000%2C1000&ssl=1', NULL, '163', 'featured-image', NULL, NULL, 'https://i0.wp.com/amuno.org/wp-content/uploads/2021/05/placeholder.jpg?fit=1000%2C1000&ssl=1', '163', 'featured-image', '{"width":1000,"height":1000,"filesize":4362,"url":"https://i0.wp.com/amuno.org/wp-content/uploads/2021/05/placeholder.jpg?fit=1000%2C1000&ssl=1","path":"/home/amunoo5/amuno.org/wp-content/uploads/2021/05/placeholder.jpg","size":"full","id":163,"alt":"","pixels":1000000,"type":"image/jpeg"}', NULL, NULL, NULL, '2024-04-22 12:08:42', '2024-04-22 15:08:42', 1, NULL, NULL, NULL, NULL, 0, NULL, 2, '2024-03-28 07:33:06', '2020-07-16 03:27:40', 0),
(130, 'https://amuno.org/?post_type=give_forms&p=155', '45:38c5c6ea7b230f9ca490239de317b7ce', 155, 'post', 'give_forms', 1, 0, NULL, NULL, 'Empower the Kids of Ghana', 'trash', 0, 0, NULL, NULL, NULL, NULL, NULL, 0, 0, NULL, 0, NULL, NULL, NULL, NULL, 'https://i0.wp.com/amuno.org/wp-content/uploads/2021/05/placeholder.jpg?fit=1000%2C1000&ssl=1', NULL, '163', 'featured-image', NULL, NULL, 'https://i0.wp.com/amuno.org/wp-content/uploads/2021/05/placeholder.jpg?fit=1000%2C1000&ssl=1', '163', 'featured-image', '{"width":1000,"height":1000,"filesize":4362,"url":"https://i0.wp.com/amuno.org/wp-content/uploads/2021/05/placeholder.jpg?fit=1000%2C1000&ssl=1","path":"/home/amunoo5/amuno.org/wp-content/uploads/2021/05/placeholder.jpg","size":"full","id":163,"alt":"","pixels":1000000,"type":"image/jpeg"}', NULL, NULL, NULL, '2024-04-22 12:23:51', '2024-04-22 15:23:51', 1, NULL, NULL, NULL, NULL, 0, NULL, 2, '2024-03-28 06:03:21', '2020-03-24 03:27:40', 0),
(131, 'https://amuno.org/?post_type=give_forms&p=81', '44:8370f977bcbbddb6be08e3f7e485ad94', 81, 'post', 'give_forms', 1, 0, NULL, NULL, 'Trans North Georgia Adventure (TNGA)', 'trash', 0, 0, NULL, NULL, NULL, NULL, NULL, 0, 0, NULL, 0, NULL, NULL, NULL, NULL, 'https://i0.wp.com/amuno.org/wp-content/uploads/2021/05/placeholder.jpg?fit=1000%2C1000&ssl=1', NULL, '163', 'featured-image', NULL, NULL, 'https://i0.wp.com/amuno.org/wp-content/uploads/2021/05/placeholder.jpg?fit=1000%2C1000&ssl=1', '163', 'featured-image', '{"width":1000,"height":1000,"filesize":4362,"url":"https://i0.wp.com/amuno.org/wp-content/uploads/2021/05/placeholder.jpg?fit=1000%2C1000&ssl=1","path":"/home/amunoo5/amuno.org/wp-content/uploads/2021/05/placeholder.jpg","size":"full","id":163,"alt":"","pixels":1000000,"type":"image/jpeg"}', NULL, NULL, NULL, '2024-04-22 12:23:51', '2024-04-22 15:23:51', 1, NULL, NULL, NULL, NULL, 0, NULL, 2, '2024-03-28 07:33:09', '2020-03-17 03:24:40', 0),
(132, 'https://amuno.org/?post_type=give_forms&p=49', '44:6e306b47009c88f3f77fb9673eda049c', 49, 'post', 'give_forms', 1, 0, NULL, NULL, 'Support Learning Disabilities Association of WNY', 'trash', 0, 0, NULL, NULL, NULL, NULL, NULL, 0, 0, NULL, 0, NULL, NULL, NULL, NULL, 'https://i0.wp.com/amuno.org/wp-content/uploads/2021/05/placeholder.jpg?fit=1000%2C1000&ssl=1', NULL, '163', 'featured-image', NULL, NULL, 'https://i0.wp.com/amuno.org/wp-content/uploads/2021/05/placeholder.jpg?fit=1000%2C1000&ssl=1', '163', 'featured-image', '{"width":1000,"height":1000,"filesize":4362,"url":"https://i0.wp.com/amuno.org/wp-content/uploads/2021/05/placeholder.jpg?fit=1000%2C1000&ssl=1","path":"/home/amunoo5/amuno.org/wp-content/uploads/2021/05/placeholder.jpg","size":"full","id":163,"alt":"","pixels":1000000,"type":"image/jpeg"}', NULL, NULL, NULL, '2024-04-22 12:23:51', '2024-04-22 15:23:51', 1, NULL, NULL, NULL, NULL, 0, NULL, 2, '2024-03-28 07:34:22', '2020-07-13 03:47:40', 0),
(133, 'https://amuno.org/?post_type=give_forms&p=103', '45:4eb9be34d8adb3da44148fc9e27f58f9', 103, 'post', 'give_forms', 1, 0, NULL, NULL, 'Raising money for Vision Rescue', 'trash', 0, 0, NULL, NULL, NULL, NULL, NULL, 0, 0, NULL, 0, NULL, NULL, NULL, NULL, 'https://i0.wp.com/amuno.org/wp-content/uploads/2021/05/placeholder.jpg?fit=1000%2C1000&ssl=1', NULL, '163', 'featured-image', NULL, NULL, 'https://i0.wp.com/amuno.org/wp-content/uploads/2021/05/placeholder.jpg?fit=1000%2C1000&ssl=1', '163', 'featured-image', '{"width":1000,"height":1000,"filesize":4362,"url":"https://i0.wp.com/amuno.org/wp-content/uploads/2021/05/placeholder.jpg?fit=1000%2C1000&ssl=1","path":"/home/amunoo5/amuno.org/wp-content/uploads/2021/05/placeholder.jpg","size":"full","id":163,"alt":"","pixels":1000000,"type":"image/jpeg"}', NULL, NULL, NULL, '2024-04-22 12:23:51', '2024-04-22 15:23:51', 1, NULL, NULL, NULL, NULL, 0, NULL, 2, '2024-03-28 07:33:07', '2020-05-22 03:33:40', 0),
(134, 'https://amuno.org/?post_type=give_forms&p=131', '45:69bcc07a7697f5edec674d7c12f162a4', 131, 'post', 'give_forms', 1, 0, NULL, NULL, 'Minivan Build Match, Double Your Gift', 'trash', 0, 0, NULL, NULL, NULL, NULL, NULL, 0, 0, NULL, 0, NULL, NULL, NULL, NULL, 'https://i0.wp.com/amuno.org/wp-content/uploads/2021/05/placeholder.jpg?fit=1000%2C1000&ssl=1', NULL, '163', 'featured-image', NULL, NULL, 'https://i0.wp.com/amuno.org/wp-content/uploads/2021/05/placeholder.jpg?fit=1000%2C1000&ssl=1', '163', 'featured-image', '{"width":1000,"height":1000,"filesize":4362,"url":"https://i0.wp.com/amuno.org/wp-content/uploads/2021/05/placeholder.jpg?fit=1000%2C1000&ssl=1","path":"/home/amunoo5/amuno.org/wp-content/uploads/2021/05/placeholder.jpg","size":"full","id":163,"alt":"","pixels":1000000,"type":"image/jpeg"}', NULL, NULL, NULL, '2024-04-22 12:23:51', '2024-04-22 15:23:51', 1, NULL, NULL, NULL, NULL, 0, NULL, 2, '2024-03-28 06:03:25', '2020-01-18 03:19:40', 0),
(135, 'https://amuno.org/?post_type=give_forms&p=51', '44:0e877a35e3f8433635fe65cabc0a296e', 51, 'post', 'give_forms', 1, 0, NULL, NULL, 'Helping Women Period-Chicago', 'trash', 0, 0, NULL, NULL, NULL, NULL, NULL, 0, 0, NULL, 0, NULL, NULL, NULL, NULL, 'https://i0.wp.com/amuno.org/wp-content/uploads/2021/05/placeholder.jpg?fit=1000%2C1000&ssl=1', NULL, '163', 'featured-image', NULL, NULL, 'https://i0.wp.com/amuno.org/wp-content/uploads/2021/05/placeholder.jpg?fit=1000%2C1000&ssl=1', '163', 'featured-image', '{"width":1000,"height":1000,"filesize":4362,"url":"https://i0.wp.com/amuno.org/wp-content/uploads/2021/05/placeholder.jpg?fit=1000%2C1000&ssl=1","path":"/home/amunoo5/amuno.org/wp-content/uploads/2021/05/placeholder.jpg","size":"full","id":163,"alt":"","pixels":1000000,"type":"image/jpeg"}', NULL, NULL, NULL, '2024-04-22 12:23:51', '2024-04-22 15:23:51', 1, NULL, NULL, NULL, NULL, 0, NULL, 2, '2024-03-28 07:34:22', '2020-03-17 03:38:40', 0),
(136, 'https://amuno.org/?post_type=give_forms&p=23', '44:6f1a0be98a70b6da24d4b78abe7ba726', 23, 'post', 'give_forms', 1, 0, NULL, NULL, 'New American Riders: Bicycles for refugees in Western Mass', 'trash', 0, 0, NULL, NULL, NULL, NULL, NULL, 0, 0, NULL, 0, NULL, NULL, NULL, NULL, 'https://i0.wp.com/amuno.org/wp-content/uploads/2021/05/placeholder.jpg?fit=1000%2C1000&ssl=1', NULL, '163', 'featured-image', NULL, NULL, 'https://i0.wp.com/amuno.org/wp-content/uploads/2021/05/placeholder.jpg?fit=1000%2C1000&ssl=1', '163', 'featured-image', '{"width":1000,"height":1000,"filesize":4362,"url":"https://i0.wp.com/amuno.org/wp-content/uploads/2021/05/placeholder.jpg?fit=1000%2C1000&ssl=1","path":"/home/amunoo5/amuno.org/wp-content/uploads/2021/05/placeholder.jpg","size":"full","id":163,"alt":"","pixels":1000000,"type":"image/jpeg"}', NULL, NULL, NULL, '2024-04-22 12:23:51', '2024-04-22 15:23:51', 1, NULL, NULL, NULL, NULL, 0, NULL, 2, '2024-03-28 07:34:24', '2020-03-23 03:50:40', 0),
(137, 'https://amuno.org/?post_type=give_forms&p=149', '45:e58bd9db74d0131f25eb98b72b926330', 149, 'post', 'give_forms', 1, 0, NULL, NULL, 'Annual School Supply Drive', 'trash', 0, 0, NULL, NULL, NULL, NULL, NULL, 0, 0, NULL, 0, NULL, NULL, NULL, NULL, 'https://i0.wp.com/amuno.org/wp-content/uploads/2020/03/Scholastic-materials.jpg?fit=1000%2C1000&ssl=1', NULL, '19833', 'featured-image', NULL, NULL, 'https://i0.wp.com/amuno.org/wp-content/uploads/2020/03/Scholastic-materials.jpg?fit=1000%2C1000&ssl=1', '19833', 'featured-image', '{"width":1000,"height":1000,"filesize":1107442,"url":"https://i0.wp.com/amuno.org/wp-content/uploads/2020/03/Scholastic-materials.jpg?fit=1000%2C1000&ssl=1","path":"/home/amunoo5/amuno.org/wp-content/uploads/2020/03/Scholastic-materials.jpg","size":"full","id":19833,"alt":"","pixels":1000000,"type":"image/jpeg"}', NULL, NULL, NULL, '2024-04-22 12:23:51', '2024-04-22 15:23:51', 1, NULL, NULL, NULL, NULL, 0, NULL, 2, '2024-03-28 11:47:46', '2024-01-01 03:49:40', 0),
(138, 'https://amuno.org/humani-breadcrumb/breadcrumb/', '47:29ef661a5f996bffca192bc97185a2cb', 8044, 'post', 'humani-breadcrumb', 1, 0, NULL, NULL, 'Breadcrumb', 'publish', NULL, 0, NULL, NULL, NULL, NULL, NULL, 0, 0, NULL, 0, NULL, NULL, NULL, NULL, NULL, NULL, NULL, NULL, NULL, NULL, NULL, NULL, NULL, NULL, 4, NULL, NULL, '2024-04-22 12:23:51', '2024-04-22 16:09:34', 1, NULL, NULL, NULL, NULL, 0, NULL, 2, '2021-05-27 06:51:20', '2021-05-27 06:51:20', 0),
(139, 'https://amuno.org/?page_id=18', '29:088c67a9eb3128841675fc80d5cd2894', 18, 'post', 'page', 1, 0, NULL, NULL, 'Refund and Returns Policy', 'draft', 0, 0, NULL, NULL, NULL, NULL, NULL, 0, 0, NULL, 0, NULL, NULL, NULL, NULL, NULL, NULL, NULL, NULL, NULL, NULL, NULL, NULL, NULL, NULL, NULL, NULL, NULL, '2024-04-22 12:23:51', '2024-04-22 15:23:51', 1, NULL, NULL, NULL, NULL, 0, NULL, 2, '0000-00-00 00:00:00', '0000-00-00 00:00:00', 0),
(140, 'https://amuno.org/sample-page-2/', '32:780c73fd8d78955388b5a9183bbd9eef', 19292, 'post', 'page', 1, 0, NULL, NULL, 'Sample Page', 'publish', NULL, 0, NULL, NULL, NULL, NULL, NULL, 0, 0, NULL, 0, NULL, NULL, NULL, NULL, NULL, NULL, NULL, NULL, NULL, NULL, NULL, NULL, NULL, NULL, 0, NULL, NULL, '2024-04-22 12:23:51', '2024-04-22 16:09:34', 1, NULL, NULL, NULL, NULL, 0, NULL, 2, '2021-05-14 04:43:15', '2021-05-14 04:43:15', 0),
(141, 'https://amuno.org/donation-confirmation-2/', '42:d6371ee82e17849a44e980a4f0815caa', 19293, 'post', 'page', 1, 0, NULL, NULL, 'Donation Confirmation', 'publish', NULL, 0, NULL, NULL, NULL, NULL, NULL, 0, 0, NULL, 0, NULL, NULL, NULL, NULL, NULL, NULL, NULL, NULL, NULL, NULL, NULL, NULL, NULL, NULL, 0, NULL, NULL, '2024-04-22 12:23:51', '2024-04-22 16:09:34', 1, NULL, NULL, NULL, NULL, 0, NULL, 2, '2021-05-14 06:28:19', '2021-05-14 06:28:19', 0),
(142, 'https://amuno.org/donation-failed-2/', '36:4d674e9f2ec90b4a0e72cebef9a402c8', 19294, 'post', 'page', 1, 0, NULL, NULL, 'Donation Failed', 'publish', NULL, 0, NULL, NULL, NULL, NULL, NULL, 0, 0, NULL, 0, NULL, NULL, NULL, NULL, NULL, NULL, NULL, NULL, NULL, NULL, NULL, NULL, NULL, NULL, 0, NULL, NULL, '2024-04-22 12:23:51', '2024-04-22 16:28:38', 1, NULL, NULL, NULL, NULL, 0, NULL, 2, '2021-05-14 06:28:19', '2021-05-14 06:28:19', 0),
(143, 'https://amuno.org/donor-dashboard-2/', '36:42f3116e84f86a9e1657fb1b9b70746c', 19295, 'post', 'page', 1, 0, NULL, NULL, 'Donor Dashboard', 'publish', NULL, 0, NULL, NULL, NULL, NULL, NULL, 0, 0, NULL, 0, NULL, NULL, NULL, NULL, NULL, NULL, NULL, NULL, NULL, NULL, NULL, NULL, NULL, NULL, 0, NULL, NULL, '2024-04-22 12:23:51', '2024-04-22 16:28:38', 1, NULL, NULL, NULL, NULL, 0, NULL, 2, '2021-05-14 06:28:19', '2021-05-14 06:28:19', 0),
(144, 'https://amuno.org/demo/', '23:89ecd740879bf14465216733553a6fe5', 235, 'post', 'page', 1, 0, NULL, NULL, 'demo', 'publish', NULL, 0, NULL, NULL, NULL, NULL, NULL, 0, 0, NULL, 0, NULL, NULL, NULL, NULL, NULL, NULL, NULL, NULL, NULL, NULL, NULL, NULL, NULL, NULL, 0, NULL, NULL, '2024-04-22 12:23:51', '2024-04-22 16:38:53', 1, NULL, NULL, NULL, NULL, 0, NULL, 2, '2021-05-18 09:02:27', '2021-05-18 09:02:27', 0),
(145, 'https://amuno.org/outdoor-behavioral-healthcare-services-to-youth-and-young-adults/', '83:924598566232ff8c63b3b1ffa7b1d7a0', 171, 'post', 'post', 1, 0, NULL, NULL, 'Outdoor behavioral healthcare services to youth and young adults', 'publish', NULL, 0, NULL, NULL, NULL, NULL, NULL, 0, 0, NULL, 0, NULL, NULL, NULL, NULL, 'https://i0.wp.com/amuno.org/wp-content/uploads/2021/05/2.jpeg?fit=1039%2C750&ssl=1', NULL, '170', 'featured-image', NULL, NULL, 'https://i0.wp.com/amuno.org/wp-content/uploads/2021/05/2.jpeg?fit=1039%2C750&ssl=1', '170', 'featured-image', '{"width":1039,"height":750,"filesize":90771,"url":"https://i0.wp.com/amuno.org/wp-content/uploads/2021/05/2.jpeg?fit=1039%2C750&ssl=1","path":"/home/amunoo5/amuno.org/wp-content/uploads/2021/05/2.jpeg","size":"full","id":170,"alt":"","pixels":779250,"type":"image/jpeg"}', 0, NULL, NULL, '2024-04-22 12:23:52', '2024-04-22 19:28:38', 1, NULL, NULL, NULL, NULL, 0, NULL, 2, '2021-05-15 02:36:56', '2021-05-15 02:36:56', 0),
(146, 'https://amuno.org/icon/', '23:476ff3db92211456dc19ba42e3a38cb1', 9567, 'post', 'page', 1, 0, NULL, NULL, 'Icon', 'publish', NULL, 0, NULL, NULL, NULL, NULL, NULL, 0, 0, NULL, 0, NULL, NULL, NULL, NULL, NULL, NULL, NULL, NULL, NULL, NULL, NULL, NULL, NULL, NULL, 0, NULL, NULL, '2024-04-22 12:43:36', '2024-04-22 16:58:38', 1, NULL, NULL, NULL, NULL, 0, NULL, 2, '2021-05-28 10:30:52', '2021-05-28 10:30:52', 0),
(147, 'https://amuno.org/causes-grid-style-03/', '39:52f86e60daa629ea7828a5abad3868c0', 9951, 'post', 'page', 1, 0, NULL, NULL, 'Causes Grid Style 03', 'publish', NULL, 0, NULL, NULL, NULL, NULL, NULL, 0, 0, NULL, 0, NULL, NULL, NULL, NULL, NULL, NULL, NULL, NULL, NULL, NULL, NULL, NULL, NULL, NULL, 3, NULL, NULL, '2024-04-22 12:43:36', '2024-04-22 17:09:51', 1, NULL, NULL, NULL, NULL, 0, NULL, 2, '2021-05-29 08:00:59', '2021-05-29 08:00:59', 0),
(148, 'https://amuno.org/causes-grid-style-01/', '39:1df7bf15af5b83c6b59b5629ad871304', 9953, 'post', 'page', 1, 0, NULL, NULL, 'Causes Grid Style 01', 'publish', NULL, 0, NULL, NULL, NULL, NULL, NULL, 0, 0, NULL, 0, NULL, NULL, NULL, NULL, NULL, NULL, NULL, NULL, NULL, NULL, NULL, NULL, NULL, NULL, 3, NULL, NULL, '2024-04-22 12:43:36', '2024-04-22 17:09:51', 1, NULL, NULL, NULL, NULL, 0, NULL, 2, '2021-05-29 08:02:04', '2021-05-29 08:02:04', 0),
(149, 'https://amuno.org/causes-grid-style-02/', '39:980dc4a8bf525fa51a25ae0ebe6c8b2d', 9955, 'post', 'page', 1, 0, NULL, NULL, 'Causes Grid Style 02', 'publish', NULL, 0, NULL, NULL, NULL, NULL, NULL, 0, 0, NULL, 0, NULL, NULL, NULL, NULL, NULL, NULL, NULL, NULL, NULL, NULL, NULL, NULL, NULL, NULL, 3, NULL, NULL, '2024-04-22 12:43:36', '2024-04-22 17:09:51', 1, NULL, NULL, NULL, NULL, 0, NULL, 2, '2021-05-29 08:02:42', '2021-05-29 08:02:42', 0),
(150, 'https://amuno.org/causes-grid-style-04/', '39:311ca55b0761f1d6e995155c9e3b429d', 10034, 'post', 'page', 1, 0, NULL, NULL, 'Causes Grid Style 04', 'publish', NULL, 0, NULL, NULL, NULL, NULL, NULL, 0, 0, NULL, 0, NULL, NULL, NULL, NULL, NULL, NULL, NULL, NULL, NULL, NULL, NULL, NULL, NULL, NULL, 21, NULL, NULL, '2024-04-22 12:43:36', '2024-04-22 17:28:38', 1, NULL, NULL, NULL, NULL, 0, NULL, 2, '2021-05-29 08:29:56', '2021-05-29 08:29:56', 0),
(151, 'https://amuno.org/login-register/', '33:a0a0bcff01e56e4e5d6c1d5b20675c48', 13090, 'post', 'page', 1, 0, NULL, NULL, 'Login / Register', 'publish', NULL, 0, NULL, NULL, NULL, NULL, NULL, 0, 0, NULL, 0, NULL, NULL, NULL, NULL, NULL, NULL, NULL, NULL, NULL, NULL, NULL, NULL, NULL, NULL, 1, NULL, NULL, '2024-04-22 12:43:36', '2024-04-22 17:56:17', 1, NULL, NULL, NULL, NULL, 0, NULL, 2, '2021-06-03 03:06:00', '2021-06-03 03:06:00', 0),
(152, 'https://amuno.org/inspring-stories/', '35:50e7cdb7155fb304f5de4d30cc4b3428', 13258, 'post', 'page', 1, 0, NULL, NULL, 'Inspring Stories', 'publish', NULL, 0, NULL, NULL, NULL, NULL, NULL, 0, 0, NULL, 0, NULL, NULL, NULL, NULL, NULL, NULL, NULL, NULL, NULL, NULL, NULL, NULL, NULL, NULL, 0, NULL, NULL, '2024-04-22 12:43:36', '2024-04-22 17:56:17', 1, NULL, NULL, NULL, NULL, 0, NULL, 2, '2021-06-03 07:28:07', '2021-06-03 07:28:07', 0),
(153, 'https://amuno.org/landingpage/', '30:4295451af77cc18b82f66822b187705b', 13413, 'post', 'page', 1, 0, NULL, NULL, 'Landingpage', 'publish', NULL, 0, NULL, NULL, NULL, NULL, NULL, 0, 0, NULL, 0, NULL, NULL, NULL, NULL, NULL, NULL, NULL, NULL, NULL, NULL, NULL, NULL, NULL, NULL, 1, NULL, NULL, '2024-04-22 12:43:36', '2024-04-22 18:12:55', 1, NULL, NULL, NULL, NULL, 0, NULL, 2, '2021-06-03 09:49:24', '2021-06-03 09:49:24', 0),
(154, 'https://amuno.org/stories/', '26:1ce9872c6cc7e3514fefc98d3cbf979a', 13448, 'post', 'page', 1, 0, NULL, NULL, 'Stories', 'publish', NULL, 0, NULL, NULL, NULL, NULL, NULL, 0, 0, NULL, 0, NULL, NULL, NULL, NULL, NULL, NULL, NULL, NULL, NULL, NULL, NULL, NULL, NULL, NULL, 0, NULL, NULL, '2024-04-22 12:43:36', '2024-04-22 18:12:55', 1, NULL, NULL, NULL, NULL, 0, NULL, 2, '2021-06-04 01:38:21', '2021-06-04 01:38:21', 0),
(155, 'https://amuno.org/police-department-recognition-award/', '54:fb6872c1b71c0477295be4831eb15c95', 13530, 'post', 'page', 1, 0, NULL, NULL, 'Police Department Recognition Award', 'publish', NULL, 0, NULL, NULL, NULL, NULL, NULL, 0, 0, NULL, 0, NULL, NULL, NULL, NULL, NULL, NULL, NULL, NULL, NULL, NULL, NULL, NULL, NULL, NULL, 0, NULL, NULL, '2024-04-22 12:43:36', '2024-04-22 18:12:55', 1, NULL, NULL, NULL, NULL, 0, NULL, 2, '2021-06-04 03:00:26', '2021-06-04 03:00:26', 0),
(156, 'https://amuno.org/how-crowdfunding-benefits/', '44:d405fe0d54570ba3cb31686ff67c01f0', 13541, 'post', 'page', 1, 0, NULL, NULL, 'How Crowdfunding Benefits..', 'publish', NULL, 0, NULL, NULL, NULL, NULL, NULL, 0, 0, NULL, 0, NULL, NULL, NULL, NULL, NULL, NULL, NULL, NULL, NULL, NULL, NULL, NULL, NULL, NULL, 0, NULL, NULL, '2024-04-22 12:43:36', '2024-04-22 18:28:38', 1, NULL, NULL, NULL, NULL, 0, NULL, 2, '2021-06-04 03:07:05', '2021-06-04 03:07:05', 0),
(157, 'https://amuno.org/sample-page/', '30:4fda9ffd244e6f00db1e150824c1a8db', 2, 'post', 'page', 1, 0, NULL, NULL, 'Sample Page', 'publish', NULL, 0, NULL, NULL, NULL, NULL, NULL, 0, 0, NULL, 0, NULL, NULL, NULL, NULL, NULL, NULL, NULL, NULL, NULL, NULL, NULL, NULL, NULL, NULL, 1, NULL, NULL, '2024-04-22 12:43:36', '2024-04-22 18:28:38', 1, NULL, NULL, NULL, NULL, 0, NULL, 2, '2024-03-12 07:03:54', '2024-03-12 07:03:54', 0),
(158, 'https://amuno.org/donation-successful/', '38:1cdffa0078cd341741da9201d9198754', 12, 'post', 'page', 1, 0, NULL, NULL, 'Donation Successful', 'publish', NULL, 0, NULL, NULL, NULL, NULL, NULL, 0, 0, NULL, 0, NULL, NULL, NULL, NULL, NULL, NULL, NULL, NULL, NULL, NULL, NULL, NULL, NULL, NULL, 0, NULL, NULL, '2024-04-22 12:43:36', '2024-04-22 18:43:04', 1, NULL, NULL, NULL, NULL, 0, NULL, 2, '2024-03-13 20:41:14', '2024-03-13 20:41:14', 0),
(159, 'https://amuno.org/shop/', '23:dc9292c9e733f81af7af42a65152c3cb', 14, 'post', 'page', 1, 0, NULL, NULL, 'Shop', 'publish', NULL, 0, NULL, NULL, NULL, NULL, NULL, 0, 0, NULL, 0, NULL, NULL, NULL, NULL, NULL, NULL, NULL, NULL, NULL, NULL, NULL, NULL, NULL, NULL, 0, NULL, NULL, '2024-04-22 12:43:36', '2024-04-22 18:43:04', 1, NULL, NULL, NULL, NULL, 0, NULL, 2, '2024-03-13 20:43:25', '2024-03-13 20:43:25', 0),
(160, 'https://amuno.org/cart/', '23:f504d72593e399a91028dce0d5163cae', 15, 'post', 'page', 1, 0, NULL, NULL, 'Cart', 'publish', NULL, 0, NULL, NULL, NULL, NULL, NULL, 0, 0, NULL, 0, NULL, NULL, NULL, NULL, NULL, NULL, NULL, NULL, NULL, NULL, NULL, NULL, NULL, NULL, 0, NULL, NULL, '2024-04-22 12:43:36', '2024-04-22 18:58:38', 1, NULL, NULL, NULL, NULL, 0, NULL, 2, '2024-03-13 20:43:25', '2024-03-13 20:43:25', 0),
(161, 'https://amuno.org/checkout/', '27:17d510f5c1be732a3cba75399f36f49b', 16, 'post', 'page', 1, 0, NULL, NULL, 'Checkout', 'publish', NULL, 0, NULL, NULL, NULL, NULL, NULL, 0, 0, NULL, 0, NULL, NULL, NULL, NULL, NULL, NULL, NULL, NULL, NULL, NULL, NULL, NULL, NULL, NULL, 0, NULL, NULL, '2024-04-22 12:57:59', '2024-04-22 18:58:38', 1, NULL, NULL, NULL, NULL, 0, NULL, 2, '2024-03-13 20:43:26', '2024-03-13 20:43:26', 0),
(162, 'https://amuno.org/my-account-2/', '31:534fdcd9a1dc3316f98cc97d15c9a781', 17, 'post', 'page', 1, 0, NULL, NULL, 'My account', 'publish', NULL, 0, NULL, NULL, NULL, NULL, NULL, 0, 0, NULL, 0, NULL, NULL, NULL, NULL, NULL, NULL, NULL, NULL, NULL, NULL, NULL, NULL, NULL, NULL, 0, NULL, NULL, '2024-04-22 12:57:59', '2024-04-22 18:58:38', 1, NULL, NULL, NULL, NULL, 0, NULL, 2, '2024-03-13 20:43:26', '2024-03-13 20:43:26', 0),
(163, 'https://amuno.org/donation-confirmation/', '40:469e2b2523c1b0097d1f0ed4337c80e6', 31, 'post', 'page', 1, 0, NULL, NULL, 'Donation Confirmation', 'publish', NULL, 0, NULL, NULL, NULL, NULL, NULL, 0, 0, NULL, 0, NULL, NULL, NULL, NULL, NULL, NULL, NULL, NULL, NULL, NULL, NULL, NULL, NULL, NULL, 0, NULL, NULL, '2024-04-22 12:57:59', '2024-04-22 19:13:39', 1, NULL, NULL, NULL, NULL, 0, NULL, 2, '2024-03-14 20:21:10', '2024-03-14 20:21:10', 0),
(164, 'https://amuno.org/donation-failed/', '34:cf2b0c1d9f2ad6742014ae60eef409a2', 32, 'post', 'page', 1, 0, NULL, NULL, 'Donation Failed', 'publish', NULL, 0, NULL, NULL, NULL, NULL, NULL, 0, 0, NULL, 0, NULL, NULL, NULL, NULL, NULL, NULL, NULL, NULL, NULL, NULL, NULL, NULL, NULL, NULL, 0, NULL, NULL, '2024-04-22 12:57:59', '2024-04-22 19:13:39', 1, NULL, NULL, NULL, NULL, 0, NULL, 2, '2024-03-14 20:21:10', '2024-03-14 20:21:10', 0),
(165, 'https://amuno.org/donor-dashboard/', '34:ca9e6ef1692873f7c2bf5dac5cf49000', 33, 'post', 'page', 1, 0, NULL, NULL, 'Donor Dashboard', 'publish', NULL, 0, NULL, NULL, NULL, NULL, NULL, 0, 0, NULL, 0, NULL, NULL, NULL, NULL, NULL, NULL, NULL, NULL, NULL, NULL, NULL, NULL, NULL, NULL, 0, NULL, NULL, '2024-04-22 12:57:59', '2024-04-22 19:13:39', 1, NULL, NULL, NULL, NULL, 0, NULL, 2, '2024-03-14 20:21:10', '2024-03-14 20:21:10', 0),
(166, 'https://amuno.org/?page_id=19298', '32:ee522585b4ce67c92c21d8a8d2547c91', 19298, 'post', 'page', 1, 0, NULL, NULL, 'Privacy Policy', 'trash', 0, 0, NULL, NULL, NULL, NULL, NULL, 0, 0, NULL, 0, NULL, NULL, NULL, NULL, NULL, NULL, NULL, NULL, NULL, NULL, NULL, NULL, NULL, NULL, NULL, NULL, NULL, '2024-04-22 12:57:59', '2024-04-22 15:57:59', 1, NULL, NULL, NULL, NULL, 0, NULL, 2, '2021-05-14 04:43:15', '2021-05-14 04:43:15', 0),
(167, 'https://amuno.org/?p=1', '22:b8df4bad1c60075665021f6f04fe3f41', 1, 'post', 'post', 1, 0, NULL, NULL, 'Hello world!', 'draft', 0, 0, NULL, NULL, NULL, NULL, NULL, 0, 0, NULL, 0, NULL, NULL, NULL, NULL, NULL, NULL, NULL, NULL, NULL, NULL, NULL, NULL, NULL, NULL, NULL, NULL, NULL, '2024-04-22 12:57:59', '2024-04-22 15:57:59', 1, NULL, NULL, NULL, NULL, 0, NULL, 2, '2024-03-14 12:31:19', '2024-03-12 07:03:54', 0),
(168, 'https://amuno.org/professional-school-counseling-best-practices-for-working-in-the-schools/', '91:5cab3c05e92612c17461199fab2825de', 169, 'post', 'post', 1, 0, NULL, NULL, 'Professional School Counseling: Best Practices for Working in the Schools', 'publish', NULL, 0, NULL, NULL, NULL, NULL, NULL, 0, 0, NULL, 0, NULL, NULL, NULL, NULL, 'https://i0.wp.com/amuno.org/wp-content/uploads/2021/05/1.jpeg?fit=1126%2C750&ssl=1', NULL, '168', 'featured-image', NULL, NULL, 'https://i0.wp.com/amuno.org/wp-content/uploads/2021/05/1.jpeg?fit=1126%2C750&ssl=1', '168', 'featured-image', '{"width":1126,"height":750,"filesize":100739,"url":"https://i0.wp.com/amuno.org/wp-content/uploads/2021/05/1.jpeg?fit=1126%2C750&ssl=1","path":"/home/amunoo5/amuno.org/wp-content/uploads/2021/05/1.jpeg","size":"full","id":168,"alt":"","pixels":844500,"type":"image/jpeg"}', 0, NULL, NULL, '2024-04-22 12:57:59', '2024-04-22 19:28:38', 1, NULL, NULL, NULL, NULL, 0, NULL, 2, '2021-05-15 02:36:55', '2021-05-15 02:36:55', 0),
(169, 'https://amuno.org/growing-up-asian-in-america-art-essay-and-video-contest-open/', '79:f9edd43b013b7bf7089533c3f01f0495', 173, 'post', 'post', 1, 0, NULL, NULL, 'Growing Up Asian in America Art, Essay and Video Contest Open', 'publish', NULL, 0, NULL, NULL, NULL, NULL, NULL, 0, 0, NULL, 0, NULL, NULL, NULL, NULL, 'https://i0.wp.com/amuno.org/wp-content/uploads/2021/05/3.jpeg?fit=1127%2C750&ssl=1', NULL, '172', 'featured-image', NULL, NULL, 'https://i0.wp.com/amuno.org/wp-content/uploads/2021/05/3.jpeg?fit=1127%2C750&ssl=1', '172', 'featured-image', '{"width":1127,"height":750,"filesize":103404,"url":"https://i0.wp.com/amuno.org/wp-content/uploads/2021/05/3.jpeg?fit=1127%2C750&ssl=1","path":"/home/amunoo5/amuno.org/wp-content/uploads/2021/05/3.jpeg","size":"full","id":172,"alt":"","pixels":845250,"type":"image/jpeg"}', 0, NULL, NULL, '2024-04-22 12:57:59', '2024-04-22 19:28:38', 1, NULL, NULL, NULL, NULL, 0, NULL, 2, '2021-05-15 02:36:56', '2021-05-15 02:36:56', 0),
(170, 'https://amuno.org/2017-growing-up-asian-in-america-letter-to-the-senator/', '73:8b0cc816f929dd679b68e90d17bc2e6d', 175, 'post', 'post', 1, 0, NULL, NULL, '2017 Growing Up Asian in America: Letter to the Senator', 'publish', NULL, 0, NULL, NULL, NULL, NULL, NULL, 0, 0, NULL, 0, NULL, NULL, NULL, NULL, 'https://i0.wp.com/amuno.org/wp-content/uploads/2021/05/4.jpeg?fit=1125%2C750&ssl=1', NULL, '174', 'featured-image', NULL, NULL, 'https://i0.wp.com/amuno.org/wp-content/uploads/2021/05/4.jpeg?fit=1125%2C750&ssl=1', '174', 'featured-image', '{"width":1125,"height":750,"filesize":73278,"url":"https://i0.wp.com/amuno.org/wp-content/uploads/2021/05/4.jpeg?fit=1125%2C750&ssl=1","path":"/home/amunoo5/amuno.org/wp-content/uploads/2021/05/4.jpeg","size":"full","id":174,"alt":"","pixels":843750,"type":"image/jpeg"}', 0, NULL, NULL, '2024-04-22 12:57:59', '2024-04-22 19:43:38', 1, NULL, NULL, NULL, NULL, 0, NULL, 2, '2021-05-15 02:36:57', '2021-05-15 02:36:57', 0),
(171, 'https://amuno.org/framingham-the-study-and-the-town-that-changed-the-health-of-a-generation/', '92:d78eddf33c3f1e3443cb3b8afe9478bf', 177, 'post', 'post', 1, 0, NULL, NULL, 'Framingham: The study and the town that changed the health of a generation', 'publish', NULL, 0, NULL, NULL, NULL, NULL, NULL, 0, 0, NULL, 0, NULL, NULL, NULL, NULL, 'https://i0.wp.com/amuno.org/wp-content/uploads/2021/05/5.jpeg?fit=1125%2C750&ssl=1', NULL, '176', 'featured-image', NULL, NULL, 'https://i0.wp.com/amuno.org/wp-content/uploads/2021/05/5.jpeg?fit=1125%2C750&ssl=1', '176', 'featured-image', '{"width":1125,"height":750,"filesize":92426,"url":"https://i0.wp.com/amuno.org/wp-content/uploads/2021/05/5.jpeg?fit=1125%2C750&ssl=1","path":"/home/amunoo5/amuno.org/wp-content/uploads/2021/05/5.jpeg","size":"full","id":176,"alt":"","pixels":843750,"type":"image/jpeg"}', 0, NULL, NULL, '2024-04-22 12:57:59', '2024-04-22 19:43:38', 1, NULL, NULL, NULL, NULL, 0, NULL, 2, '2021-05-15 02:36:57', '2021-05-15 02:36:57', 0),
(172, 'https://amuno.org/stroke-care-gains-in-puerto-rico-falter-after-hurricane-maria/', '80:0dffb624ba5a86873c6efe14003354c7', 179, 'post', 'post', 1, 0, NULL, NULL, 'Stroke care gains in Puerto Rico falter after Hurricane Maria', 'publish', NULL, 0, NULL, NULL, NULL, NULL, NULL, 0, 0, NULL, 0, NULL, NULL, NULL, NULL, 'https://i0.wp.com/amuno.org/wp-content/uploads/2021/05/6.jpeg?fit=1125%2C750&ssl=1', NULL, '178', 'featured-image', NULL, NULL, 'https://i0.wp.com/amuno.org/wp-content/uploads/2021/05/6.jpeg?fit=1125%2C750&ssl=1', '178', 'featured-image', '{"width":1125,"height":750,"filesize":215557,"url":"https://i0.wp.com/amuno.org/wp-content/uploads/2021/05/6.jpeg?fit=1125%2C750&ssl=1","path":"/home/amunoo5/amuno.org/wp-content/uploads/2021/05/6.jpeg","size":"full","id":178,"alt":"","pixels":843750,"type":"image/jpeg"}', 0, NULL, NULL, '2024-04-22 12:57:59', '2024-04-22 19:43:38', 1, NULL, NULL, NULL, NULL, 0, NULL, 2, '2021-05-15 02:36:58', '2021-05-15 02:36:58', 0),
(173, 'https://amuno.org/20th-anniversary-of-growing-up-asian-in-america/', '66:f26d8dff5c3716aaf7b644360a435618', 181, 'post', 'post', 1, 0, NULL, NULL, '20th Anniversary of Growing Up Asian in America', 'publish', NULL, 0, NULL, NULL, NULL, NULL, NULL, 0, 0, NULL, 0, NULL, NULL, NULL, NULL, 'https://i0.wp.com/amuno.org/wp-content/uploads/2021/05/7.jpeg?fit=1125%2C750&ssl=1', NULL, '180', 'featured-image', NULL, NULL, 'https://i0.wp.com/amuno.org/wp-content/uploads/2021/05/7.jpeg?fit=1125%2C750&ssl=1', '180', 'featured-image', '{"width":1125,"height":750,"filesize":60614,"url":"https://i0.wp.com/amuno.org/wp-content/uploads/2021/05/7.jpeg?fit=1125%2C750&ssl=1","path":"/home/amunoo5/amuno.org/wp-content/uploads/2021/05/7.jpeg","size":"full","id":180,"alt":"","pixels":843750,"type":"image/jpeg"}', 0, NULL, NULL, '2024-04-22 12:57:59', '2024-04-22 19:58:38', 1, NULL, NULL, NULL, NULL, 0, NULL, 2, '2021-05-15 02:36:58', '2021-05-15 02:36:58', 0),
(174, 'https://amuno.org/tuesday-tips-being-realistic-with-your-goals/', '63:62fc28e6e43d85002c49422b5db8c217', 183, 'post', 'post', 1, 0, NULL, NULL, 'Tuesday Tips: Being Realistic With Your Goals', 'publish', NULL, 0, NULL, NULL, NULL, NULL, NULL, 0, 0, NULL, 0, NULL, NULL, NULL, NULL, 'https://i0.wp.com/amuno.org/wp-content/uploads/2021/05/8.jpeg?fit=1111%2C750&ssl=1', NULL, '182', 'featured-image', NULL, NULL, 'https://i0.wp.com/amuno.org/wp-content/uploads/2021/05/8.jpeg?fit=1111%2C750&ssl=1', '182', 'featured-image', '{"width":1111,"height":750,"filesize":115429,"url":"https://i0.wp.com/amuno.org/wp-content/uploads/2021/05/8.jpeg?fit=1111%2C750&ssl=1","path":"/home/amunoo5/amuno.org/wp-content/uploads/2021/05/8.jpeg","size":"full","id":182,"alt":"","pixels":833250,"type":"image/jpeg"}', 0, NULL, NULL, '2024-04-22 12:57:59', '2024-04-22 19:58:38', 1, NULL, NULL, NULL, NULL, 0, NULL, 2, '2021-05-15 02:36:59', '2021-05-15 02:36:59', 0);

-- --------------------------------------------------------

--
-- Table structure for table `wpqh_yoast_indexable_hierarchy`
--

CREATE TABLE `wpqh_yoast_indexable_hierarchy` (
  `indexable_id` int(11) unsigned NOT NULL,
  `ancestor_id` int(11) unsigned NOT NULL,
  `depth` int(11) unsigned DEFAULT NULL,
  `blog_id` bigint(20) NOT NULL DEFAULT 1,
  PRIMARY KEY (`indexable_id`,`ancestor_id`),
  KEY `indexable_id` (`indexable_id`),
  KEY `ancestor_id` (`ancestor_id`),
  KEY `depth` (`depth`)
) ENGINE=MyISAM DEFAULT CHARSET=utf8mb4 COLLATE=utf8mb4_unicode_520_ci;

--
-- Dumping data for table `wpqh_yoast_indexable_hierarchy`
--

INSERT INTO `wpqh_yoast_indexable_hierarchy` VALUES
(1, 0, 0, 1),
(2, 0, 0, 1),
(5, 0, 0, 1),
(6, 0, 0, 1),
(7, 0, 0, 1),
(8, 0, 0, 1),
(9, 0, 0, 1),
(10, 0, 0, 1),
(11, 0, 0, 1),
(12, 0, 0, 1),
(13, 0, 0, 1),
(14, 0, 0, 1),
(15, 0, 0, 1),
(16, 0, 0, 1),
(17, 0, 0, 1),
(18, 0, 0, 1),
(19, 0, 0, 1),
(20, 0, 0, 1),
(21, 0, 0, 1),
(22, 0, 0, 1),
(23, 0, 0, 1),
(24, 0, 0, 1),
(25, 0, 0, 1),
(26, 0, 0, 1),
(27, 0, 0, 1),
(28, 0, 0, 1),
(29, 0, 0, 1),
(30, 0, 0, 1),
(31, 0, 0, 1),
(32, 0, 0, 1),
(33, 0, 0, 1),
(34, 0, 0, 1),
(35, 0, 0, 1),
(39, 0, 0, 1),
(40, 0, 0, 1),
(41, 0, 0, 1),
(42, 0, 0, 1),
(43, 0, 0, 1),
(44, 0, 0, 1),
(45, 0, 0, 1),
(46, 0, 0, 1),
(47, 0, 0, 1),
(48, 0, 0, 1),
(49, 0, 0, 1),
(50, 0, 0, 1),
(51, 0, 0, 1),
(52, 0, 0, 1),
(53, 0, 0, 1),
(54, 0, 0, 1),
(55, 0, 0, 1),
(56, 0, 0, 1),
(57, 0, 0, 1),
(58, 0, 0, 1),
(59, 0, 0, 1),
(60, 0, 0, 1),
(61, 0, 0, 1),
(62, 0, 0, 1),
(63, 0, 0, 1),
(64, 0, 0, 1),
(65, 0, 0, 1),
(66, 0, 0, 1),
(67, 0, 0, 1),
(68, 0, 0, 1),
(69, 0, 0, 1),
(70, 0, 0, 1),
(71, 0, 0, 1),
(72, 0, 0, 1),
(73, 0, 0, 1),
(74, 0, 0, 1),
(75, 0, 0, 1),
(76, 0, 0, 1),
(77, 0, 0, 1),
(78, 0, 0, 1),
(79, 0, 0, 1),
(80, 0, 0, 1),
(81, 0, 0, 1),
(82, 0, 0, 1),
(36, 0, 0, 1),
(83, 0, 0, 1),
(84, 0, 0, 1),
(85, 0, 0, 1),
(86, 0, 0, 1),
(87, 0, 0, 1),
(88, 0, 0, 1),
(89, 0, 0, 1),
(90, 0, 0, 1),
(91, 0, 0, 1),
(92, 0, 0, 1),
(93, 0, 0, 1),
(94, 0, 0, 1),
(95, 0, 0, 1),
(96, 0, 0, 1),
(97, 0, 0, 1),
(98, 0, 0, 1),
(99, 0, 0, 1),
(100, 0, 0, 1),
(101, 0, 0, 1),
(102, 0, 0, 1),
(103, 0, 0, 1),
(104, 0, 0, 1),
(105, 0, 0, 1),
(106, 0, 0, 1),
(107, 0, 0, 1),
(108, 0, 0, 1),
(109, 0, 0, 1),
(110, 0, 0, 1),
(111, 0, 0, 1),
(112, 0, 0, 1),
(113, 0, 0, 1),
(114, 0, 0, 1),
(115, 0, 0, 1),
(116, 0, 0, 1),
(117, 0, 0, 1),
(118, 0, 0, 1),
(119, 0, 0, 1),
(120, 0, 0, 1),
(121, 0, 0, 1),
(122, 0, 0, 1),
(123, 0, 0, 1),
(124, 0, 0, 1),
(125, 0, 0, 1),
(126, 0, 0, 1),
(127, 0, 0, 1),
(128, 0, 0, 1),
(129, 0, 0, 1),
(130, 0, 0, 1),
(131, 0, 0, 1),
(132, 0, 0, 1),
(133, 0, 0, 1),
(134, 0, 0, 1),
(135, 0, 0, 1),
(136, 0, 0, 1),
(137, 0, 0, 1),
(138, 0, 0, 1),
(139, 0, 0, 1),
(140, 0, 0, 1),
(141, 0, 0, 1),
(142, 0, 0, 1),
(143, 0, 0, 1),
(144, 0, 0, 1),
(145, 0, 0, 1),
(146, 0, 0, 1),
(147, 0, 0, 1),
(148, 0, 0, 1),
(149, 0, 0, 1),
(150, 0, 0, 1),
(151, 0, 0, 1),
(152, 0, 0, 1),
(153, 0, 0, 1),
(154, 0, 0, 1),
(155, 0, 0, 1),
(156, 0, 0, 1),
(157, 0, 0, 1),
(158, 0, 0, 1),
(159, 0, 0, 1),
(160, 0, 0, 1),
(161, 0, 0, 1),
(162, 0, 0, 1),
(163, 0, 0, 1),
(164, 0, 0, 1),
(165, 0, 0, 1),
(166, 0, 0, 1),
(167, 0, 0, 1),
(168, 0, 0, 1),
(169, 0, 0, 1),
(170, 0, 0, 1),
(171, 0, 0, 1),
(172, 0, 0, 1),
(173, 0, 0, 1),
(174, 0, 0, 1),
(38, 0, 0, 1),
(37, 0, 0, 1);

-- --------------------------------------------------------

--
-- Table structure for table `wpqh_yoast_migrations`
--

CREATE TABLE `wpqh_yoast_migrations` (
  `id` int(11) unsigned NOT NULL AUTO_INCREMENT,
  `version` varchar(191) DEFAULT NULL,
  PRIMARY KEY (`id`),
  UNIQUE KEY `wpqh_yoast_migrations_version` (`version`)
) ENGINE=MyISAM  DEFAULT CHARSET=utf8mb4 COLLATE=utf8mb4_unicode_520_ci;

--
-- Dumping data for table `wpqh_yoast_migrations`
--

INSERT INTO `wpqh_yoast_migrations` VALUES
(1, '20171228151840'),
(2, '20171228151841'),
(3, '20190529075038'),
(4, '20191011111109'),
(5, '20200408101900'),
(6, '20200420073606'),
(7, '20200428123747'),
(8, '20200428194858'),
(9, '20200429105310'),
(10, '20200430075614'),
(11, '20200430150130'),
(12, '20200507054848'),
(13, '20200513133401'),
(14, '20200609154515'),
(15, '20200616130143'),
(16, '20200617122511'),
(17, '20200702141921'),
(18, '20200728095334'),
(19, '20201202144329'),
(20, '20201216124002'),
(21, '20201216141134'),
(22, '20210817092415'),
(23, '20211020091404'),
(24, '20230417083836');

-- --------------------------------------------------------

--
-- Table structure for table `wpqh_yoast_primary_term`
--

CREATE TABLE `wpqh_yoast_primary_term` (
  `id` int(11) unsigned NOT NULL AUTO_INCREMENT,
  `post_id` bigint(20) DEFAULT NULL,
  `term_id` bigint(20) DEFAULT NULL,
  `taxonomy` varchar(32) NOT NULL,
  `created_at` datetime DEFAULT NULL,
  `updated_at` timestamp NOT NULL DEFAULT current_timestamp() ON UPDATE current_timestamp(),
  `blog_id` bigint(20) NOT NULL DEFAULT 1,
  PRIMARY KEY (`id`),
  KEY `post_taxonomy` (`post_id`,`taxonomy`),
  KEY `post_term` (`post_id`,`term_id`)
) ENGINE=MyISAM DEFAULT CHARSET=utf8mb4 COLLATE=utf8mb4_unicode_520_ci;

-- --------------------------------------------------------

--
-- Table structure for table `wpqh_yoast_seo_links`
--

CREATE TABLE `wpqh_yoast_seo_links` (
  `id` bigint(20) unsigned NOT NULL AUTO_INCREMENT,
  `url` varchar(255) DEFAULT NULL,
  `post_id` bigint(20) unsigned DEFAULT NULL,
  `target_post_id` bigint(20) unsigned DEFAULT NULL,
  `type` varchar(8) DEFAULT NULL,
  `indexable_id` int(11) unsigned DEFAULT NULL,
  `target_indexable_id` int(11) unsigned DEFAULT NULL,
  `height` int(11) unsigned DEFAULT NULL,
  `width` int(11) unsigned DEFAULT NULL,
  `size` int(11) unsigned DEFAULT NULL,
  `language` varchar(32) DEFAULT NULL,
  `region` varchar(32) DEFAULT NULL,
  PRIMARY KEY (`id`),
  KEY `link_direction` (`post_id`,`type`),
  KEY `indexable_link_direction` (`indexable_id`,`type`)
) ENGINE=MyISAM  DEFAULT CHARSET=utf8 COLLATE=utf8_general_ci;

--
-- Dumping data for table `wpqh_yoast_seo_links`
--

INSERT INTO `wpqh_yoast_seo_links` VALUES
(1, 'https://www.facebook.com/amunoruralhub', 3179, NULL, 'external', 6, NULL, NULL, NULL, NULL, NULL, NULL),
(2, 'https://twitter.com/AmunoRuralHub', 3179, NULL, 'external', 6, NULL, NULL, NULL, NULL, NULL, NULL),
(3, 'https://instagram.com/amunoruralhub', 3179, NULL, 'external', 6, NULL, NULL, NULL, NULL, NULL, NULL),
(4, 'https://linkedin.com/company/amunoruralhub', 3179, NULL, 'external', 6, NULL, NULL, NULL, NULL, NULL, NULL),
(5, '#', 3179, NULL, 'internal', 6, 3, NULL, NULL, NULL, NULL, NULL),
(6, '#', 3179, NULL, 'internal', 6, 3, NULL, NULL, NULL, NULL, NULL),
(7, '#', 3179, NULL, 'internal', 6, 3, NULL, NULL, NULL, NULL, NULL),
(8, '#', 3179, NULL, 'internal', 6, 3, NULL, NULL, NULL, NULL, NULL),
(9, 'https://amuno.org', 3179, 186, 'internal', 6, 1, NULL, NULL, NULL, NULL, NULL),
(10, 'https://amuno.org/', 3179, NULL, 'internal', 6, 3, NULL, NULL, NULL, NULL, NULL),
(11, '#', 3179, NULL, 'internal', 6, 3, NULL, NULL, NULL, NULL, NULL),
(12, 'https://amuno.org/about-whoweare/', 3179, 10615, 'internal', 6, 39, NULL, NULL, NULL, NULL, NULL),
(13, 'https://amuno.org/about-core/', 3179, 6412, 'internal', 6, 40, NULL, NULL, NULL, NULL, NULL),
(14, 'https://amuno.org/our-team/', 3179, 12338, 'internal', 6, 41, NULL, NULL, NULL, NULL, NULL),
(15, 'https://amuno.org/about-history/', 3179, 5897, 'internal', 6, 42, NULL, NULL, NULL, NULL, NULL),
(16, 'https://amuno.org/about-whatwedo/', 3179, 8800, 'internal', 6, 43, NULL, NULL, NULL, NULL, NULL),
(17, '#', 3179, NULL, 'internal', 6, 3, NULL, NULL, NULL, NULL, NULL),
(18, 'https://amuno.org/volunteer/', 3179, 12607, 'internal', 6, 44, NULL, NULL, NULL, NULL, NULL),
(19, 'https://amuno.org/frequently-asked-questions/', 3179, 11183, 'internal', 6, 45, NULL, NULL, NULL, NULL, NULL),
(20, 'https://amuno.org/contact-us/', 3179, 11063, 'internal', 6, 46, NULL, NULL, NULL, NULL, NULL),
(21, 'https://i0.wp.com/amuno.org/wp-content/uploads/2024/03/Main-Logo.png?fit=250%2C104&amp;ssl=1', 3179, NULL, 'image-ex', 6, NULL, NULL, NULL, NULL, NULL, NULL),
(22, '#', 3438, NULL, 'internal', 7, 3, NULL, NULL, NULL, NULL, NULL),
(23, 'https://amuno.org', 3438, 186, 'internal', 7, 1, NULL, NULL, NULL, NULL, NULL),
(24, 'https://amuno.org/', 3438, NULL, 'internal', 7, 3, NULL, NULL, NULL, NULL, NULL),
(25, '#', 3438, NULL, 'internal', 7, 3, NULL, NULL, NULL, NULL, NULL),
(26, 'https://amuno.org/about-whoweare/', 3438, 10615, 'internal', 7, 39, NULL, NULL, NULL, NULL, NULL),
(27, 'https://amuno.org/about-core/', 3438, 6412, 'internal', 7, 40, NULL, NULL, NULL, NULL, NULL),
(28, 'https://amuno.org/our-team/', 3438, 12338, 'internal', 7, 41, NULL, NULL, NULL, NULL, NULL),
(29, 'https://amuno.org/about-history/', 3438, 5897, 'internal', 7, 42, NULL, NULL, NULL, NULL, NULL),
(30, 'https://amuno.org/about-whatwedo/', 3438, 8800, 'internal', 7, 43, NULL, NULL, NULL, NULL, NULL),
(31, '#', 3438, NULL, 'internal', 7, 3, NULL, NULL, NULL, NULL, NULL),
(32, 'https://amuno.org/volunteer/', 3438, 12607, 'internal', 7, 44, NULL, NULL, NULL, NULL, NULL),
(33, 'https://amuno.org/frequently-asked-questions/', 3438, 11183, 'internal', 7, 45, NULL, NULL, NULL, NULL, NULL),
(34, 'https://amuno.org/contact-us/', 3438, 11063, 'internal', 7, 46, NULL, NULL, NULL, NULL, NULL),
(35, '#', 3438, NULL, 'internal', 7, 3, NULL, NULL, NULL, NULL, NULL),
(36, 'https://amuno.org', 3438, 186, 'internal', 7, 1, NULL, NULL, NULL, NULL, NULL),
(37, 'https://amuno.org/wp-login.php', 3438, NULL, 'internal', 7, NULL, NULL, NULL, NULL, NULL, NULL),
(38, '#', 3438, NULL, 'internal', 7, 3, NULL, NULL, NULL, NULL, NULL),
(39, '#', 3438, NULL, 'internal', 7, 3, NULL, NULL, NULL, NULL, NULL),
(40, 'https://amuno.org/wp-content/uploads/2021/05/logo-white.svg', 3438, 3480, 'image-in', 7, NULL, 32, 159, 3855, NULL, NULL),
(41, '#', 3642, NULL, 'internal', 8, 3, NULL, NULL, NULL, NULL, NULL),
(42, 'https://amuno.org', 3642, 186, 'internal', 8, 1, NULL, NULL, NULL, NULL, NULL),
(43, 'https://amuno.org/', 3642, NULL, 'internal', 8, 3, NULL, NULL, NULL, NULL, NULL),
(44, '#', 3642, NULL, 'internal', 8, 3, NULL, NULL, NULL, NULL, NULL),
(45, 'https://amuno.org/about-whoweare/', 3642, 10615, 'internal', 8, 39, NULL, NULL, NULL, NULL, NULL),
(46, 'https://amuno.org/about-core/', 3642, 6412, 'internal', 8, 40, NULL, NULL, NULL, NULL, NULL),
(47, 'https://amuno.org/our-team/', 3642, 12338, 'internal', 8, 41, NULL, NULL, NULL, NULL, NULL),
(48, 'https://amuno.org/about-history/', 3642, 5897, 'internal', 8, 42, NULL, NULL, NULL, NULL, NULL),
(49, 'https://amuno.org/about-whatwedo/', 3642, 8800, 'internal', 8, 43, NULL, NULL, NULL, NULL, NULL),
(50, '#', 3642, NULL, 'internal', 8, 3, NULL, NULL, NULL, NULL, NULL),
(51, 'https://amuno.org/volunteer/', 3642, 12607, 'internal', 8, 44, NULL, NULL, NULL, NULL, NULL),
(52, 'https://amuno.org/frequently-asked-questions/', 3642, 11183, 'internal', 8, 45, NULL, NULL, NULL, NULL, NULL),
(53, 'https://amuno.org/contact-us/', 3642, 11063, 'internal', 8, 46, NULL, NULL, NULL, NULL, NULL),
(54, 'https://amuno.org/wp-login.php', 3642, NULL, 'internal', 8, NULL, NULL, NULL, NULL, NULL, NULL),
(55, '#', 3642, NULL, 'internal', 8, 3, NULL, NULL, NULL, NULL, NULL),
(56, '#', 3642, NULL, 'internal', 8, 3, NULL, NULL, NULL, NULL, NULL),
(57, '#', 3642, NULL, 'internal', 8, 3, NULL, NULL, NULL, NULL, NULL),
(58, 'https://amuno.org', 3642, 186, 'internal', 8, 1, NULL, NULL, NULL, NULL, NULL),
(59, 'https://i0.wp.com/amuno.org/wp-content/uploads/2024/03/Main-Logo.png?fit=250%2C104&amp;ssl=1', 3642, NULL, 'image-ex', 8, NULL, NULL, NULL, NULL, NULL, NULL),
(60, 'https://amuno.org', 3690, 186, 'internal', 9, 1, NULL, NULL, NULL, NULL, NULL),
(61, 'https://amuno.org/', 3690, NULL, 'internal', 9, 3, NULL, NULL, NULL, NULL, NULL),
(62, '#', 3690, NULL, 'internal', 9, 3, NULL, NULL, NULL, NULL, NULL),
(63, 'https://amuno.org/about-whoweare/', 3690, 10615, 'internal', 9, 39, NULL, NULL, NULL, NULL, NULL),
(64, 'https://amuno.org/about-core/', 3690, 6412, 'internal', 9, 40, NULL, NULL, NULL, NULL, NULL),
(65, 'https://amuno.org/our-team/', 3690, 12338, 'internal', 9, 41, NULL, NULL, NULL, NULL, NULL),
(66, 'https://amuno.org/about-history/', 3690, 5897, 'internal', 9, 42, NULL, NULL, NULL, NULL, NULL),
(67, 'https://amuno.org/about-whatwedo/', 3690, 8800, 'internal', 9, 43, NULL, NULL, NULL, NULL, NULL),
(68, '#', 3690, NULL, 'internal', 9, 3, NULL, NULL, NULL, NULL, NULL),
(69, 'https://amuno.org/volunteer/', 3690, 12607, 'internal', 9, 44, NULL, NULL, NULL, NULL, NULL),
(70, 'https://amuno.org/frequently-asked-questions/', 3690, 11183, 'internal', 9, 45, NULL, NULL, NULL, NULL, NULL),
(71, 'https://amuno.org/contact-us/', 3690, 11063, 'internal', 9, 46, NULL, NULL, NULL, NULL, NULL),
(72, '#', 3690, NULL, 'internal', 9, 3, NULL, NULL, NULL, NULL, NULL),
(73, 'https://amuno.org', 3690, 186, 'internal', 9, 1, NULL, NULL, NULL, NULL, NULL),
(74, 'https://amuno.org/wp-login.php', 3690, NULL, 'internal', 9, NULL, NULL, NULL, NULL, NULL, NULL),
(75, '#', 3690, NULL, 'internal', 9, 3, NULL, NULL, NULL, NULL, NULL),
(76, '#', 3690, NULL, 'internal', 9, 3, NULL, NULL, NULL, NULL, NULL),
(77, 'https://i0.wp.com/amuno.org/wp-content/uploads/2024/03/Main-Logo.png?fit=250%2C104&amp;ssl=1', 3690, NULL, 'image-ex', 9, NULL, NULL, NULL, NULL, NULL, NULL),
(78, 'https://amuno.org/wp-content/uploads/2024/03/Amuno-Safeguarding-Policy.pdf', 3831, NULL, 'internal', 10, NULL, NULL, NULL, NULL, NULL, NULL),
(79, 'https://amuno.org/volunteer/', 3831, 12607, 'internal', 10, 44, NULL, NULL, NULL, NULL, NULL),
(80, 'https://amuno.org/volunteer/', 3831, 12607, 'internal', 10, 44, NULL, NULL, NULL, NULL, NULL),
(81, 'https://amuno.org/wp-content/uploads/2024/03/Amuno-Books-June-2022-July-2023.pdf', 3831, NULL, 'internal', 10, NULL, NULL, NULL, NULL, NULL, NULL),
(82, 'https://amuno.org/contact-us/', 3831, 11063, 'internal', 10, 46, NULL, NULL, NULL, NULL, NULL),
(83, 'https://amuno.org/donate-2/', 3831, 13349, 'internal', 10, 66, NULL, NULL, NULL, NULL, NULL),
(84, '#', 3831, NULL, 'internal', 10, 3, NULL, NULL, NULL, NULL, NULL),
(85, '#', 3831, NULL, 'internal', 10, 3, NULL, NULL, NULL, NULL, NULL),
(86, '#', 3831, NULL, 'internal', 10, 3, NULL, NULL, NULL, NULL, NULL),
(87, 'https://www.facebook.com/amunoruralhub', 3831, NULL, 'external', 10, NULL, NULL, NULL, NULL, NULL, NULL),
(88, 'https://twitter.com/AmunoRuralHub', 3831, NULL, 'external', 10, NULL, NULL, NULL, NULL, NULL, NULL),
(89, 'https://instagram.com/amunoruralhub', 3831, NULL, 'external', 10, NULL, NULL, NULL, NULL, NULL, NULL),
(90, 'https://linkedin.com/company/amunoruralhub', 3831, NULL, 'external', 10, NULL, NULL, NULL, NULL, NULL, NULL),
(91, 'https://amuno.org/', 3831, NULL, 'internal', 10, 3, NULL, NULL, NULL, NULL, NULL),
(92, 'http://abbasofttech.com.ng/', 3831, NULL, 'external', 10, NULL, NULL, NULL, NULL, NULL, NULL),
(93, 'https://amuno.org/privacy-policy/', 3831, 3, 'internal', 10, 67, NULL, NULL, NULL, NULL, NULL),
(94, 'https://amuno.org/wp-content/uploads/2024/03/Amuno-Safeguarding-Policy.pdf', 3831, NULL, 'internal', 10, NULL, NULL, NULL, NULL, NULL, NULL),
(95, 'https://amuno.org/about-whoweare/', 3831, 10615, 'internal', 10, 39, NULL, NULL, NULL, NULL, NULL),
(96, 'https://amuno.org/donate-2/', 3831, 13349, 'internal', 10, 66, NULL, NULL, NULL, NULL, NULL),
(97, 'https://amuno.org/frequently-asked-questions/', 3831, 11183, 'internal', 10, 45, NULL, NULL, NULL, NULL, NULL),
(98, 'https://secure341.inmotionhosting.com:2096/', 3831, NULL, 'external', 10, NULL, NULL, NULL, NULL, NULL, NULL),
(99, 'https://i0.wp.com/amuno.org/wp-content/uploads/2024/03/Main-Logo.png?fit=250%2C104&amp;ssl=1', 3831, NULL, 'image-ex', 10, NULL, NULL, NULL, NULL, NULL, NULL),
(100, '#', 3837, NULL, 'internal', 11, 3, NULL, NULL, NULL, NULL, NULL),
(101, 'https://amuno.org', 3837, 186, 'internal', 11, 1, NULL, NULL, NULL, NULL, NULL),
(102, 'https://amuno.org/', 3837, NULL, 'internal', 11, 3, NULL, NULL, NULL, NULL, NULL),
(103, '#', 3837, NULL, 'internal', 11, 3, NULL, NULL, NULL, NULL, NULL),
(104, 'https://amuno.org/about-whoweare/', 3837, 10615, 'internal', 11, 39, NULL, NULL, NULL, NULL, NULL),
(105, 'https://amuno.org/about-core/', 3837, 6412, 'internal', 11, 40, NULL, NULL, NULL, NULL, NULL),
(106, 'https://amuno.org/our-team/', 3837, 12338, 'internal', 11, 41, NULL, NULL, NULL, NULL, NULL),
(107, 'https://amuno.org/about-history/', 3837, 5897, 'internal', 11, 42, NULL, NULL, NULL, NULL, NULL),
(108, 'https://amuno.org/about-whatwedo/', 3837, 8800, 'internal', 11, 43, NULL, NULL, NULL, NULL, NULL),
(109, '#', 3837, NULL, 'internal', 11, 3, NULL, NULL, NULL, NULL, NULL),
(110, 'https://amuno.org/volunteer/', 3837, 12607, 'internal', 11, 44, NULL, NULL, NULL, NULL, NULL),
(111, 'https://amuno.org/frequently-asked-questions/', 3837, 11183, 'internal', 11, 45, NULL, NULL, NULL, NULL, NULL),
(112, 'https://amuno.org/contact-us/', 3837, 11063, 'internal', 11, 46, NULL, NULL, NULL, NULL, NULL),
(113, 'https://amuno.org/wp-login.php', 3837, NULL, 'internal', 11, NULL, NULL, NULL, NULL, NULL, NULL),
(114, '#', 3837, NULL, 'internal', 11, 3, NULL, NULL, NULL, NULL, NULL),
(115, '#', 3837, NULL, 'internal', 11, 3, NULL, NULL, NULL, NULL, NULL),
(116, '#', 3837, NULL, 'internal', 11, 3, NULL, NULL, NULL, NULL, NULL),
(117, 'https://amuno.org', 3837, 186, 'internal', 11, 1, NULL, NULL, NULL, NULL, NULL),
(118, 'https://i0.wp.com/amuno.org/wp-content/uploads/2024/03/Main-Logo.png?fit=250%2C104&amp;ssl=1', 3837, NULL, 'image-ex', 11, NULL, NULL, NULL, NULL, NULL, NULL),
(119, '#', 3955, NULL, 'internal', 12, 3, NULL, NULL, NULL, NULL, NULL),
(120, '#', 3955, NULL, 'internal', 12, 3, NULL, NULL, NULL, NULL, NULL),
(121, '#', 3955, NULL, 'internal', 12, 3, NULL, NULL, NULL, NULL, NULL),
(122, '#', 3955, NULL, 'internal', 12, 3, NULL, NULL, NULL, NULL, NULL),
(123, '#', 3955, NULL, 'internal', 12, 3, NULL, NULL, NULL, NULL, NULL),
(124, '#', 3955, NULL, 'internal', 12, 3, NULL, NULL, NULL, NULL, NULL),
(125, '#', 3955, NULL, 'internal', 12, 3, NULL, NULL, NULL, NULL, NULL),
(126, '#', 3955, NULL, 'internal', 12, 3, NULL, NULL, NULL, NULL, NULL),
(127, 'https://amuno.org', 3955, 186, 'internal', 12, 1, NULL, NULL, NULL, NULL, NULL),
(128, 'https://amuno.org/', 3955, NULL, 'internal', 12, 3, NULL, NULL, NULL, NULL, NULL),
(129, '#', 3955, NULL, 'internal', 12, 3, NULL, NULL, NULL, NULL, NULL),
(130, 'https://amuno.org/about-whoweare/', 3955, 10615, 'internal', 12, 39, NULL, NULL, NULL, NULL, NULL),
(131, 'https://amuno.org/about-core/', 3955, 6412, 'internal', 12, 40, NULL, NULL, NULL, NULL, NULL),
(132, 'https://amuno.org/our-team/', 3955, 12338, 'internal', 12, 41, NULL, NULL, NULL, NULL, NULL),
(133, 'https://amuno.org/about-history/', 3955, 5897, 'internal', 12, 42, NULL, NULL, NULL, NULL, NULL),
(134, 'https://amuno.org/about-whatwedo/', 3955, 8800, 'internal', 12, 43, NULL, NULL, NULL, NULL, NULL),
(135, '#', 3955, NULL, 'internal', 12, 3, NULL, NULL, NULL, NULL, NULL),
(136, 'https://amuno.org/volunteer/', 3955, 12607, 'internal', 12, 44, NULL, NULL, NULL, NULL, NULL),
(137, 'https://amuno.org/frequently-asked-questions/', 3955, 11183, 'internal', 12, 45, NULL, NULL, NULL, NULL, NULL),
(138, 'https://amuno.org/contact-us/', 3955, 11063, 'internal', 12, 46, NULL, NULL, NULL, NULL, NULL),
(139, '#', 3955, NULL, 'internal', 12, 3, NULL, NULL, NULL, NULL, NULL),
(140, 'https://amuno.org', 3955, 186, 'internal', 12, 1, NULL, NULL, NULL, NULL, NULL),
(141, 'https://amuno.org/wp-login.php', 3955, NULL, 'internal', 12, NULL, NULL, NULL, NULL, NULL, NULL),
(142, '#', 3955, NULL, 'internal', 12, 3, NULL, NULL, NULL, NULL, NULL),
(143, '#', 3955, NULL, 'internal', 12, 3, NULL, NULL, NULL, NULL, NULL),
(144, 'https://i0.wp.com/amuno.org/wp-content/uploads/2024/03/Main-Logo.png?fit=250%2C104&amp;ssl=1', 3955, NULL, 'image-ex', 12, NULL, NULL, NULL, NULL, NULL, NULL),
(145, 'https://www.facebook.com/', 4053, NULL, 'external', 13, NULL, NULL, NULL, NULL, NULL, NULL),
(146, 'https://twitter.com/', 4053, NULL, 'external', 13, NULL, NULL, NULL, NULL, NULL, NULL),
(147, 'https://www.youtube.com/', 4053, NULL, 'external', 13, NULL, NULL, NULL, NULL, NULL, NULL),
(148, 'https://www.google.com', 4053, NULL, 'external', 13, NULL, NULL, NULL, NULL, NULL, NULL),
(149, '#', 4053, NULL, 'internal', 13, 3, NULL, NULL, NULL, NULL, NULL),
(150, '#', 4053, NULL, 'internal', 13, 3, NULL, NULL, NULL, NULL, NULL),
(151, '#', 4053, NULL, 'internal', 13, 3, NULL, NULL, NULL, NULL, NULL),
(152, '#', 4053, NULL, 'internal', 13, 3, NULL, NULL, NULL, NULL, NULL),
(153, 'https://demo2wpopal.b-cdn.net/humani/about-history/', 4053, NULL, 'external', 13, NULL, NULL, NULL, NULL, NULL, NULL),
(154, '#', 4053, NULL, 'internal', 13, 3, NULL, NULL, NULL, NULL, NULL),
(155, '#', 4053, NULL, 'internal', 13, 3, NULL, NULL, NULL, NULL, NULL),
(156, '#', 4053, NULL, 'internal', 13, 3, NULL, NULL, NULL, NULL, NULL),
(157, '#', 4053, NULL, 'internal', 13, 3, NULL, NULL, NULL, NULL, NULL),
(158, '#', 4053, NULL, 'internal', 13, 3, NULL, NULL, NULL, NULL, NULL),
(159, '#', 4053, NULL, 'internal', 13, 3, NULL, NULL, NULL, NULL, NULL),
(160, '#', 4053, NULL, 'internal', 13, 3, NULL, NULL, NULL, NULL, NULL),
(161, '#', 4053, NULL, 'internal', 13, 3, NULL, NULL, NULL, NULL, NULL),
(162, '#', 4053, NULL, 'internal', 13, 3, NULL, NULL, NULL, NULL, NULL),
(163, '#', 4053, NULL, 'internal', 13, 3, NULL, NULL, NULL, NULL, NULL),
(164, 'https://demo2wpopal.b-cdn.net/humani/blog/', 4053, NULL, 'external', 13, NULL, NULL, NULL, NULL, NULL, NULL),
(165, '#', 4053, NULL, 'internal', 13, 3, NULL, NULL, NULL, NULL, NULL),
(166, 'https://i0.wp.com/amuno.org/wp-content/uploads/revslider/slide/boy-2.png?ssl=1', 4053, NULL, 'external', 13, NULL, NULL, NULL, NULL, NULL, NULL),
(167, 'https://i0.wp.com/amuno.org/wp-content/uploads/revslider/slide/slide-bg.jpg?ssl=1', 4053, NULL, 'external', 13, NULL, NULL, NULL, NULL, NULL, NULL),
(168, '#', 4053, NULL, 'internal', 13, 3, NULL, NULL, NULL, NULL, NULL),
(169, '#', 4053, NULL, 'internal', 13, 3, NULL, NULL, NULL, NULL, NULL),
(170, '#', 4053, NULL, 'internal', 13, 3, NULL, NULL, NULL, NULL, NULL),
(171, '#', 4053, NULL, 'internal', 13, 3, NULL, NULL, NULL, NULL, NULL),
(172, '#', 4053, NULL, 'internal', 13, 3, NULL, NULL, NULL, NULL, NULL),
(173, '#', 4053, NULL, 'internal', 13, 3, NULL, NULL, NULL, NULL, NULL),
(174, 'https://amuno.org/wp-content/uploads/2021/05/logo-white.svg', 4053, 3480, 'image-in', 13, NULL, 32, 159, 3855, NULL, NULL),
(175, 'https://i0.wp.com/amuno.org/wp-content/uploads/revslider/slide/boy-2.png?w=262&amp;h=364&amp;ssl=1', 4053, NULL, 'image-ex', 13, NULL, NULL, NULL, NULL, NULL, NULL),
(176, 'https://i0.wp.com/amuno.org/wp-content/uploads/revslider/slide/slide-bg.jpg?w=710&amp;h=364&amp;ssl=1', 4053, NULL, 'image-ex', 13, NULL, NULL, NULL, NULL, NULL, NULL),
(177, '#', 4055, NULL, 'internal', 14, 3, NULL, NULL, NULL, NULL, NULL),
(178, '#', 4055, NULL, 'internal', 14, 3, NULL, NULL, NULL, NULL, NULL),
(179, '#', 4055, NULL, 'internal', 14, 3, NULL, NULL, NULL, NULL, NULL),
(180, '#', 4055, NULL, 'internal', 14, 3, NULL, NULL, NULL, NULL, NULL),
(181, '#', 4055, NULL, 'internal', 14, 3, NULL, NULL, NULL, NULL, NULL),
(182, '#', 4055, NULL, 'internal', 14, 3, NULL, NULL, NULL, NULL, NULL),
(183, '#', 4055, NULL, 'internal', 14, 3, NULL, NULL, NULL, NULL, NULL),
(184, '#', 4055, NULL, 'internal', 14, 3, NULL, NULL, NULL, NULL, NULL),
(185, '#', 4055, NULL, 'internal', 14, 3, NULL, NULL, NULL, NULL, NULL),
(186, 'https://www.facebook.com/', 4055, NULL, 'external', 14, NULL, NULL, NULL, NULL, NULL, NULL),
(187, 'https://twitter.com/?lang=vi', 4055, NULL, 'external', 14, NULL, NULL, NULL, NULL, NULL, NULL),
(188, 'https://www.youtube.com/', 4055, NULL, 'external', 14, NULL, NULL, NULL, NULL, NULL, NULL),
(189, 'https://wordpress.com/', 4055, NULL, 'external', 14, NULL, NULL, NULL, NULL, NULL, NULL),
(190, '#', 4055, NULL, 'internal', 14, 3, NULL, NULL, NULL, NULL, NULL),
(191, '#', 4055, NULL, 'internal', 14, 3, NULL, NULL, NULL, NULL, NULL),
(192, '#', 4055, NULL, 'internal', 14, 3, NULL, NULL, NULL, NULL, NULL),
(193, '#', 4055, NULL, 'internal', 14, 3, NULL, NULL, NULL, NULL, NULL),
(194, '#', 4055, NULL, 'internal', 14, 3, NULL, NULL, NULL, NULL, NULL),
(195, '#', 4055, NULL, 'internal', 14, 3, NULL, NULL, NULL, NULL, NULL),
(196, 'https://amuno.org/wp-content/uploads/2021/05/logo-white.svg', 4055, 3480, 'image-in', 14, NULL, 32, 159, 3855, NULL, NULL),
(197, 'https://amuno.org', 5264, 186, 'internal', 15, 1, NULL, NULL, NULL, NULL, NULL),
(198, '#', 5264, NULL, 'internal', 15, 3, NULL, NULL, NULL, NULL, NULL),
(199, '#', 5264, NULL, 'internal', 15, 3, NULL, NULL, NULL, NULL, NULL),
(200, '#', 5264, NULL, 'internal', 15, 3, NULL, NULL, NULL, NULL, NULL),
(201, '#', 5264, NULL, 'internal', 15, 3, NULL, NULL, NULL, NULL, NULL),
(202, '#', 5264, NULL, 'internal', 15, 3, NULL, NULL, NULL, NULL, NULL),
(203, '#', 5264, NULL, 'internal', 15, 3, NULL, NULL, NULL, NULL, NULL),
(204, '#', 5264, NULL, 'internal', 15, 3, NULL, NULL, NULL, NULL, NULL),
(205, '#', 5264, NULL, 'internal', 15, 3, NULL, NULL, NULL, NULL, NULL),
(206, '#', 5264, NULL, 'internal', 15, 3, NULL, NULL, NULL, NULL, NULL),
(207, '#', 5264, NULL, 'internal', 15, 3, NULL, NULL, NULL, NULL, NULL),
(208, '#', 5264, NULL, 'internal', 15, 3, NULL, NULL, NULL, NULL, NULL),
(209, 'https://www.facebook.com/', 5264, NULL, 'external', 15, NULL, NULL, NULL, NULL, NULL, NULL),
(210, 'https://www.youtube.com/', 5264, NULL, 'external', 15, NULL, NULL, NULL, NULL, NULL, NULL),
(211, 'https://www.twitch.tv', 5264, NULL, 'external', 15, NULL, NULL, NULL, NULL, NULL, NULL),
(212, 'https://www.google.com.vn/?hl=vi', 5264, NULL, 'external', 15, NULL, NULL, NULL, NULL, NULL, NULL),
(213, 'https://demo2wpopal.b-cdn.net/humani/', 5264, NULL, 'external', 15, NULL, NULL, NULL, NULL, NULL, NULL),
(214, '#', 5264, NULL, 'internal', 15, 3, NULL, NULL, NULL, NULL, NULL),
(215, '#', 5264, NULL, 'internal', 15, 3, NULL, NULL, NULL, NULL, NULL),
(216, '#', 5264, NULL, 'internal', 15, 3, NULL, NULL, NULL, NULL, NULL),
(217, '#', 5264, NULL, 'internal', 15, 3, NULL, NULL, NULL, NULL, NULL),
(218, '#', 5264, NULL, 'internal', 15, 3, NULL, NULL, NULL, NULL, NULL),
(219, '#', 5264, NULL, 'internal', 15, 3, NULL, NULL, NULL, NULL, NULL),
(220, 'https://i0.wp.com/amuno.org/wp-content/uploads/2024/03/Main-Logo.png?fit=250%2C104&amp;ssl=1', 5264, NULL, 'image-ex', 15, NULL, NULL, NULL, NULL, NULL, NULL),
(221, 'https://amuno.org', 5665, 186, 'internal', 16, 1, NULL, NULL, NULL, NULL, NULL),
(222, 'https://www.twitch.tv', 5665, NULL, 'external', 16, NULL, NULL, NULL, NULL, NULL, NULL),
(223, 'http://instagram.com', 5665, NULL, 'external', 16, NULL, NULL, NULL, NULL, NULL, NULL),
(224, 'https://www.facebook.com/', 5665, NULL, 'external', 16, NULL, NULL, NULL, NULL, NULL, NULL),
(225, '#', 5665, NULL, 'internal', 16, 3, NULL, NULL, NULL, NULL, NULL),
(226, '#', 5665, NULL, 'internal', 16, 3, NULL, NULL, NULL, NULL, NULL),
(227, '#', 5665, NULL, 'internal', 16, 3, NULL, NULL, NULL, NULL, NULL),
(228, '#', 5665, NULL, 'internal', 16, 3, NULL, NULL, NULL, NULL, NULL),
(229, '#', 5665, NULL, 'internal', 16, 3, NULL, NULL, NULL, NULL, NULL),
(230, '#', 5665, NULL, 'internal', 16, 3, NULL, NULL, NULL, NULL, NULL),
(231, '#', 5665, NULL, 'internal', 16, 3, NULL, NULL, NULL, NULL, NULL),
(232, '#', 5665, NULL, 'internal', 16, 3, NULL, NULL, NULL, NULL, NULL),
(233, '#', 5665, NULL, 'internal', 16, 3, NULL, NULL, NULL, NULL, NULL),
(234, '#', 5665, NULL, 'internal', 16, 3, NULL, NULL, NULL, NULL, NULL),
(235, '#', 5665, NULL, 'internal', 16, 3, NULL, NULL, NULL, NULL, NULL),
(236, '#', 5665, NULL, 'internal', 16, 3, NULL, NULL, NULL, NULL, NULL),
(237, '#', 5665, NULL, 'internal', 16, 3, NULL, NULL, NULL, NULL, NULL),
(238, '#', 5665, NULL, 'internal', 16, 3, NULL, NULL, NULL, NULL, NULL),
(239, 'https://demo2wpopal.b-cdn.net/humani/', 5665, NULL, 'external', 16, NULL, NULL, NULL, NULL, NULL, NULL),
(240, '#', 5665, NULL, 'internal', 16, 3, NULL, NULL, NULL, NULL, NULL),
(241, '#', 5665, NULL, 'internal', 16, 3, NULL, NULL, NULL, NULL, NULL),
(242, '#', 5665, NULL, 'internal', 16, 3, NULL, NULL, NULL, NULL, NULL),
(243, '#', 5665, NULL, 'internal', 16, 3, NULL, NULL, NULL, NULL, NULL),
(244, '#', 5665, NULL, 'internal', 16, 3, NULL, NULL, NULL, NULL, NULL),
(245, '#', 5665, NULL, 'internal', 16, 3, NULL, NULL, NULL, NULL, NULL),
(246, 'https://i0.wp.com/amuno.org/wp-content/uploads/2024/03/Main-Logo.png?fit=250%2C104&amp;ssl=1', 5665, NULL, 'image-ex', 16, NULL, NULL, NULL, NULL, NULL, NULL),
(247, 'https://www.facebook.com/', 7576, NULL, 'external', 17, NULL, NULL, NULL, NULL, NULL, NULL),
(248, 'https://twitter.com/', 7576, NULL, 'external', 17, NULL, NULL, NULL, NULL, NULL, NULL),
(249, 'https://www.youtube.com/', 7576, NULL, 'external', 17, NULL, NULL, NULL, NULL, NULL, NULL),
(250, 'https://www.google.com', 7576, NULL, 'external', 17, NULL, NULL, NULL, NULL, NULL, NULL),
(251, '#', 7576, NULL, 'internal', 17, 3, NULL, NULL, NULL, NULL, NULL),
(252, '#', 7576, NULL, 'internal', 17, 3, NULL, NULL, NULL, NULL, NULL),
(253, '#', 7576, NULL, 'internal', 17, 3, NULL, NULL, NULL, NULL, NULL),
(254, '#', 7576, NULL, 'internal', 17, 3, NULL, NULL, NULL, NULL, NULL),
(255, '#', 7576, NULL, 'internal', 17, 3, NULL, NULL, NULL, NULL, NULL),
(256, '#', 7576, NULL, 'internal', 17, 3, NULL, NULL, NULL, NULL, NULL),
(257, '#', 7576, NULL, 'internal', 17, 3, NULL, NULL, NULL, NULL, NULL),
(258, '#', 7576, NULL, 'internal', 17, 3, NULL, NULL, NULL, NULL, NULL),
(259, '#', 7576, NULL, 'internal', 17, 3, NULL, NULL, NULL, NULL, NULL),
(260, '#', 7576, NULL, 'internal', 17, 3, NULL, NULL, NULL, NULL, NULL),
(261, '#', 7576, NULL, 'internal', 17, 3, NULL, NULL, NULL, NULL, NULL),
(262, '#', 7576, NULL, 'internal', 17, 3, NULL, NULL, NULL, NULL, NULL),
(263, '#', 7576, NULL, 'internal', 17, 3, NULL, NULL, NULL, NULL, NULL),
(264, '#', 7576, NULL, 'internal', 17, 3, NULL, NULL, NULL, NULL, NULL),
(265, 'https://i0.wp.com/amuno.org/wp-content/uploads/revslider/slide/boy-2.png?ssl=1', 7576, NULL, 'external', 17, NULL, NULL, NULL, NULL, NULL, NULL),
(266, 'https://i0.wp.com/amuno.org/wp-content/uploads/revslider/slide/slide-bg.jpg?ssl=1', 7576, NULL, 'external', 17, NULL, NULL, NULL, NULL, NULL, NULL),
(267, 'https://demo2wpopal.b-cdn.net/humani/', 7576, NULL, 'external', 17, NULL, NULL, NULL, NULL, NULL, NULL),
(268, '#', 7576, NULL, 'internal', 17, 3, NULL, NULL, NULL, NULL, NULL),
(269, '#', 7576, NULL, 'internal', 17, 3, NULL, NULL, NULL, NULL, NULL),
(270, '#', 7576, NULL, 'internal', 17, 3, NULL, NULL, NULL, NULL, NULL),
(271, '#', 7576, NULL, 'internal', 17, 3, NULL, NULL, NULL, NULL, NULL),
(272, '#', 7576, NULL, 'internal', 17, 3, NULL, NULL, NULL, NULL, NULL),
(273, '#', 7576, NULL, 'internal', 17, 3, NULL, NULL, NULL, NULL, NULL),
(274, 'https://amuno.org/wp-content/uploads/2021/05/logo-white.svg', 7576, 3480, 'image-in', 17, NULL, 32, 159, 3855, NULL, NULL),
(275, 'https://i0.wp.com/amuno.org/wp-content/uploads/revslider/slide/boy-2.png?w=262&amp;h=364&amp;ssl=1', 7576, NULL, 'image-ex', 17, NULL, NULL, NULL, NULL, NULL, NULL),
(276, 'https://i0.wp.com/amuno.org/wp-content/uploads/revslider/slide/slide-bg.jpg?w=710&amp;h=364&amp;ssl=1', 7576, NULL, 'image-ex', 17, NULL, NULL, NULL, NULL, NULL, NULL),
(277, '#', 7865, NULL, 'internal', 18, 3, NULL, NULL, NULL, NULL, NULL),
(278, '#', 7865, NULL, 'internal', 18, 3, NULL, NULL, NULL, NULL, NULL),
(279, '#', 7865, NULL, 'internal', 18, 3, NULL, NULL, NULL, NULL, NULL),
(280, '#', 7865, NULL, 'internal', 18, 3, NULL, NULL, NULL, NULL, NULL),
(281, '#', 7865, NULL, 'internal', 18, 3, NULL, NULL, NULL, NULL, NULL),
(282, '#', 7865, NULL, 'internal', 18, 3, NULL, NULL, NULL, NULL, NULL),
(283, 'https://www.facebook.com/', 7865, NULL, 'external', 18, NULL, NULL, NULL, NULL, NULL, NULL),
(284, 'https://twitter.com/?lang=vi', 7865, NULL, 'external', 18, NULL, NULL, NULL, NULL, NULL, NULL),
(285, 'https://www.youtube.com/', 7865, NULL, 'external', 18, NULL, NULL, NULL, NULL, NULL, NULL),
(286, 'https://instagram.com', 7865, NULL, 'external', 18, NULL, NULL, NULL, NULL, NULL, NULL),
(287, 'https://demo2wpopal.b-cdn.net/humani/', 7865, NULL, 'external', 18, NULL, NULL, NULL, NULL, NULL, NULL),
(288, '#', 7865, NULL, 'internal', 18, 3, NULL, NULL, NULL, NULL, NULL),
(289, '#', 7865, NULL, 'internal', 18, 3, NULL, NULL, NULL, NULL, NULL),
(290, '#', 7865, NULL, 'internal', 18, 3, NULL, NULL, NULL, NULL, NULL),
(291, '#', 7865, NULL, 'internal', 18, 3, NULL, NULL, NULL, NULL, NULL),
(292, '#', 7865, NULL, 'internal', 18, 3, NULL, NULL, NULL, NULL, NULL),
(293, '#', 7865, NULL, 'internal', 18, 3, NULL, NULL, NULL, NULL, NULL),
(294, 'https://amuno.org/wp-content/uploads/2021/05/logo-white.svg', 7865, 3480, 'image-in', 18, NULL, 32, 159, 3855, NULL, NULL),
(295, '#', 11521, NULL, 'internal', 19, 3, NULL, NULL, NULL, NULL, NULL),
(296, '#', 11521, NULL, 'internal', 19, 3, NULL, NULL, NULL, NULL, NULL),
(297, '#', 11521, NULL, 'internal', 19, 3, NULL, NULL, NULL, NULL, NULL),
(298, '#', 11521, NULL, 'internal', 19, 3, NULL, NULL, NULL, NULL, NULL),
(299, '#', 11521, NULL, 'internal', 19, 3, NULL, NULL, NULL, NULL, NULL),
(300, '#', 11521, NULL, 'internal', 19, 3, NULL, NULL, NULL, NULL, NULL),
(301, '#', 11521, NULL, 'internal', 19, 3, NULL, NULL, NULL, NULL, NULL),
(302, '#', 11521, NULL, 'internal', 19, 3, NULL, NULL, NULL, NULL, NULL),
(303, 'http://amuno.org', 11521, 186, 'internal', 19, 1, NULL, NULL, NULL, NULL, NULL),
(304, 'https://amuno.org/', 11521, NULL, 'internal', 19, 3, NULL, NULL, NULL, NULL, NULL),
(305, '#', 11521, NULL, 'internal', 19, 3, NULL, NULL, NULL, NULL, NULL),
(306, 'https://amuno.org/about-whoweare/', 11521, 10615, 'internal', 19, 39, NULL, NULL, NULL, NULL, NULL),
(307, 'https://amuno.org/about-core/', 11521, 6412, 'internal', 19, 40, NULL, NULL, NULL, NULL, NULL),
(308, 'https://amuno.org/our-team/', 11521, 12338, 'internal', 19, 41, NULL, NULL, NULL, NULL, NULL),
(309, 'https://amuno.org/about-history/', 11521, 5897, 'internal', 19, 42, NULL, NULL, NULL, NULL, NULL),
(310, 'https://amuno.org/about-whatwedo/', 11521, 8800, 'internal', 19, 43, NULL, NULL, NULL, NULL, NULL),
(311, '#', 11521, NULL, 'internal', 19, 3, NULL, NULL, NULL, NULL, NULL),
(312, 'https://amuno.org/volunteer/', 11521, 12607, 'internal', 19, 44, NULL, NULL, NULL, NULL, NULL),
(313, 'https://amuno.org/frequently-asked-questions/', 11521, 11183, 'internal', 19, 45, NULL, NULL, NULL, NULL, NULL),
(314, 'https://amuno.org/contact-us/', 11521, 11063, 'internal', 19, 46, NULL, NULL, NULL, NULL, NULL),
(315, 'https://amuno.org/wp-login.php', 11521, NULL, 'internal', 19, NULL, NULL, NULL, NULL, NULL, NULL),
(316, '#', 11521, NULL, 'internal', 19, 3, NULL, NULL, NULL, NULL, NULL),
(317, '#', 11521, NULL, 'internal', 19, 3, NULL, NULL, NULL, NULL, NULL),
(318, '#', 11521, NULL, 'internal', 19, 3, NULL, NULL, NULL, NULL, NULL),
(319, 'http://amuno.org', 11521, 186, 'internal', 19, 1, NULL, NULL, NULL, NULL, NULL),
(320, 'https://i0.wp.com/amuno.org/wp-content/uploads/2024/03/Main-Logo.png?fit=250%2C104&amp;ssl=1', 11521, NULL, 'image-ex', 19, NULL, NULL, NULL, NULL, NULL, NULL),
(321, 'http://amuno.org', 12892, 186, 'internal', 20, 1, NULL, NULL, NULL, NULL, NULL),
(322, 'https://www.twitch.tv', 12892, NULL, 'external', 20, NULL, NULL, NULL, NULL, NULL, NULL),
(323, 'http://instagram.com', 12892, NULL, 'external', 20, NULL, NULL, NULL, NULL, NULL, NULL),
(324, 'https://www.facebook.com/', 12892, NULL, 'external', 20, NULL, NULL, NULL, NULL, NULL, NULL),
(325, '#', 12892, NULL, 'internal', 20, 3, NULL, NULL, NULL, NULL, NULL),
(326, '#', 12892, NULL, 'internal', 20, 3, NULL, NULL, NULL, NULL, NULL),
(327, '#', 12892, NULL, 'internal', 20, 3, NULL, NULL, NULL, NULL, NULL),
(328, '#', 12892, NULL, 'internal', 20, 3, NULL, NULL, NULL, NULL, NULL),
(329, '#', 12892, NULL, 'internal', 20, 3, NULL, NULL, NULL, NULL, NULL),
(330, '#', 12892, NULL, 'internal', 20, 3, NULL, NULL, NULL, NULL, NULL),
(331, '#', 12892, NULL, 'internal', 20, 3, NULL, NULL, NULL, NULL, NULL),
(332, '#', 12892, NULL, 'internal', 20, 3, NULL, NULL, NULL, NULL, NULL),
(333, '#', 12892, NULL, 'internal', 20, 3, NULL, NULL, NULL, NULL, NULL),
(334, '#', 12892, NULL, 'internal', 20, 3, NULL, NULL, NULL, NULL, NULL),
(335, '#', 12892, NULL, 'internal', 20, 3, NULL, NULL, NULL, NULL, NULL),
(336, '#', 12892, NULL, 'internal', 20, 3, NULL, NULL, NULL, NULL, NULL),
(337, '#', 12892, NULL, 'internal', 20, 3, NULL, NULL, NULL, NULL, NULL),
(338, '#', 12892, NULL, 'internal', 20, 3, NULL, NULL, NULL, NULL, NULL),
(339, 'https://demo2wpopal.b-cdn.net/humani/', 12892, NULL, 'external', 20, NULL, NULL, NULL, NULL, NULL, NULL),
(340, '#', 12892, NULL, 'internal', 20, 3, NULL, NULL, NULL, NULL, NULL),
(341, '#', 12892, NULL, 'internal', 20, 3, NULL, NULL, NULL, NULL, NULL),
(342, '#', 12892, NULL, 'internal', 20, 3, NULL, NULL, NULL, NULL, NULL),
(343, '#', 12892, NULL, 'internal', 20, 3, NULL, NULL, NULL, NULL, NULL),
(344, '#', 12892, NULL, 'internal', 20, 3, NULL, NULL, NULL, NULL, NULL),
(345, '#', 12892, NULL, 'internal', 20, 3, NULL, NULL, NULL, NULL, NULL),
(346, 'https://i0.wp.com/amuno.org/wp-content/uploads/2024/03/Main-Logo.png?fit=250%2C104&amp;ssl=1', 12892, NULL, 'image-ex', 20, NULL, NULL, NULL, NULL, NULL, NULL),
(347, '#', 17635, NULL, 'internal', 49, 3, NULL, NULL, NULL, NULL, NULL),
(348, 'http://amuno.org', 17635, 186, 'internal', 49, 1, NULL, NULL, NULL, NULL, NULL),
(349, 'https://amuno.org/', 17635, NULL, 'internal', 49, 3, NULL, NULL, NULL, NULL, NULL),
(350, '#', 17635, NULL, 'internal', 49, 3, NULL, NULL, NULL, NULL, NULL),
(351, 'https://amuno.org/about-whoweare/', 17635, 10615, 'internal', 49, 39, NULL, NULL, NULL, NULL, NULL),
(352, 'https://amuno.org/about-core/', 17635, 6412, 'internal', 49, 40, NULL, NULL, NULL, NULL, NULL),
(353, 'https://amuno.org/our-team/', 17635, 12338, 'internal', 49, 41, NULL, NULL, NULL, NULL, NULL),
(354, 'https://amuno.org/about-history/', 17635, 5897, 'internal', 49, 42, NULL, NULL, NULL, NULL, NULL),
(355, 'https://amuno.org/about-whatwedo/', 17635, 8800, 'internal', 49, 43, NULL, NULL, NULL, NULL, NULL),
(356, '#', 17635, NULL, 'internal', 49, 3, NULL, NULL, NULL, NULL, NULL),
(357, 'https://amuno.org/volunteer/', 17635, 12607, 'internal', 49, 44, NULL, NULL, NULL, NULL, NULL),
(358, 'https://amuno.org/frequently-asked-questions/', 17635, 11183, 'internal', 49, 45, NULL, NULL, NULL, NULL, NULL),
(359, 'https://amuno.org/contact-us/', 17635, 11063, 'internal', 49, 46, NULL, NULL, NULL, NULL, NULL),
(360, 'http://amuno.org', 17635, 186, 'internal', 49, 1, NULL, NULL, NULL, NULL, NULL),
(361, 'https://amuno.org/', 17635, NULL, 'internal', 49, 3, NULL, NULL, NULL, NULL, NULL),
(362, '#', 17635, NULL, 'internal', 49, 3, NULL, NULL, NULL, NULL, NULL),
(363, 'https://amuno.org/about-whoweare/', 17635, 10615, 'internal', 49, 39, NULL, NULL, NULL, NULL, NULL),
(364, 'https://amuno.org/about-core/', 17635, 6412, 'internal', 49, 40, NULL, NULL, NULL, NULL, NULL),
(365, 'https://amuno.org/our-team/', 17635, 12338, 'internal', 49, 41, NULL, NULL, NULL, NULL, NULL),
(366, 'https://amuno.org/about-history/', 17635, 5897, 'internal', 49, 42, NULL, NULL, NULL, NULL, NULL),
(367, 'https://amuno.org/about-whatwedo/', 17635, 8800, 'internal', 49, 43, NULL, NULL, NULL, NULL, NULL),
(368, '#', 17635, NULL, 'internal', 49, 3, NULL, NULL, NULL, NULL, NULL),
(369, 'https://amuno.org/volunteer/', 17635, 12607, 'internal', 49, 44, NULL, NULL, NULL, NULL, NULL),
(370, 'https://amuno.org/frequently-asked-questions/', 17635, 11183, 'internal', 49, 45, NULL, NULL, NULL, NULL, NULL),
(371, 'https://amuno.org/contact-us/', 17635, 11063, 'internal', 49, 46, NULL, NULL, NULL, NULL, NULL),
(372, 'https://amuno.org/wp-login.php', 17635, NULL, 'internal', 49, NULL, NULL, NULL, NULL, NULL, NULL),
(373, '#', 17635, NULL, 'internal', 49, 3, NULL, NULL, NULL, NULL, NULL),
(374, '#', 17635, NULL, 'internal', 49, 3, NULL, NULL, NULL, NULL, NULL),
(375, 'https://amuno.org/wp-content/uploads/2022/12/logo-white1.svg', 17635, 17938, 'image-in', 49, NULL, 32, 159, 5618, NULL, NULL),
(376, 'http://amuno.org', 17761, 186, 'internal', 50, 1, NULL, NULL, NULL, NULL, NULL),
(377, '#', 17761, NULL, 'internal', 50, 3, NULL, NULL, NULL, NULL, NULL),
(378, '#', 17761, NULL, 'internal', 50, 3, NULL, NULL, NULL, NULL, NULL),
(379, '#', 17761, NULL, 'internal', 50, 3, NULL, NULL, NULL, NULL, NULL),
(380, '#', 17761, NULL, 'internal', 50, 3, NULL, NULL, NULL, NULL, NULL),
(381, '#', 17761, NULL, 'internal', 50, 3, NULL, NULL, NULL, NULL, NULL),
(382, '#', 17761, NULL, 'internal', 50, 3, NULL, NULL, NULL, NULL, NULL),
(383, '#', 17761, NULL, 'internal', 50, 3, NULL, NULL, NULL, NULL, NULL),
(384, '#', 17761, NULL, 'internal', 50, 3, NULL, NULL, NULL, NULL, NULL),
(385, '#', 17761, NULL, 'internal', 50, 3, NULL, NULL, NULL, NULL, NULL),
(386, '#', 17761, NULL, 'internal', 50, 3, NULL, NULL, NULL, NULL, NULL),
(387, '#', 17761, NULL, 'internal', 50, 3, NULL, NULL, NULL, NULL, NULL),
(388, 'https://www.facebook.com/', 17761, NULL, 'external', 50, NULL, NULL, NULL, NULL, NULL, NULL),
(389, 'https://www.twitch.tv', 17761, NULL, 'external', 50, NULL, NULL, NULL, NULL, NULL, NULL),
(390, '#', 17761, NULL, 'internal', 50, 3, NULL, NULL, NULL, NULL, NULL),
(391, 'https://www.google.com.vn/?hl=vi', 17761, NULL, 'external', 50, NULL, NULL, NULL, NULL, NULL, NULL),
(392, 'https://demo2wpopal.b-cdn.net/humani/', 17761, NULL, 'external', 50, NULL, NULL, NULL, NULL, NULL, NULL),
(393, '#', 17761, NULL, 'internal', 50, 3, NULL, NULL, NULL, NULL, NULL),
(394, '#', 17761, NULL, 'internal', 50, 3, NULL, NULL, NULL, NULL, NULL),
(395, '#', 17761, NULL, 'internal', 50, 3, NULL, NULL, NULL, NULL, NULL),
(396, '#', 17761, NULL, 'internal', 50, 3, NULL, NULL, NULL, NULL, NULL),
(397, '#', 17761, NULL, 'internal', 50, 3, NULL, NULL, NULL, NULL, NULL),
(398, '#', 17761, NULL, 'internal', 50, 3, NULL, NULL, NULL, NULL, NULL),
(399, 'https://amuno.org/wp-content/uploads/2022/12/logo16.svg', 17761, 17843, 'image-in', 50, NULL, 32, 159, 5620, NULL, NULL),
(400, '#', 17861, NULL, 'internal', 51, 3, NULL, NULL, NULL, NULL, NULL),
(401, '#', 17861, NULL, 'internal', 51, 3, NULL, NULL, NULL, NULL, NULL),
(402, '#', 17861, NULL, 'internal', 51, 3, NULL, NULL, NULL, NULL, NULL),
(403, '#', 17861, NULL, 'internal', 51, 3, NULL, NULL, NULL, NULL, NULL),
(404, '#', 17861, NULL, 'internal', 51, 3, NULL, NULL, NULL, NULL, NULL),
(405, '#', 17861, NULL, 'internal', 51, 3, NULL, NULL, NULL, NULL, NULL),
(406, 'https://amuno.org', 17861, 186, 'internal', 51, 1, NULL, NULL, NULL, NULL, NULL),
(407, 'https://amuno.org/', 17861, NULL, 'internal', 51, 3, NULL, NULL, NULL, NULL, NULL),
(408, '#', 17861, NULL, 'internal', 51, 3, NULL, NULL, NULL, NULL, NULL),
(409, 'https://amuno.org/about-whoweare/', 17861, 10615, 'internal', 51, 39, NULL, NULL, NULL, NULL, NULL),
(410, 'https://amuno.org/about-core/', 17861, 6412, 'internal', 51, 40, NULL, NULL, NULL, NULL, NULL),
(411, 'https://amuno.org/our-team/', 17861, 12338, 'internal', 51, 41, NULL, NULL, NULL, NULL, NULL),
(412, 'https://amuno.org/about-history/', 17861, 5897, 'internal', 51, 42, NULL, NULL, NULL, NULL, NULL),
(413, 'https://amuno.org/about-whatwedo/', 17861, 8800, 'internal', 51, 43, NULL, NULL, NULL, NULL, NULL),
(414, '#', 17861, NULL, 'internal', 51, 3, NULL, NULL, NULL, NULL, NULL),
(415, 'https://amuno.org/volunteer/', 17861, 12607, 'internal', 51, 44, NULL, NULL, NULL, NULL, NULL),
(416, 'https://amuno.org/frequently-asked-questions/', 17861, 11183, 'internal', 51, 45, NULL, NULL, NULL, NULL, NULL),
(417, 'https://amuno.org/contact-us/', 17861, 11063, 'internal', 51, 46, NULL, NULL, NULL, NULL, NULL),
(418, '#', 17861, NULL, 'internal', 51, 3, NULL, NULL, NULL, NULL, NULL),
(419, 'https://amuno.org', 17861, 186, 'internal', 51, 1, NULL, NULL, NULL, NULL, NULL),
(420, 'https://amuno.org/wp-login.php', 17861, NULL, 'internal', 51, NULL, NULL, NULL, NULL, NULL, NULL),
(421, '#', 17861, NULL, 'internal', 51, 3, NULL, NULL, NULL, NULL, NULL),
(422, '#', 17861, NULL, 'internal', 51, 3, NULL, NULL, NULL, NULL, NULL),
(423, 'https://amuno.org/wp-content/uploads/2022/12/logo16-white.svg', 17861, 18302, 'image-in', 51, NULL, 32, 159, 5620, NULL, NULL),
(424, 'https://amuno.org', 18215, 186, 'internal', 52, 1, NULL, NULL, NULL, NULL, NULL),
(425, 'https://www.facebook.com/', 18215, NULL, 'external', 52, NULL, NULL, NULL, NULL, NULL, NULL),
(426, 'https://www.twitch.tv', 18215, NULL, 'external', 52, NULL, NULL, NULL, NULL, NULL, NULL),
(427, '#', 18215, NULL, 'internal', 52, 3, NULL, NULL, NULL, NULL, NULL),
(428, 'https://www.google.com.vn/?hl=vi', 18215, NULL, 'external', 52, NULL, NULL, NULL, NULL, NULL, NULL),
(429, 'mailto:contact@example.com', 18215, NULL, 'external', 52, NULL, NULL, NULL, NULL, NULL, NULL),
(430, '#', 18215, NULL, 'internal', 52, 3, NULL, NULL, NULL, NULL, NULL),
(431, '#', 18215, NULL, 'internal', 52, 3, NULL, NULL, NULL, NULL, NULL),
(432, '#', 18215, NULL, 'internal', 52, 3, NULL, NULL, NULL, NULL, NULL),
(433, '#', 18215, NULL, 'internal', 52, 3, NULL, NULL, NULL, NULL, NULL),
(434, '#', 18215, NULL, 'internal', 52, 3, NULL, NULL, NULL, NULL, NULL),
(435, '#', 18215, NULL, 'internal', 52, 3, NULL, NULL, NULL, NULL, NULL),
(436, '#', 18215, NULL, 'internal', 52, 3, NULL, NULL, NULL, NULL, NULL),
(437, '#', 18215, NULL, 'internal', 52, 3, NULL, NULL, NULL, NULL, NULL),
(438, '#', 18215, NULL, 'internal', 52, 3, NULL, NULL, NULL, NULL, NULL),
(439, '#', 18215, NULL, 'internal', 52, 3, NULL, NULL, NULL, NULL, NULL),
(440, '#', 18215, NULL, 'internal', 52, 3, NULL, NULL, NULL, NULL, NULL),
(441, '#', 18215, NULL, 'internal', 52, 3, NULL, NULL, NULL, NULL, NULL),
(442, 'https://demo2wpopal.b-cdn.net/humani/', 18215, NULL, 'external', 52, NULL, NULL, NULL, NULL, NULL, NULL),
(443, '#', 18215, NULL, 'internal', 52, 3, NULL, NULL, NULL, NULL, NULL),
(444, '#', 18215, NULL, 'internal', 52, 3, NULL, NULL, NULL, NULL, NULL),
(445, '#', 18215, NULL, 'internal', 52, 3, NULL, NULL, NULL, NULL, NULL),
(446, '#', 18215, NULL, 'internal', 52, 3, NULL, NULL, NULL, NULL, NULL),
(447, '#', 18215, NULL, 'internal', 52, 3, NULL, NULL, NULL, NULL, NULL),
(448, '#', 18215, NULL, 'internal', 52, 3, NULL, NULL, NULL, NULL, NULL),
(449, 'https://amuno.org/wp-content/uploads/2022/12/logo16.svg', 18215, 17843, 'image-in', 52, NULL, 32, 159, 5620, NULL, NULL),
(450, 'https://amuno.org', 18232, 186, 'internal', 53, 1, NULL, NULL, NULL, NULL, NULL),
(451, 'mailto:contact@example.com', 18232, NULL, 'external', 53, NULL, NULL, NULL, NULL, NULL, NULL),
(452, '#', 18232, NULL, 'internal', 53, 3, NULL, NULL, NULL, NULL, NULL),
(453, '#', 18232, NULL, 'internal', 53, 3, NULL, NULL, NULL, NULL, NULL),
(454, '#', 18232, NULL, 'internal', 53, 3, NULL, NULL, NULL, NULL, NULL),
(455, '#', 18232, NULL, 'internal', 53, 3, NULL, NULL, NULL, NULL, NULL),
(456, '#', 18232, NULL, 'internal', 53, 3, NULL, NULL, NULL, NULL, NULL),
(457, '#', 18232, NULL, 'internal', 53, 3, NULL, NULL, NULL, NULL, NULL),
(458, '#', 18232, NULL, 'internal', 53, 3, NULL, NULL, NULL, NULL, NULL),
(459, '#', 18232, NULL, 'internal', 53, 3, NULL, NULL, NULL, NULL, NULL),
(460, '#', 18232, NULL, 'internal', 53, 3, NULL, NULL, NULL, NULL, NULL),
(461, '#', 18232, NULL, 'internal', 53, 3, NULL, NULL, NULL, NULL, NULL),
(462, 'https://www.facebook.com/', 18232, NULL, 'external', 53, NULL, NULL, NULL, NULL, NULL, NULL),
(463, 'https://www.twitch.tv', 18232, NULL, 'external', 53, NULL, NULL, NULL, NULL, NULL, NULL),
(464, 'http://instagram.com', 18232, NULL, 'external', 53, NULL, NULL, NULL, NULL, NULL, NULL),
(465, 'http://pinterest.com', 18232, NULL, 'external', 53, NULL, NULL, NULL, NULL, NULL, NULL),
(466, 'http://youtube.com', 18232, NULL, 'external', 53, NULL, NULL, NULL, NULL, NULL, NULL),
(467, 'https://demo2wpopal.b-cdn.net/humani/', 18232, NULL, 'external', 53, NULL, NULL, NULL, NULL, NULL, NULL),
(468, '#', 18232, NULL, 'internal', 53, 3, NULL, NULL, NULL, NULL, NULL),
(469, '#', 18232, NULL, 'internal', 53, 3, NULL, NULL, NULL, NULL, NULL),
(470, '#', 18232, NULL, 'internal', 53, 3, NULL, NULL, NULL, NULL, NULL),
(471, '#', 18232, NULL, 'internal', 53, 3, NULL, NULL, NULL, NULL, NULL),
(472, '#', 18232, NULL, 'internal', 53, 3, NULL, NULL, NULL, NULL, NULL),
(473, '#', 18232, NULL, 'internal', 53, 3, NULL, NULL, NULL, NULL, NULL),
(474, 'https://amuno.org/wp-content/uploads/2022/12/logo-white1.svg', 18232, 17938, 'image-in', 53, NULL, 32, 159, 5618, NULL, NULL),
(475, '#', 18439, NULL, 'internal', 54, 3, NULL, NULL, NULL, NULL, NULL),
(476, 'https://amuno.org', 18439, 186, 'internal', 54, 1, NULL, NULL, NULL, NULL, NULL),
(477, 'https://amuno.org/wp-login.php', 18439, NULL, 'internal', 54, NULL, NULL, NULL, NULL, NULL, NULL),
(478, 'https://amuno.org/', 18439, NULL, 'internal', 54, 3, NULL, NULL, NULL, NULL, NULL),
(479, '#', 18439, NULL, 'internal', 54, 3, NULL, NULL, NULL, NULL, NULL),
(480, 'https://amuno.org/about-whoweare/', 18439, 10615, 'internal', 54, 39, NULL, NULL, NULL, NULL, NULL),
(481, 'https://amuno.org/about-core/', 18439, 6412, 'internal', 54, 40, NULL, NULL, NULL, NULL, NULL),
(482, 'https://amuno.org/our-team/', 18439, 12338, 'internal', 54, 41, NULL, NULL, NULL, NULL, NULL),
(483, 'https://amuno.org/about-history/', 18439, 5897, 'internal', 54, 42, NULL, NULL, NULL, NULL, NULL),
(484, 'https://amuno.org/about-whatwedo/', 18439, 8800, 'internal', 54, 43, NULL, NULL, NULL, NULL, NULL),
(485, '#', 18439, NULL, 'internal', 54, 3, NULL, NULL, NULL, NULL, NULL),
(486, 'https://amuno.org/volunteer/', 18439, 12607, 'internal', 54, 44, NULL, NULL, NULL, NULL, NULL),
(487, 'https://amuno.org/frequently-asked-questions/', 18439, 11183, 'internal', 54, 45, NULL, NULL, NULL, NULL, NULL),
(488, 'https://amuno.org/contact-us/', 18439, 11063, 'internal', 54, 46, NULL, NULL, NULL, NULL, NULL),
(489, 'https://amuno.org/wp-content/uploads/2022/12/logo16.svg', 18439, 17843, 'image-in', 54, NULL, 32, 159, 5620, NULL, NULL),
(490, 'mailto:contact@example.com', 18793, NULL, 'external', 55, NULL, NULL, NULL, NULL, NULL, NULL),
(491, 'https://amuno.org', 18793, 186, 'internal', 55, 1, NULL, NULL, NULL, NULL, NULL),
(492, '#', 18793, NULL, 'internal', 55, 3, NULL, NULL, NULL, NULL, NULL),
(493, '#', 18793, NULL, 'internal', 55, 3, NULL, NULL, NULL, NULL, NULL),
(494, '#', 18793, NULL, 'internal', 55, 3, NULL, NULL, NULL, NULL, NULL),
(495, '#', 18793, NULL, 'internal', 55, 3, NULL, NULL, NULL, NULL, NULL),
(496, '#', 18793, NULL, 'internal', 55, 3, NULL, NULL, NULL, NULL, NULL),
(497, '#', 18793, NULL, 'internal', 55, 3, NULL, NULL, NULL, NULL, NULL),
(498, '#', 18793, NULL, 'internal', 55, 3, NULL, NULL, NULL, NULL, NULL),
(499, '#', 18793, NULL, 'internal', 55, 3, NULL, NULL, NULL, NULL, NULL),
(500, '#', 18793, NULL, 'internal', 55, 3, NULL, NULL, NULL, NULL, NULL),
(501, '#', 18793, NULL, 'internal', 55, 3, NULL, NULL, NULL, NULL, NULL),
(502, 'https://www.facebook.com/', 18793, NULL, 'external', 55, NULL, NULL, NULL, NULL, NULL, NULL),
(503, 'https://www.twitch.tv', 18793, NULL, 'external', 55, NULL, NULL, NULL, NULL, NULL, NULL),
(504, 'http://instagram.com', 18793, NULL, 'external', 55, NULL, NULL, NULL, NULL, NULL, NULL),
(505, 'http://pinterest.com', 18793, NULL, 'external', 55, NULL, NULL, NULL, NULL, NULL, NULL),
(506, 'http://youtube.com', 18793, NULL, 'external', 55, NULL, NULL, NULL, NULL, NULL, NULL),
(507, 'https://demo2wpopal.b-cdn.net/humani/', 18793, NULL, 'external', 55, NULL, NULL, NULL, NULL, NULL, NULL),
(508, '#', 18793, NULL, 'internal', 55, 3, NULL, NULL, NULL, NULL, NULL),
(509, '#', 18793, NULL, 'internal', 55, 3, NULL, NULL, NULL, NULL, NULL),
(510, '#', 18793, NULL, 'internal', 55, 3, NULL, NULL, NULL, NULL, NULL),
(511, '#', 18793, NULL, 'internal', 55, 3, NULL, NULL, NULL, NULL, NULL),
(512, '#', 18793, NULL, 'internal', 55, 3, NULL, NULL, NULL, NULL, NULL),
(513, '#', 18793, NULL, 'internal', 55, 3, NULL, NULL, NULL, NULL, NULL),
(514, 'https://amuno.org/wp-content/uploads/2021/05/logo-white.svg', 18793, 3480, 'image-in', 55, NULL, 32, 159, 3855, NULL, NULL),
(515, 'mailto:support@example.com', 19267, NULL, 'external', 56, NULL, NULL, NULL, NULL, NULL, NULL),
(516, '#', 19267, NULL, 'internal', 56, 3, NULL, NULL, NULL, NULL, NULL),
(517, '#', 19267, NULL, 'internal', 56, 3, NULL, NULL, NULL, NULL, NULL),
(518, '#', 19267, NULL, 'internal', 56, 3, NULL, NULL, NULL, NULL, NULL),
(519, '#', 19267, NULL, 'internal', 56, 3, NULL, NULL, NULL, NULL, NULL),
(520, 'https://amuno.org', 19267, 186, 'internal', 56, 1, NULL, NULL, NULL, NULL, NULL),
(521, 'https://amuno.org/', 19267, NULL, 'internal', 56, 3, NULL, NULL, NULL, NULL, NULL),
(522, '#', 19267, NULL, 'internal', 56, 3, NULL, NULL, NULL, NULL, NULL),
(523, 'https://amuno.org/about-whoweare/', 19267, 10615, 'internal', 56, 39, NULL, NULL, NULL, NULL, NULL),
(524, 'https://amuno.org/about-core/', 19267, 6412, 'internal', 56, 40, NULL, NULL, NULL, NULL, NULL),
(525, 'https://amuno.org/our-team/', 19267, 12338, 'internal', 56, 41, NULL, NULL, NULL, NULL, NULL),
(526, 'https://amuno.org/about-history/', 19267, 5897, 'internal', 56, 42, NULL, NULL, NULL, NULL, NULL),
(527, 'https://amuno.org/about-whatwedo/', 19267, 8800, 'internal', 56, 43, NULL, NULL, NULL, NULL, NULL),
(528, '#', 19267, NULL, 'internal', 56, 3, NULL, NULL, NULL, NULL, NULL),
(529, 'https://amuno.org/volunteer/', 19267, 12607, 'internal', 56, 44, NULL, NULL, NULL, NULL, NULL),
(530, 'https://amuno.org/frequently-asked-questions/', 19267, 11183, 'internal', 56, 45, NULL, NULL, NULL, NULL, NULL),
(531, 'https://amuno.org/contact-us/', 19267, 11063, 'internal', 56, 46, NULL, NULL, NULL, NULL, NULL),
(532, 'https://amuno.org/wp-login.php', 19267, NULL, 'internal', 56, NULL, NULL, NULL, NULL, NULL, NULL),
(533, '#', 19267, NULL, 'internal', 56, 3, NULL, NULL, NULL, NULL, NULL),
(534, 'https://amuno.org', 19267, 186, 'internal', 56, 1, NULL, NULL, NULL, NULL, NULL),
(535, 'https://amuno.org/wp-content/uploads/2022/12/logo18.svg', 19267, 19291, 'image-in', 56, NULL, 32, 159, 5472, NULL, NULL),
(536, 'https://amuno.org', 8044, 186, 'internal', 138, 1, NULL, NULL, NULL, NULL, NULL),
(537, 'https://amuno.org/blog/', 8044, 184, 'internal', 138, 113, NULL, NULL, NULL, NULL, NULL),
(538, 'https://amuno.org', 8044, 186, 'internal', 138, 1, NULL, NULL, NULL, NULL, NULL),
(539, 'https://amuno.org/blog/', 8044, 184, 'internal', 138, 113, NULL, NULL, NULL, NULL, NULL),
(540, 'https://demo2wpopal.b-cdn.net/humani/wp-admin/', 19292, NULL, 'external', 140, NULL, NULL, NULL, NULL, NULL, NULL),
(541, 'https://amuno.org/volunteer/', 186, 12607, 'internal', 1, 44, NULL, NULL, NULL, NULL, NULL),
(542, 'https://amuno.org/about-whoweare/', 186, 10615, 'internal', 1, 39, NULL, NULL, NULL, NULL, NULL),
(543, 'https://amuno.org/about-whatwedo/', 186, 8800, 'internal', 1, 43, NULL, NULL, NULL, NULL, NULL),
(544, 'https://amuno.org/about-whatwedo/', 186, 8800, 'internal', 1, 43, NULL, NULL, NULL, NULL, NULL),
(545, 'https://amuno.org/about-whatwedo/', 186, 8800, 'internal', 1, 43, NULL, NULL, NULL, NULL, NULL),
(546, 'https://amuno.org/volunteer/', 186, 12607, 'internal', 1, 44, NULL, NULL, NULL, NULL, NULL),
(547, 'https://amuno.org/contact-us/', 186, 11063, 'internal', 1, 46, NULL, NULL, NULL, NULL, NULL),
(548, 'https://amuno.org/donate-2/', 186, 13349, 'internal', 1, 66, NULL, NULL, NULL, NULL, NULL),
(549, 'https://amuno.org/about-whatwedo/', 186, 8800, 'internal', 1, 43, NULL, NULL, NULL, NULL, NULL),
(550, 'https://amuno.org/about-whatwedo/', 186, 8800, 'internal', 1, 43, NULL, NULL, NULL, NULL, NULL),
(551, '#', 186, NULL, 'internal', 1, 3, NULL, NULL, NULL, NULL, NULL),
(552, '#', 186, NULL, 'internal', 1, 3, NULL, NULL, NULL, NULL, NULL),
(553, '#', 186, NULL, 'internal', 1, 3, NULL, NULL, NULL, NULL, NULL),
(554, '#', 186, NULL, 'internal', 1, 3, NULL, NULL, NULL, NULL, NULL),
(555, '#', 186, NULL, 'internal', 1, 3, NULL, NULL, NULL, NULL, NULL),
(556, '#', 186, NULL, 'internal', 1, 3, NULL, NULL, NULL, NULL, NULL),
(557, '#', 186, NULL, 'internal', 1, 3, NULL, NULL, NULL, NULL, NULL),
(558, '#', 186, NULL, 'internal', 1, 3, NULL, NULL, NULL, NULL, NULL),
(559, '#', 186, NULL, 'internal', 1, 3, NULL, NULL, NULL, NULL, NULL),
(560, '#', 186, NULL, 'internal', 1, 3, NULL, NULL, NULL, NULL, NULL),
(561, '#', 186, NULL, 'internal', 1, 3, NULL, NULL, NULL, NULL, NULL),
(562, '#', 186, NULL, 'internal', 1, 3, NULL, NULL, NULL, NULL, NULL),
(563, '#', 186, NULL, 'internal', 1, 3, NULL, NULL, NULL, NULL, NULL),
(564, '#', 186, NULL, 'internal', 1, 3, NULL, NULL, NULL, NULL, NULL),
(565, '#', 186, NULL, 'internal', 1, 3, NULL, NULL, NULL, NULL, NULL),
(822, 'https://i0.wp.com/amuno.org/wp-content/uploads/2024/03/techsoup-logo.jpg?resize=400%2C400&amp;ssl=1', 186, NULL, 'image-ex', 1, NULL, NULL, NULL, NULL, NULL, NULL),
(821, 'https://i0.wp.com/amuno.org/wp-content/uploads/2024/03/Benevity_logo.svg.jpg?resize=400%2C400&amp;ssl=1', 186, NULL, 'image-ex', 1, NULL, NULL, NULL, NULL, NULL, NULL),
(820, 'https://i0.wp.com/amuno.org/wp-content/uploads/2024/03/Implicit-Effect.png?resize=400%2C400&amp;ssl=1', 186, NULL, 'image-ex', 1, NULL, NULL, NULL, NULL, NULL, NULL),
(819, 'https://i0.wp.com/amuno.org/wp-content/uploads/2024/03/TATCO.jpg?resize=400%2C400&amp;ssl=1', 186, NULL, 'image-ex', 1, NULL, NULL, NULL, NULL, NULL, NULL),
(818, 'https://i0.wp.com/amuno.org/wp-content/uploads/2024/03/Maji-Mazuri.png?resize=400%2C400&amp;ssl=1', 186, NULL, 'image-ex', 1, NULL, NULL, NULL, NULL, NULL, NULL),
(817, 'https://i0.wp.com/amuno.org/wp-content/uploads/2024/03/ITTF.png?resize=400%2C400&amp;ssl=1', 186, NULL, 'image-ex', 1, NULL, NULL, NULL, NULL, NULL, NULL),
(816, 'https://i0.wp.com/amuno.org/wp-content/uploads/2024/03/IBP.png?resize=400%2C400&amp;ssl=1', 186, NULL, 'image-ex', 1, NULL, NULL, NULL, NULL, NULL, NULL),
(815, 'https://i0.wp.com/amuno.org/wp-content/uploads/2024/03/GlobalGiving.jpg?resize=400%2C400&amp;ssl=1', 186, NULL, 'image-ex', 1, NULL, NULL, NULL, NULL, NULL, NULL),
(814, 'https://i0.wp.com/amuno.org/wp-content/uploads/2024/03/StepbyStep.png?resize=400%2C400&amp;ssl=1', 186, NULL, 'image-ex', 1, NULL, NULL, NULL, NULL, NULL, NULL),
(813, 'https://i0.wp.com/amuno.org/wp-content/uploads/2024/03/Afara.png?resize=400%2C400&amp;ssl=1', 186, NULL, 'image-ex', 1, NULL, NULL, NULL, NULL, NULL, NULL),
(812, 'https://i0.wp.com/amuno.org/wp-content/uploads/2024/03/African-Library-Project.jpg?resize=400%2C400&amp;ssl=1', 186, NULL, 'image-ex', 1, NULL, NULL, NULL, NULL, NULL, NULL),
(811, 'https://i0.wp.com/amuno.org/wp-content/uploads/2024/03/DrLuppa.png?resize=400%2C400&amp;ssl=1', 186, NULL, 'image-ex', 1, NULL, NULL, NULL, NULL, NULL, NULL),
(810, 'https://i0.wp.com/amuno.org/wp-content/uploads/2024/03/Read-to-learn-foundation.jpeg?resize=400%2C400&amp;ssl=1', 186, NULL, 'image-ex', 1, NULL, NULL, NULL, NULL, NULL, NULL),
(809, 'https://i0.wp.com/amuno.org/wp-content/uploads/2024/03/GFC.png?resize=400%2C400&amp;ssl=1', 186, NULL, 'image-ex', 1, NULL, NULL, NULL, NULL, NULL, NULL),
(808, 'https://i0.wp.com/amuno.org/wp-content/uploads/2024/03/IFF-logo.png?resize=400%2C400&amp;ssl=1', 186, NULL, 'image-ex', 1, NULL, NULL, NULL, NULL, NULL, NULL),
(807, 'https://i0.wp.com/amuno.org/wp-content/uploads/2024/03/Impact.png?resize=494%2C558&amp;ssl=1', 186, NULL, 'image-ex', 1, NULL, NULL, NULL, NULL, NULL, NULL),
(806, 'https://i0.wp.com/amuno.org/wp-content/uploads/2021/05/h1_shape-3.png?resize=824%2C702&amp;ssl=1', 186, NULL, 'image-ex', 1, NULL, NULL, NULL, NULL, NULL, NULL),
(805, 'https://i0.wp.com/amuno.org/wp-content/uploads/2024/03/hd1-home.png?resize=640%2C586&amp;ssl=1', 186, NULL, 'image-ex', 1, NULL, NULL, NULL, NULL, NULL, NULL),
(804, 'https://i0.wp.com/amuno.org/wp-content/uploads/2021/05/h1_shape-1.png?resize=836%2C757&amp;ssl=1', 186, NULL, 'image-ex', 1, NULL, NULL, NULL, NULL, NULL, NULL),
(588, 'https://amuno.org/about-whatwedo/', 6412, 8800, 'internal', 40, 43, NULL, NULL, NULL, NULL, NULL),
(589, 'https://amuno.org/donate-2/', 6412, 13349, 'internal', 40, 66, NULL, NULL, NULL, NULL, NULL),
(590, 'https://amuno.org/contact-us/', 6412, 11063, 'internal', 40, 46, NULL, NULL, NULL, NULL, NULL),
(591, 'https://i0.wp.com/amuno.org/wp-content/uploads/2024/03/core-value.jpg?fit=509%2C339&amp;ssl=1', 6412, NULL, 'image-ex', 40, NULL, NULL, NULL, NULL, NULL, NULL),
(592, 'https://i0.wp.com/amuno.org/wp-content/uploads/2024/03/core-values1.jpg?fit=509%2C339&amp;ssl=1', 6412, NULL, 'image-ex', 40, NULL, NULL, NULL, NULL, NULL, NULL),
(593, 'https://i0.wp.com/amuno.org/wp-content/uploads/2024/03/Bukedea-Map.jpg?fit=761%2C423&amp;ssl=1', 8800, NULL, 'image-ex', 43, NULL, NULL, NULL, NULL, NULL, NULL),
(594, 'https://amuno.org/donations/support-our-team/', 9951, 19960, 'internal', 147, 59, NULL, NULL, NULL, NULL, NULL),
(595, 'https://amuno.org/donations/support-a-family/', 9951, 19938, 'internal', 147, 58, NULL, NULL, NULL, NULL, NULL),
(596, 'https://amuno.org/donations/sponsor-a-child/', 9951, 19921, 'internal', 147, 57, NULL, NULL, NULL, NULL, NULL),
(597, 'https://amuno.org/donations/support-our-team/', 9953, 19960, 'internal', 148, 59, NULL, NULL, NULL, NULL, NULL),
(598, 'https://amuno.org/donations/support-a-family/', 9953, 19938, 'internal', 148, 58, NULL, NULL, NULL, NULL, NULL),
(599, 'https://amuno.org/donations/sponsor-a-child/', 9953, 19921, 'internal', 148, 57, NULL, NULL, NULL, NULL, NULL),
(600, 'https://amuno.org/donations/support-our-team/', 9955, 19960, 'internal', 149, 59, NULL, NULL, NULL, NULL, NULL),
(601, 'https://amuno.org/donations/support-a-family/', 9955, 19938, 'internal', 149, 58, NULL, NULL, NULL, NULL, NULL),
(602, 'https://amuno.org/donations/sponsor-a-child/', 9955, 19921, 'internal', 149, 57, NULL, NULL, NULL, NULL, NULL),
(603, 'https://amuno.org/donations/support-our-team/', 10034, 19960, 'internal', 150, 59, NULL, NULL, NULL, NULL, NULL),
(604, 'https://amuno.org/donations/support-a-family/', 10034, 19938, 'internal', 150, 58, NULL, NULL, NULL, NULL, NULL),
(605, 'https://amuno.org/donations/sponsor-a-child/', 10034, 19921, 'internal', 150, 57, NULL, NULL, NULL, NULL, NULL),
(606, 'https://amuno.org/tag/bread/', 10034, NULL, 'internal', 150, 5, NULL, NULL, NULL, NULL, NULL),
(607, 'https://amuno.org/tag/fruits/', 10034, NULL, 'internal', 150, 32, NULL, NULL, NULL, NULL, NULL),
(608, 'https://amuno.org/tag/healthy/', 10034, NULL, 'internal', 150, 33, NULL, NULL, NULL, NULL, NULL),
(609, 'https://amuno.org/tag/juices/', 10034, NULL, 'internal', 150, 34, NULL, NULL, NULL, NULL, NULL),
(610, 'https://amuno.org/tag/meat/', 10034, NULL, 'internal', 150, 35, NULL, NULL, NULL, NULL, NULL),
(611, 'https://amuno.org/tag/natural/', 10034, NULL, 'internal', 150, 47, NULL, NULL, NULL, NULL, NULL),
(612, 'https://amuno.org/tag/organic/', 10034, NULL, 'internal', 150, 63, NULL, NULL, NULL, NULL, NULL),
(613, 'https://amuno.org/tag/tomato/', 10034, NULL, 'internal', 150, 64, NULL, NULL, NULL, NULL, NULL),
(614, 'https://amuno.org/tag/vegetables/', 10034, NULL, 'internal', 150, 65, NULL, NULL, NULL, NULL, NULL),
(615, 'https://amuno.org/tag/bread/', 10034, NULL, 'internal', 150, 5, NULL, NULL, NULL, NULL, NULL),
(616, 'https://amuno.org/tag/fruits/', 10034, NULL, 'internal', 150, 32, NULL, NULL, NULL, NULL, NULL),
(617, 'https://amuno.org/tag/healthy/', 10034, NULL, 'internal', 150, 33, NULL, NULL, NULL, NULL, NULL),
(618, 'https://amuno.org/tag/juices/', 10034, NULL, 'internal', 150, 34, NULL, NULL, NULL, NULL, NULL),
(619, 'https://amuno.org/tag/meat/', 10034, NULL, 'internal', 150, 35, NULL, NULL, NULL, NULL, NULL),
(620, 'https://amuno.org/tag/natural/', 10034, NULL, 'internal', 150, 47, NULL, NULL, NULL, NULL, NULL),
(621, 'https://amuno.org/tag/organic/', 10034, NULL, 'internal', 150, 63, NULL, NULL, NULL, NULL, NULL),
(622, 'https://amuno.org/tag/tomato/', 10034, NULL, 'internal', 150, 64, NULL, NULL, NULL, NULL, NULL),
(623, 'https://amuno.org/tag/vegetables/', 10034, NULL, 'internal', 150, 65, NULL, NULL, NULL, NULL, NULL),
(624, 'https://amuno.org/about-whatwedo/', 10615, 8800, 'internal', 39, 43, NULL, NULL, NULL, NULL, NULL),
(625, 'https://amuno.org/about-whatwedo/', 10615, 8800, 'internal', 39, 43, NULL, NULL, NULL, NULL, NULL),
(626, 'https://amuno.org/our-team/', 10615, 12338, 'internal', 39, 41, NULL, NULL, NULL, NULL, NULL),
(627, '#', 10615, NULL, 'internal', 39, 3, NULL, NULL, NULL, NULL, NULL),
(628, '#', 10615, NULL, 'internal', 39, 3, NULL, NULL, NULL, NULL, NULL),
(629, 'https://amuno.org/donate-2/', 10615, 13349, 'internal', 39, 66, NULL, NULL, NULL, NULL, NULL),
(630, 'https://amuno.org/volunteer/', 10615, 12607, 'internal', 39, 44, NULL, NULL, NULL, NULL, NULL),
(631, 'https://i0.wp.com/amuno.org/wp-content/uploads/2021/05/Ab_whoweare_03.png?fit=737%2C582&amp;ssl=1', 10615, NULL, 'image-ex', 39, NULL, NULL, NULL, NULL, NULL, NULL),
(632, 'https://i0.wp.com/amuno.org/wp-content/uploads/2024/03/about-usbbb.png?fit=568%2C587&amp;ssl=1', 10615, NULL, 'image-ex', 39, NULL, NULL, NULL, NULL, NULL, NULL),
(633, 'https://i0.wp.com/amuno.org/wp-content/uploads/2024/03/abt-mission.jpg?fit=410%2C180&amp;ssl=1', 10615, NULL, 'image-ex', 39, NULL, NULL, NULL, NULL, NULL, NULL),
(634, 'https://i0.wp.com/amuno.org/wp-content/uploads/2024/03/abt-value.jpg?fit=405%2C178&amp;ssl=1', 10615, NULL, 'image-ex', 39, NULL, NULL, NULL, NULL, NULL, NULL),
(635, 'https://i0.wp.com/amuno.org/wp-content/uploads/2024/03/abt-vision.jpg?fit=408%2C181&amp;ssl=1', 10615, NULL, 'image-ex', 39, NULL, NULL, NULL, NULL, NULL, NULL),
(636, 'mailto:info@amuno.org', 11063, NULL, 'external', 46, NULL, NULL, NULL, NULL, NULL, NULL),
(637, 'https://wa.me/256742035794?text=Welcome%20to%20the%20Amuno%20Questions%20&#038;%20Answers!%20%F0%9F%8C%9F%20This%20is%20a%20space%20where%20you%20can%20ask%20anything%20and%20everything%20about%20Amuno.%20Whether%20you&#039;re%20curious%20about%20our%20mi', 11063, NULL, 'external', 46, NULL, NULL, NULL, NULL, NULL, NULL),
(638, 'https://www.facebook.com/amunoruralhub', 11063, NULL, 'external', 46, NULL, NULL, NULL, NULL, NULL, NULL),
(639, 'https://twitter.com/AmunoRuralHub', 11063, NULL, 'external', 46, NULL, NULL, NULL, NULL, NULL, NULL),
(640, 'https://instagram.com/amunoruralhub', 11063, NULL, 'external', 46, NULL, NULL, NULL, NULL, NULL, NULL),
(641, 'https://linkedin.com/company/amunoruralhub', 11063, NULL, 'external', 46, NULL, NULL, NULL, NULL, NULL, NULL),
(642, 'https://amuno.org/about-whatwedo/', 11183, 8800, 'internal', 45, 43, NULL, NULL, NULL, NULL, NULL),
(643, 'https://amuno.org/volunteer/', 11183, 12607, 'internal', 45, 44, NULL, NULL, NULL, NULL, NULL),
(644, 'https://amuno.org/about-whatwedo/', 11183, 8800, 'internal', 45, 43, NULL, NULL, NULL, NULL, NULL),
(645, 'https://amuno.org/wp-content/uploads/2024/03/Amuno-Certificate-Permit.pdf', 11183, NULL, 'internal', 45, NULL, NULL, NULL, NULL, NULL, NULL),
(646, 'https://amuno.org/wp-content/uploads/2024/03/Amuno-Anti-Fraud-and-Anti-Corruption-Policy-23.01.2021.pdf', 11183, NULL, 'internal', 45, NULL, NULL, NULL, NULL, NULL, NULL),
(647, 'https://amuno.org/about-whoweare/', 11183, 10615, 'internal', 45, 39, NULL, NULL, NULL, NULL, NULL),
(648, 'https://amuno.org/donate-2/', 11183, 13349, 'internal', 45, 66, NULL, NULL, NULL, NULL, NULL),
(649, 'https://www.facebook.com', 12338, NULL, 'external', 41, NULL, NULL, NULL, NULL, NULL, NULL),
(650, 'https://www.youtube.com', 12338, NULL, 'external', 41, NULL, NULL, NULL, NULL, NULL, NULL),
(651, 'https://www.youtube.com', 12338, NULL, 'external', 41, NULL, NULL, NULL, NULL, NULL, NULL),
(652, 'https://www.youtube.com', 12338, NULL, 'external', 41, NULL, NULL, NULL, NULL, NULL, NULL),
(653, 'https://www.facebook.com', 12338, NULL, 'external', 41, NULL, NULL, NULL, NULL, NULL, NULL),
(654, 'https://www.facebook.com', 12338, NULL, 'external', 41, NULL, NULL, NULL, NULL, NULL, NULL),
(655, 'https://www.facebook.com', 12338, NULL, 'external', 41, NULL, NULL, NULL, NULL, NULL, NULL),
(656, 'https://www.youtube.com', 12338, NULL, 'external', 41, NULL, NULL, NULL, NULL, NULL, NULL),
(657, 'https://www.youtube.com', 12338, NULL, 'external', 41, NULL, NULL, NULL, NULL, NULL, NULL),
(658, 'https://www.youtube.com', 12338, NULL, 'external', 41, NULL, NULL, NULL, NULL, NULL, NULL),
(659, 'https://www.facebook.com', 12338, NULL, 'external', 41, NULL, NULL, NULL, NULL, NULL, NULL),
(660, 'https://www.youtube.com', 12338, NULL, 'external', 41, NULL, NULL, NULL, NULL, NULL, NULL),
(661, 'https://www.youtube.com', 12338, NULL, 'external', 41, NULL, NULL, NULL, NULL, NULL, NULL),
(662, 'https://www.youtube.com', 12338, NULL, 'external', 41, NULL, NULL, NULL, NULL, NULL, NULL),
(663, 'https://www.facebook.com', 12338, NULL, 'external', 41, NULL, NULL, NULL, NULL, NULL, NULL),
(664, 'https://www.youtube.com', 12338, NULL, 'external', 41, NULL, NULL, NULL, NULL, NULL, NULL),
(665, 'https://www.youtube.com', 12338, NULL, 'external', 41, NULL, NULL, NULL, NULL, NULL, NULL),
(666, 'https://www.youtube.com', 12338, NULL, 'external', 41, NULL, NULL, NULL, NULL, NULL, NULL),
(667, 'https://www.facebook.com', 12338, NULL, 'external', 41, NULL, NULL, NULL, NULL, NULL, NULL),
(668, 'https://www.facebook.com', 12338, NULL, 'external', 41, NULL, NULL, NULL, NULL, NULL, NULL),
(669, 'https://www.facebook.com', 12338, NULL, 'external', 41, NULL, NULL, NULL, NULL, NULL, NULL),
(670, 'https://www.youtube.com', 12338, NULL, 'external', 41, NULL, NULL, NULL, NULL, NULL, NULL),
(671, 'https://www.youtube.com', 12338, NULL, 'external', 41, NULL, NULL, NULL, NULL, NULL, NULL),
(672, 'https://www.youtube.com', 12338, NULL, 'external', 41, NULL, NULL, NULL, NULL, NULL, NULL),
(673, 'https://www.facebook.com', 12338, NULL, 'external', 41, NULL, NULL, NULL, NULL, NULL, NULL),
(674, 'https://www.youtube.com', 12338, NULL, 'external', 41, NULL, NULL, NULL, NULL, NULL, NULL),
(675, 'https://www.youtube.com', 12338, NULL, 'external', 41, NULL, NULL, NULL, NULL, NULL, NULL),
(676, 'https://www.youtube.com', 12338, NULL, 'external', 41, NULL, NULL, NULL, NULL, NULL, NULL),
(677, 'https://www.facebook.com', 12338, NULL, 'external', 41, NULL, NULL, NULL, NULL, NULL, NULL),
(678, 'https://www.youtube.com', 12338, NULL, 'external', 41, NULL, NULL, NULL, NULL, NULL, NULL),
(679, 'https://www.youtube.com', 12338, NULL, 'external', 41, NULL, NULL, NULL, NULL, NULL, NULL),
(680, 'https://www.youtube.com', 12338, NULL, 'external', 41, NULL, NULL, NULL, NULL, NULL, NULL),
(681, 'https://www.facebook.com', 12338, NULL, 'external', 41, NULL, NULL, NULL, NULL, NULL, NULL),
(682, 'https://www.facebook.com', 12338, NULL, 'external', 41, NULL, NULL, NULL, NULL, NULL, NULL),
(683, 'https://www.facebook.com', 12338, NULL, 'external', 41, NULL, NULL, NULL, NULL, NULL, NULL),
(684, 'https://www.youtube.com', 12338, NULL, 'external', 41, NULL, NULL, NULL, NULL, NULL, NULL),
(685, 'https://www.youtube.com', 12338, NULL, 'external', 41, NULL, NULL, NULL, NULL, NULL, NULL),
(686, 'https://www.youtube.com', 12338, NULL, 'external', 41, NULL, NULL, NULL, NULL, NULL, NULL),
(687, 'https://www.facebook.com', 12338, NULL, 'external', 41, NULL, NULL, NULL, NULL, NULL, NULL),
(688, 'https://www.youtube.com', 12338, NULL, 'external', 41, NULL, NULL, NULL, NULL, NULL, NULL),
(689, 'https://www.youtube.com', 12338, NULL, 'external', 41, NULL, NULL, NULL, NULL, NULL, NULL),
(690, 'https://www.youtube.com', 12338, NULL, 'external', 41, NULL, NULL, NULL, NULL, NULL, NULL),
(829, 'https://i0.wp.com/amuno.org/wp-content/uploads/2024/03/Suzan1.jpg?resize=600%2C720&amp;ssl=1', 12338, NULL, 'image-ex', 41, NULL, NULL, NULL, NULL, NULL, NULL),
(828, 'https://i0.wp.com/amuno.org/wp-content/uploads/2024/03/Patricia1.jpg?resize=600%2C720&amp;ssl=1', 12338, NULL, 'image-ex', 41, NULL, NULL, NULL, NULL, NULL, NULL),
(827, 'https://i0.wp.com/amuno.org/wp-content/uploads/2024/03/toni1.jpg?resize=600%2C720&amp;ssl=1', 12338, NULL, 'image-ex', 41, NULL, NULL, NULL, NULL, NULL, NULL),
(826, 'https://i0.wp.com/amuno.org/wp-content/uploads/2024/03/stefan.png?resize=600%2C720&amp;ssl=1', 12338, NULL, 'image-ex', 41, NULL, NULL, NULL, NULL, NULL, NULL),
(825, 'https://i0.wp.com/amuno.org/wp-content/uploads/2024/03/Banesa.jpg?resize=600%2C720&amp;ssl=1', 12338, NULL, 'image-ex', 41, NULL, NULL, NULL, NULL, NULL, NULL),
(824, 'https://i0.wp.com/amuno.org/wp-content/uploads/2024/03/Macho.jpg?resize=600%2C720&amp;ssl=1', 12338, NULL, 'image-ex', 41, NULL, NULL, NULL, NULL, NULL, NULL),
(823, 'https://i0.wp.com/amuno.org/wp-content/uploads/2024/03/maren.png?resize=600%2C720&amp;ssl=1', 12338, NULL, 'image-ex', 41, NULL, NULL, NULL, NULL, NULL, NULL),
(703, 'https://i0.wp.com/amuno.org/wp-content/uploads/2021/06/Volunteer_02.png?fit=738%2C624&amp;ssl=1', 12607, NULL, 'image-ex', 44, NULL, NULL, NULL, NULL, NULL, NULL),
(704, 'https://i0.wp.com/amuno.org/wp-content/uploads/2024/03/Teresa-volunteer.png?fit=573%2C692&amp;ssl=1', 12607, NULL, 'image-ex', 44, NULL, NULL, NULL, NULL, NULL, NULL),
(705, 'https://amuno.org/wp-login.php?action=lostpassword', 13090, NULL, 'internal', 151, NULL, NULL, NULL, NULL, NULL, NULL),
(706, 'https://demo2wpopal.b-cdn.net/humani/police-department-recognition-award', 13258, NULL, 'external', 152, NULL, NULL, NULL, NULL, NULL, NULL),
(707, 'https://demo2wpopal.b-cdn.net/humani/police-department-recognition-award', 13258, NULL, 'external', 152, NULL, NULL, NULL, NULL, NULL, NULL),
(708, 'https://demo2wpopal.b-cdn.net/humani/police-department-recognition-award', 13258, NULL, 'external', 152, NULL, NULL, NULL, NULL, NULL, NULL),
(709, 'https://demo2wpopal.b-cdn.net/humani/stories/', 13258, NULL, 'external', 152, NULL, NULL, NULL, NULL, NULL, NULL),
(710, 'https://demo2wpopal.b-cdn.net/humani/stories/', 13258, NULL, 'external', 152, NULL, NULL, NULL, NULL, NULL, NULL),
(711, 'https://demo2wpopal.b-cdn.net/humani/how-crowdfunding-benefits/', 13258, NULL, 'external', 152, NULL, NULL, NULL, NULL, NULL, NULL),
(712, 'https://demo2wpopal.b-cdn.net/humani/how-crowdfunding-benefits/', 13258, NULL, 'external', 152, NULL, NULL, NULL, NULL, NULL, NULL),
(713, 'https://demo2wpopal.b-cdn.net/humani/police-department-recognition-award', 13258, NULL, 'external', 152, NULL, NULL, NULL, NULL, NULL, NULL),
(714, 'https://demo2wpopal.b-cdn.net/humani/police-department-recognition-award', 13258, NULL, 'external', 152, NULL, NULL, NULL, NULL, NULL, NULL),
(715, 'https://demo2wpopal.b-cdn.net/humani/police-department-recognition-award', 13258, NULL, 'external', 152, NULL, NULL, NULL, NULL, NULL, NULL),
(716, 'https://demo2wpopal.b-cdn.net/humani/police-department-recognition-award', 13258, NULL, 'external', 152, NULL, NULL, NULL, NULL, NULL, NULL),
(717, 'https://demo2wpopal.b-cdn.net/humani/how-crowdfunding-benefits/', 13258, NULL, 'external', 152, NULL, NULL, NULL, NULL, NULL, NULL),
(718, 'https://demo2wpopal.b-cdn.net/humani/how-crowdfunding-benefits/', 13258, NULL, 'external', 152, NULL, NULL, NULL, NULL, NULL, NULL),
(719, 'https://demo2wpopal.b-cdn.net/humani/stories/', 13258, NULL, 'external', 152, NULL, NULL, NULL, NULL, NULL, NULL),
(720, 'https://demo2wpopal.b-cdn.net/humani/stories/', 13258, NULL, 'external', 152, NULL, NULL, NULL, NULL, NULL, NULL),
(721, 'https://demo2wpopal.b-cdn.net/humani/how-crowdfunding-benefits/', 13258, NULL, 'external', 152, NULL, NULL, NULL, NULL, NULL, NULL),
(722, 'https://demo2wpopal.b-cdn.net/humani/how-crowdfunding-benefits/', 13258, NULL, 'external', 152, NULL, NULL, NULL, NULL, NULL, NULL),
(723, 'https://demo2wpopal.b-cdn.net/humani/stories/', 13258, NULL, 'external', 152, NULL, NULL, NULL, NULL, NULL, NULL),
(724, 'https://demo2wpopal.b-cdn.net/humani/stories/', 13258, NULL, 'external', 152, NULL, NULL, NULL, NULL, NULL, NULL),
(725, 'https://i0.wp.com/amuno.org/wp-content/uploads/2021/06/stori-img1.jpg?fit=645%2C420&amp;ssl=1', 13258, NULL, 'image-ex', 152, NULL, NULL, NULL, NULL, NULL, NULL),
(726, 'https://i0.wp.com/demo2wpopal.b-cdn.net/humani/wp-content/uploads/2021/05/08-1.jpg?w=980&amp;ssl=1', 13258, NULL, 'image-ex', 152, NULL, NULL, NULL, NULL, NULL, NULL),
(727, 'https://i0.wp.com/demo2wpopal.b-cdn.net/humani/wp-content/uploads/2021/05/08-4.jpg?w=980&amp;ssl=1', 13258, NULL, 'image-ex', 152, NULL, NULL, NULL, NULL, NULL, NULL),
(728, 'https://i0.wp.com/demo2wpopal.b-cdn.net/humani/wp-content/uploads/2021/05/08-7.jpg?w=980&amp;ssl=1', 13258, NULL, 'image-ex', 152, NULL, NULL, NULL, NULL, NULL, NULL),
(729, 'https://i0.wp.com/demo2wpopal.b-cdn.net/humani/wp-content/uploads/2021/05/08-6.jpg?w=980&amp;ssl=1', 13258, NULL, 'image-ex', 152, NULL, NULL, NULL, NULL, NULL, NULL),
(730, 'https://i0.wp.com/demo2wpopal.b-cdn.net/humani/wp-content/uploads/2021/05/08-5.jpg?w=980&amp;ssl=1', 13258, NULL, 'image-ex', 152, NULL, NULL, NULL, NULL, NULL, NULL),
(731, 'https://i0.wp.com/demo2wpopal.b-cdn.net/humani/wp-content/uploads/2021/05/07-4.jpg?w=980&amp;ssl=1', 13258, NULL, 'image-ex', 152, NULL, NULL, NULL, NULL, NULL, NULL),
(732, 'https://i0.wp.com/amuno.org/wp-content/uploads/2021/05/01-7.jpg?fit=1024%2C682&amp;ssl=1', 13258, NULL, 'image-ex', 152, NULL, NULL, NULL, NULL, NULL, NULL),
(733, 'https://i0.wp.com/demo2wpopal.b-cdn.net/humani/wp-content/uploads/2021/05/02-5.jpg?w=980&amp;ssl=1', 13258, NULL, 'image-ex', 152, NULL, NULL, NULL, NULL, NULL, NULL),
(734, 'https://i0.wp.com/demo2wpopal.b-cdn.net/humani/wp-content/uploads/2021/05/02-7.jpg?w=980&amp;ssl=1', 13258, NULL, 'image-ex', 152, NULL, NULL, NULL, NULL, NULL, NULL),
(735, 'https://demo2wpopal.b-cdn.net/humani/', 13413, NULL, 'external', 153, NULL, NULL, NULL, NULL, NULL, NULL),
(736, 'https://demo2wpopal.b-cdn.net/humani/home-15/', 13413, NULL, 'external', 153, NULL, NULL, NULL, NULL, NULL, NULL),
(737, 'https://demo2wpopal.b-cdn.net/humani/home-16/', 13413, NULL, 'external', 153, NULL, NULL, NULL, NULL, NULL, NULL),
(738, 'https://demo2wpopal.b-cdn.net/humani/home-17/', 13413, NULL, 'external', 153, NULL, NULL, NULL, NULL, NULL, NULL),
(739, 'https://demo2wpopal.b-cdn.net/humani/home-18/', 13413, NULL, 'external', 153, NULL, NULL, NULL, NULL, NULL, NULL),
(740, 'https://demo2wpopal.b-cdn.net/humani/home-1/', 13413, NULL, 'external', 153, NULL, NULL, NULL, NULL, NULL, NULL),
(741, 'https://demo2wpopal.b-cdn.net/humani/home-2/', 13413, NULL, 'external', 153, NULL, NULL, NULL, NULL, NULL, NULL),
(742, 'https://demo2wpopal.b-cdn.net/humani/home-3/', 13413, NULL, 'external', 153, NULL, NULL, NULL, NULL, NULL, NULL),
(743, 'https://demo2wpopal.b-cdn.net/humani/home-4/', 13413, NULL, 'external', 153, NULL, NULL, NULL, NULL, NULL, NULL),
(744, 'https://demo2wpopal.b-cdn.net/humani/home-5/', 13413, NULL, 'external', 153, NULL, NULL, NULL, NULL, NULL, NULL),
(745, 'https://demo2wpopal.b-cdn.net/humani/home-6/', 13413, NULL, 'external', 153, NULL, NULL, NULL, NULL, NULL, NULL),
(746, 'https://demo2wpopal.b-cdn.net/humani/home-7/', 13413, NULL, 'external', 153, NULL, NULL, NULL, NULL, NULL, NULL),
(747, 'https://demo2wpopal.b-cdn.net/humani/home-8/', 13413, NULL, 'external', 153, NULL, NULL, NULL, NULL, NULL, NULL),
(748, 'https://demo2wpopal.b-cdn.net/humani/home-9/', 13413, NULL, 'external', 153, NULL, NULL, NULL, NULL, NULL, NULL),
(749, 'https://demo2wpopal.b-cdn.net/humani/home-10/', 13413, NULL, 'external', 153, NULL, NULL, NULL, NULL, NULL, NULL),
(750, 'https://demo2wpopal.b-cdn.net/humani/home-11/', 13413, NULL, 'external', 153, NULL, NULL, NULL, NULL, NULL, NULL),
(751, 'https://demo2wpopal.b-cdn.net/humani/home-12/', 13413, NULL, 'external', 153, NULL, NULL, NULL, NULL, NULL, NULL),
(752, 'https://demo2wpopal.b-cdn.net/humani/home-13/', 13413, NULL, 'external', 153, NULL, NULL, NULL, NULL, NULL, NULL),
(753, 'https://demo2wpopal.b-cdn.net/humani/home-14/', 13413, NULL, 'external', 153, NULL, NULL, NULL, NULL, NULL, NULL),
(754, 'https://demo2wpopal.b-cdn.net/humani/about-core/', 13413, NULL, 'external', 153, NULL, NULL, NULL, NULL, NULL, NULL),
(755, 'https://demo2wpopal.b-cdn.net/humani/about-whatwedo/', 13413, NULL, 'external', 153, NULL, NULL, NULL, NULL, NULL, NULL),
(756, 'https://demo2wpopal.b-cdn.net/humani/volunteer/', 13413, NULL, 'external', 153, NULL, NULL, NULL, NULL, NULL, NULL),
(757, 'https://demo2wpopal.b-cdn.net/humani/about-history/', 13413, NULL, 'external', 153, NULL, NULL, NULL, NULL, NULL, NULL),
(758, 'https://demo2wpopal.b-cdn.net/humani/about-whoweare/', 13413, NULL, 'external', 153, NULL, NULL, NULL, NULL, NULL, NULL),
(759, 'https://demo2wpopal.b-cdn.net/humani/police-department-recognition-award/', 13413, NULL, 'external', 153, NULL, NULL, NULL, NULL, NULL, NULL),
(760, 'https://demo2wpopal.b-cdn.net/humani/our-team/', 13413, NULL, 'external', 153, NULL, NULL, NULL, NULL, NULL, NULL),
(761, 'https://demo2wpopal.b-cdn.net/humani/inspring-stories/', 13413, NULL, 'external', 153, NULL, NULL, NULL, NULL, NULL, NULL),
(762, 'https://demo2wpopal.b-cdn.net/humani/pages-donate/', 13413, NULL, 'external', 153, NULL, NULL, NULL, NULL, NULL, NULL),
(763, '#', 13413, NULL, 'internal', 153, 3, NULL, NULL, NULL, NULL, NULL),
(764, 'https://amuno.org/wp-content/uploads/2021/05/logo-white.svg', 13413, 3480, 'image-in', 153, NULL, 32, 159, 3855, NULL, NULL),
(765, 'https://i0.wp.com/demo2wpopal.b-cdn.net/humani/wp-content/uploads/2022/12/ldp_home-15.jpg?w=980&amp;ssl=1', 13413, NULL, 'image-ex', 153, NULL, NULL, NULL, NULL, NULL, NULL),
(766, 'https://i0.wp.com/demo2wpopal.b-cdn.net/humani/wp-content/uploads/2022/12/ldp_home-16.jpg?w=980&amp;ssl=1', 13413, NULL, 'image-ex', 153, NULL, NULL, NULL, NULL, NULL, NULL),
(767, 'https://i0.wp.com/demo2wpopal.b-cdn.net/humani/wp-content/uploads/2022/12/ldp_home-17.jpg?w=980&amp;ssl=1', 13413, NULL, 'image-ex', 153, NULL, NULL, NULL, NULL, NULL, NULL),
(768, 'https://i0.wp.com/demo2wpopal.b-cdn.net/humani/wp-content/uploads/2022/12/ldp_home-18.jpg?w=980&amp;ssl=1', 13413, NULL, 'image-ex', 153, NULL, NULL, NULL, NULL, NULL, NULL),
(769, 'https://i0.wp.com/demo2wpopal.b-cdn.net/humani/wp-content/uploads/2021/06/ldp_home-1.jpg?w=980&amp;ssl=1', 13413, NULL, 'image-ex', 153, NULL, NULL, NULL, NULL, NULL, NULL),
(770, 'https://i0.wp.com/demo2wpopal.b-cdn.net/humani/wp-content/uploads/2021/06/ldp_home-2.jpg?w=980&amp;ssl=1', 13413, NULL, 'image-ex', 153, NULL, NULL, NULL, NULL, NULL, NULL),
(771, 'https://i0.wp.com/demo2wpopal.b-cdn.net/humani/wp-content/uploads/2021/06/ldp_home-3.jpg?w=980&amp;ssl=1', 13413, NULL, 'image-ex', 153, NULL, NULL, NULL, NULL, NULL, NULL),
(772, 'https://i0.wp.com/demo2wpopal.b-cdn.net/humani/wp-content/uploads/2021/06/ldp_home-4.jpg?w=980&amp;ssl=1', 13413, NULL, 'image-ex', 153, NULL, NULL, NULL, NULL, NULL, NULL),
(773, 'https://i0.wp.com/demo2wpopal.b-cdn.net/humani/wp-content/uploads/2021/06/ldp_home-5.jpg?w=980&amp;ssl=1', 13413, NULL, 'image-ex', 153, NULL, NULL, NULL, NULL, NULL, NULL),
(774, 'https://i0.wp.com/demo2wpopal.b-cdn.net/humani/wp-content/uploads/2021/06/ldp_home-6.jpg?w=980&amp;ssl=1', 13413, NULL, 'image-ex', 153, NULL, NULL, NULL, NULL, NULL, NULL),
(775, 'https://i0.wp.com/demo2wpopal.b-cdn.net/humani/wp-content/uploads/2021/06/ldp_home-7.jpg?w=980&amp;ssl=1', 13413, NULL, 'image-ex', 153, NULL, NULL, NULL, NULL, NULL, NULL),
(776, 'https://i0.wp.com/demo2wpopal.b-cdn.net/humani/wp-content/uploads/2021/06/ldp_home-8.jpg?w=980&amp;ssl=1', 13413, NULL, 'image-ex', 153, NULL, NULL, NULL, NULL, NULL, NULL),
(777, 'https://i0.wp.com/demo2wpopal.b-cdn.net/humani/wp-content/uploads/2021/06/ldp_home-9.jpg?w=980&amp;ssl=1', 13413, NULL, 'image-ex', 153, NULL, NULL, NULL, NULL, NULL, NULL),
(778, 'https://i0.wp.com/demo2wpopal.b-cdn.net/humani/wp-content/uploads/2021/06/ldp_home-10.jpg?w=980&amp;ssl=1', 13413, NULL, 'image-ex', 153, NULL, NULL, NULL, NULL, NULL, NULL),
(779, 'https://i0.wp.com/demo2wpopal.b-cdn.net/humani/wp-content/uploads/2021/06/ldp_home-11.jpg?w=980&amp;ssl=1', 13413, NULL, 'image-ex', 153, NULL, NULL, NULL, NULL, NULL, NULL),
(780, 'https://i0.wp.com/demo2wpopal.b-cdn.net/humani/wp-content/uploads/2021/06/ldp_home-12.jpg?w=980&amp;ssl=1', 13413, NULL, 'image-ex', 153, NULL, NULL, NULL, NULL, NULL, NULL),
(781, 'https://i0.wp.com/demo2wpopal.b-cdn.net/humani/wp-content/uploads/2021/06/ldp_home-13.jpg?w=980&amp;ssl=1', 13413, NULL, 'image-ex', 153, NULL, NULL, NULL, NULL, NULL, NULL),
(782, 'https://i0.wp.com/demo2wpopal.b-cdn.net/humani/wp-content/uploads/2021/06/ldp_home-14.jpg?w=980&amp;ssl=1', 13413, NULL, 'image-ex', 153, NULL, NULL, NULL, NULL, NULL, NULL),
(783, 'https://i0.wp.com/demo2wpopal.b-cdn.net/humani/wp-content/uploads/2021/06/ldp_img-1.png?w=980&amp;ssl=1', 13413, NULL, 'image-ex', 153, NULL, NULL, NULL, NULL, NULL, NULL),
(784, 'https://i0.wp.com/demo2wpopal.b-cdn.net/humani/wp-content/uploads/2021/06/ldp_page_about-core.jpg?w=980&amp;ssl=1', 13413, NULL, 'image-ex', 153, NULL, NULL, NULL, NULL, NULL, NULL),
(785, 'https://i0.wp.com/demo2wpopal.b-cdn.net/humani/wp-content/uploads/2021/06/ldp_page_about-whatwedo.jpg?w=980&amp;ssl=1', 13413, NULL, 'image-ex', 153, NULL, NULL, NULL, NULL, NULL, NULL),
(786, 'https://i0.wp.com/demo2wpopal.b-cdn.net/humani/wp-content/uploads/2021/06/ldp_page_volunteer.jpg?w=980&amp;ssl=1', 13413, NULL, 'image-ex', 153, NULL, NULL, NULL, NULL, NULL, NULL),
(787, 'https://i0.wp.com/demo2wpopal.b-cdn.net/humani/wp-content/uploads/2021/06/ldp_page_about-history.jpg?w=980&amp;ssl=1', 13413, NULL, 'image-ex', 153, NULL, NULL, NULL, NULL, NULL, NULL),
(788, 'https://i0.wp.com/demo2wpopal.b-cdn.net/humani/wp-content/uploads/2021/06/ldp_page_about-whoweare.jpg?w=980&amp;ssl=1', 13413, NULL, 'image-ex', 153, NULL, NULL, NULL, NULL, NULL, NULL),
(789, 'https://i0.wp.com/demo2wpopal.b-cdn.net/humani/wp-content/uploads/2021/06/ldp_page_stories-detail.jpg?w=980&amp;ssl=1', 13413, NULL, 'image-ex', 153, NULL, NULL, NULL, NULL, NULL, NULL),
(790, 'https://i0.wp.com/demo2wpopal.b-cdn.net/humani/wp-content/uploads/2021/06/ldp_page_about-team.jpg?w=980&amp;ssl=1', 13413, NULL, 'image-ex', 153, NULL, NULL, NULL, NULL, NULL, NULL),
(791, 'https://i0.wp.com/demo2wpopal.b-cdn.net/humani/wp-content/uploads/2021/06/ldp_page_stories.jpg?w=980&amp;ssl=1', 13413, NULL, 'image-ex', 153, NULL, NULL, NULL, NULL, NULL, NULL),
(792, 'https://i0.wp.com/demo2wpopal.b-cdn.net/humani/wp-content/uploads/2021/06/ldp_page_donate.jpg?w=980&amp;ssl=1', 13413, NULL, 'image-ex', 153, NULL, NULL, NULL, NULL, NULL, NULL),
(793, 'https://i0.wp.com/demo2wpopal.b-cdn.net/humani/wp-content/uploads/2021/06/ldp_img-2.png?w=980&amp;ssl=1', 13413, NULL, 'image-ex', 153, NULL, NULL, NULL, NULL, NULL, NULL),
(794, 'https://demo2wpopal.b-cdn.net/humani/contact-us/', 13448, NULL, 'external', 154, NULL, NULL, NULL, NULL, NULL, NULL),
(795, 'https://i0.wp.com/demo2wpopal.b-cdn.net/humani/wp-content/uploads/2021/05/08-4.jpg?w=980&amp;ssl=1', 13448, NULL, 'image-ex', 154, NULL, NULL, NULL, NULL, NULL, NULL),
(796, 'https://i0.wp.com/amuno.org/wp-content/uploads/2021/06/bg-stories.jpg?fit=408%2C378&amp;ssl=1', 13448, NULL, 'image-ex', 154, NULL, NULL, NULL, NULL, NULL, NULL),
(797, 'https://demo2wpopal.b-cdn.net/humani/contact-us/', 13530, NULL, 'external', 155, NULL, NULL, NULL, NULL, NULL, NULL),
(798, 'https://i0.wp.com/demo2wpopal.b-cdn.net/humani/wp-content/uploads/2021/05/08-1.jpg?w=980&amp;ssl=1', 13530, NULL, 'image-ex', 155, NULL, NULL, NULL, NULL, NULL, NULL),
(799, 'https://i0.wp.com/amuno.org/wp-content/uploads/2021/06/bg-stories.jpg?fit=408%2C378&amp;ssl=1', 13530, NULL, 'image-ex', 155, NULL, NULL, NULL, NULL, NULL, NULL),
(800, 'https://demo2wpopal.b-cdn.net/humani/contact-us/', 13541, NULL, 'external', 156, NULL, NULL, NULL, NULL, NULL, NULL),
(801, 'https://i0.wp.com/demo2wpopal.b-cdn.net/humani/wp-content/uploads/2021/05/08-7.jpg?w=980&amp;ssl=1', 13541, NULL, 'image-ex', 156, NULL, NULL, NULL, NULL, NULL, NULL),
(802, 'https://i0.wp.com/amuno.org/wp-content/uploads/2021/06/bg-stories.jpg?fit=408%2C378&amp;ssl=1', 13541, NULL, 'image-ex', 156, NULL, NULL, NULL, NULL, NULL, NULL),
(803, 'https://amuno.org/wp-admin/', 2, NULL, 'internal', 157, NULL, NULL, NULL, NULL, NULL, NULL),
(833, 'https://i0.wp.com/amuno.org/wp-content/uploads/2024/03/Super.jpg?resize=600%2C720&amp;ssl=1', 12338, NULL, 'image-ex', 41, NULL, NULL, NULL, NULL, NULL, NULL);

-- --------------------------------------------------------

